{"id":672,"date":"2016-10-15T10:33:16","date_gmt":"2016-10-15T08:33:16","guid":{"rendered":"http:\/\/agora.xtec.cat\/ceipjmarch\/?page_id=672"},"modified":"2016-11-09T15:27:27","modified_gmt":"2016-11-09T14:27:27","slug":"recollida-doli","status":"publish","type":"page","link":"https:\/\/agora.xtec.cat\/ceipjmarch\/projecte-educatiu\/projectes-descola-2\/recollida-doli\/","title":{"rendered":"Recollida d&#8217;oli"},"content":{"rendered":"<p style=\"text-align: justify;\">La recollida d&#8217;oli dom\u00e8stic \u00e9s una activitat que es realitza a l&#8217;escola Jacme March amb l&#8217;objeti<img loading=\"lazy\" decoding=\"async\" class=\"alignright\" src=\"http:\/\/blocs.xtec.cat\/segimoncomas12ev\/files\/2013\/03\/olinet.png\" alt=\"Resultat d'imatges de recollida d'oli\" width=\"135\" height=\"137\" \/>u de fomentar la consciencia mediambiental.<\/p>\n<p style=\"text-align: justify;\">En el cas que es vulgui participar en aquest projecte, s&#8217;ha de demanar a la consergeria el vostre env\u00e0s per recollir l&#8217;oli dom\u00e8stic usat. Un cop aquest env\u00e0s estigui ple s&#8217;haur\u00e0 de retornar al centre, que gestionar\u00e0 la seva reutilitzaci\u00f3.<\/p>\n<p>&nbsp;<\/p>\n","protected":false},"excerpt":{"rendered":"<p>La recollida d&#8217;oli dom\u00e8stic \u00e9s una activitat que es realitza a l&#8217;escola Jacme March amb l&#8217;objetiu de fomentar la consciencia mediambiental.<br \/>\nEn el cas que es vulgui participar en aquest projecte, s&#8217;ha de demanar a la consergeria el vostre env\u00e0s per recollir l&#8217;oli dom\u00e8stic usat. Un&hellip;  <a href=\"https:\/\/agora.xtec.cat\/ceipjmarch\/projecte-educatiu\/projectes-descola-2\/recollida-doli\/\" title=\"Read Recollida d&#8217;oli\">Llegeix m\u00e9s\u00bb<\/a><\/p>\n","protected":false},"author":1,"featured_media":0,"parent":527,"menu_order":13,"comment_status":"closed","ping_status":"closed","template":"page-templates\/side-menu.php","meta":{"_bbp_topic_count":0,"_bbp_reply_count":0,"_bbp_total_topic_count":0,"_bbp_total_reply_count":0,"_bbp_voice_count":0,"_bbp_anonymous_reply_count":0,"_bbp_topic_count_hidden":0,"_bbp_reply_count_hidden":0,"_bbp_forum_subforum_count":0,"footnotes":""},"class_list":["post-672","page","type-page","status-publish","hentry"],"post_mailing_queue_ids":[],"_links":{"self":[{"href":"https:\/\/agora.xtec.cat\/ceipjmarch\/wp-json\/wp\/v2\/pages\/672","targetHints":{"allow":["GET"]}}],"collection":[{"href":"https:\/\/agora.xtec.cat\/ceipjmarch\/wp-json\/wp\/v2\/pages"}],"about":[{"href":"https:\/\/agora.xtec.cat\/ceipjmarch\/wp-json\/wp\/v2\/types\/page"}],"author":[{"embeddable":true,"href":"https:\/\/agora.xtec.cat\/ceipjmarch\/wp-json\/wp\/v2\/users\/1"}],"replies":[{"embeddable":true,"href":"https:\/\/agora.xtec.cat\/ceipjmarch\/wp-json\/wp\/v2\/comments?post=672"}],"version-history":[{"count":3,"href":"https:\/\/agora.xtec.cat\/ceipjmarch\/wp-json\/wp\/v2\/pages\/672\/revisions"}],"predecessor-version":[{"id":866,"href":"https:\/\/agora.xtec.cat\/ceipjmarch\/wp-json\/wp\/v2\/pages\/672\/revisions\/866"}],"up":[{"embeddable":true,"href":"https:\/\/agora.xtec.cat\/ceipjmarch\/wp-json\/wp\/v2\/pages\/527"}],"wp:attachment":[{"href":"https:\/\/agora.xtec.cat\/ceipjmarch\/wp-json\/wp\/v2\/media?parent=672"}],"curies":[{"name":"wp","href":"https:\/\/api.w.org\/{rel}","templated":true}]}}