{"id":650,"date":"2016-10-14T20:30:32","date_gmt":"2016-10-14T18:30:32","guid":{"rendered":"http:\/\/agora.xtec.cat\/ceipjmarch\/?page_id=650"},"modified":"2017-10-17T15:49:34","modified_gmt":"2017-10-17T13:49:34","slug":"eix-transversal","status":"publish","type":"page","link":"https:\/\/agora.xtec.cat\/ceipjmarch\/projecte-educatiu\/projectes-descola-2\/eix-transversal\/","title":{"rendered":"Eix Transversal"},"content":{"rendered":"<p style=\"text-align: justify;\">\n<p style=\"text-align: justify;\">Cada <img loading=\"lazy\" decoding=\"async\" class=\"alignleft\" src=\"https:\/\/photos.gograph.com\/thumbs\/CSP\/CSP700\/k7008448.jpg\" width=\"148\" height=\"134\" \/>curs, l&#8217;escola tria un tema per treballar de manera transversal, \u00e9s a dir, des de P3a 6\u00e8 i enfocat des de tots els \u00e0mbits d&#8217;aprenentatge.<\/p>\n<p style=\"text-align: justify;\">Aquest curs, hem triat el tema de\u00a0la solidaritat: Solidaritat: un gest, un somriure<\/p>\n<p style=\"text-align: justify;\">Teniu a la vostra disposici\u00f3 <a href=\"http:\/\/jmeixtransversal.blogspot.com.es\/\">el bloc sobre l&#8217;eix transversal<\/a>\u00a0que us mantindr\u00e0 ben informat de totes les activitats que es realitzin.<\/p>\n<p style=\"text-align: justify;\">\n<p style=\"text-align: justify;\">\n","protected":false},"excerpt":{"rendered":"<p>Cada curs, l&#8217;escola tria un tema per treballar de manera transversal, \u00e9s a dir, des de P3a 6\u00e8 i enfocat des de tots els \u00e0mbits d&#8217;aprenentatge.<br \/>\nAquest curs, hem triat el tema de\u00a0la solidaritat: Solidaritat: un gest, un somriure<br \/>\nTeniu a la vostra disposici\u00f3 <a href=\"http:\/\/jmeixtransversal.blogspot.com.es\/\">el bloc&hellip;  <a href=\"https:\/\/agora.xtec.cat\/ceipjmarch\/projecte-educatiu\/projectes-descola-2\/eix-transversal\/\" title=\"Read Eix Transversal\">Llegeix m\u00e9s\u00bb<\/a><\/p>\n","protected":false},"author":1,"featured_media":0,"parent":527,"menu_order":1,"comment_status":"closed","ping_status":"closed","template":"page-templates\/side-menu.php","meta":{"_bbp_topic_count":0,"_bbp_reply_count":0,"_bbp_total_topic_count":0,"_bbp_total_reply_count":0,"_bbp_voice_count":0,"_bbp_anonymous_reply_count":0,"_bbp_topic_count_hidden":0,"_bbp_reply_count_hidden":0,"_bbp_forum_subforum_count":0,"footnotes":""},"class_list":["post-650","page","type-page","status-publish","hentry"],"post_mailing_queue_ids":[],"_links":{"self":[{"href":"https:\/\/agora.xtec.cat\/ceipjmarch\/wp-json\/wp\/v2\/pages\/650","targetHints":{"allow":["GET"]}}],"collection":[{"href":"https:\/\/agora.xtec.cat\/ceipjmarch\/wp-json\/wp\/v2\/pages"}],"about":[{"href":"https:\/\/agora.xtec.cat\/ceipjmarch\/wp-json\/wp\/v2\/types\/page"}],"author":[{"embeddable":true,"href":"https:\/\/agora.xtec.cat\/ceipjmarch\/wp-json\/wp\/v2\/users\/1"}],"replies":[{"embeddable":true,"href":"https:\/\/agora.xtec.cat\/ceipjmarch\/wp-json\/wp\/v2\/comments?post=650"}],"version-history":[{"count":3,"href":"https:\/\/agora.xtec.cat\/ceipjmarch\/wp-json\/wp\/v2\/pages\/650\/revisions"}],"predecessor-version":[{"id":1137,"href":"https:\/\/agora.xtec.cat\/ceipjmarch\/wp-json\/wp\/v2\/pages\/650\/revisions\/1137"}],"up":[{"embeddable":true,"href":"https:\/\/agora.xtec.cat\/ceipjmarch\/wp-json\/wp\/v2\/pages\/527"}],"wp:attachment":[{"href":"https:\/\/agora.xtec.cat\/ceipjmarch\/wp-json\/wp\/v2\/media?parent=650"}],"curies":[{"name":"wp","href":"https:\/\/api.w.org\/{rel}","templated":true}]}}