{"id":593,"date":"2016-10-11T12:52:31","date_gmt":"2016-10-11T10:52:31","guid":{"rendered":"http:\/\/agora.xtec.cat\/ceipjmarch\/?page_id=593"},"modified":"2022-10-27T10:01:26","modified_gmt":"2022-10-27T08:01:26","slug":"colonies","status":"publish","type":"page","link":"https:\/\/agora.xtec.cat\/ceipjmarch\/entorn\/colonies\/","title":{"rendered":"Col\u00f2nies"},"content":{"rendered":"<p>Col\u00f2nies &#8220;Can Llop&#8221; 2022\/2023<\/p>\n<p style=\"text-align: justify;\">L&#8217;escola s&#8217;encarrega de buscar cases de col\u00f2nies que estiguin ben equipades, que comptin amb un equip de monitors\/es professionals, i que a m\u00e9s a m\u00e9s, ofereixin activitats adequades a l&#8217;edat dels infans.<\/p>\n<p>Durant aquest curs tota l&#8217;escola gaudir\u00e0 d&#8217;uns dies a la Mas\u00eda Can Llop on podr\u00e0n gaudir de una conviv\u00e8ncia plena d&#8217;activitats i diversi\u00f3. Els alumnes de I4 a 2n es quedar\u00e0n una nit i de 3r a 6\u00e9, dues nits.<\/p>\n","protected":false},"excerpt":{"rendered":"<p>Col\u00f2nies &#8220;Can Llop&#8221; 2022\/2023<br \/>\nL&#8217;escola s&#8217;encarrega de buscar cases de col\u00f2nies que estiguin ben equipades, que comptin amb un equip de monitors\/es professionals, i que a m\u00e9s a m\u00e9s, ofereixin activitats adequades a l&#8217;edat dels infans.<br \/>\nDurant aquest curs tota l&#8217;escola gaudir\u00e0 d&#8217;uns dies a la Mas\u00eda&hellip;  <a href=\"https:\/\/agora.xtec.cat\/ceipjmarch\/entorn\/colonies\/\" title=\"Read Col\u00f2nies\">Llegeix m\u00e9s\u00bb<\/a><\/p>\n","protected":false},"author":1,"featured_media":0,"parent":583,"menu_order":5,"comment_status":"closed","ping_status":"closed","template":"page-templates\/side-menu.php","meta":{"_bbp_topic_count":0,"_bbp_reply_count":0,"_bbp_total_topic_count":0,"_bbp_total_reply_count":0,"_bbp_voice_count":0,"_bbp_anonymous_reply_count":0,"_bbp_topic_count_hidden":0,"_bbp_reply_count_hidden":0,"_bbp_forum_subforum_count":0,"footnotes":""},"class_list":["post-593","page","type-page","status-publish","hentry"],"post_mailing_queue_ids":[],"_links":{"self":[{"href":"https:\/\/agora.xtec.cat\/ceipjmarch\/wp-json\/wp\/v2\/pages\/593","targetHints":{"allow":["GET"]}}],"collection":[{"href":"https:\/\/agora.xtec.cat\/ceipjmarch\/wp-json\/wp\/v2\/pages"}],"about":[{"href":"https:\/\/agora.xtec.cat\/ceipjmarch\/wp-json\/wp\/v2\/types\/page"}],"author":[{"embeddable":true,"href":"https:\/\/agora.xtec.cat\/ceipjmarch\/wp-json\/wp\/v2\/users\/1"}],"replies":[{"embeddable":true,"href":"https:\/\/agora.xtec.cat\/ceipjmarch\/wp-json\/wp\/v2\/comments?post=593"}],"version-history":[{"count":3,"href":"https:\/\/agora.xtec.cat\/ceipjmarch\/wp-json\/wp\/v2\/pages\/593\/revisions"}],"predecessor-version":[{"id":2361,"href":"https:\/\/agora.xtec.cat\/ceipjmarch\/wp-json\/wp\/v2\/pages\/593\/revisions\/2361"}],"up":[{"embeddable":true,"href":"https:\/\/agora.xtec.cat\/ceipjmarch\/wp-json\/wp\/v2\/pages\/583"}],"wp:attachment":[{"href":"https:\/\/agora.xtec.cat\/ceipjmarch\/wp-json\/wp\/v2\/media?parent=593"}],"curies":[{"name":"wp","href":"https:\/\/api.w.org\/{rel}","templated":true}]}}