{"id":543,"date":"2016-10-11T11:22:34","date_gmt":"2016-10-11T09:22:34","guid":{"rendered":"http:\/\/agora.xtec.cat\/ceipjmarch\/?page_id=543"},"modified":"2016-11-09T18:47:25","modified_gmt":"2016-11-09T17:47:25","slug":"tac","status":"publish","type":"page","link":"https:\/\/agora.xtec.cat\/ceipjmarch\/projecte-educatiu\/projectes-descola-2\/tac\/","title":{"rendered":"TAC"},"content":{"rendered":"<p style=\"text-align: justify;\">L\u2019Escola, amb l&#8217;objectiu d&#8217;innovar-se ha comen\u00e7at a tra\u00e7ar una l\u00ednia metodol\u00f2gica per donar cabuda a les TAC (Tecnologies per a l&#8217;Aprenentatge i el Coneixement). Per aquest motiu aquestes noves tecnologies s&#8217;incorporen a l&#8217;aula i es promou la relaci\u00f3 fam\u00edlia-escola a trav\u00e9s de la Plataforma digital.<\/p>\n<p style=\"text-align: justify;\">L&#8217;escola disposa de pissarres digitals en deu aules, sis projectors, ordinadors a totes les aules, i dues aules d&#8217;inform\u00e0tica, tamb\u00e9 disposa de port\u00e0tils per fer treball de recerca dins les aules, i actualment estem en proc\u00e9s d&#8217;incorporaci\u00f3 de tablets.<\/p>\n<table>\n<tbody>\n<tr>\n<td><a href=\"http:\/\/agora.xtec.cat\/ceipjmarch\/wp-content\/uploads\/usu1497\/2016\/10\/IMG_1030.jpg\"><img loading=\"lazy\" decoding=\"async\" class=\"aligncenter size-full wp-image-896\" src=\"http:\/\/agora.xtec.cat\/ceipjmarch\/wp-content\/uploads\/usu1497\/2016\/10\/IMG_1030.jpg\" alt=\"img_1030\" width=\"519\" height=\"388\" srcset=\"https:\/\/agora.xtec.cat\/ceipjmarch\/wp-content\/uploads\/usu1497\/2016\/10\/IMG_1030.jpg 519w, https:\/\/agora.xtec.cat\/ceipjmarch\/wp-content\/uploads\/usu1497\/2016\/10\/IMG_1030-300x224.jpg 300w, https:\/\/agora.xtec.cat\/ceipjmarch\/wp-content\/uploads\/usu1497\/2016\/10\/IMG_1030-200x150.jpg 200w\" sizes=\"auto, (max-width: 519px) 100vw, 519px\" \/><\/a><\/td>\n<td><a href=\"http:\/\/agora.xtec.cat\/ceipjmarch\/wp-content\/uploads\/usu1497\/2016\/10\/IMG_1031.jpg\"><img loading=\"lazy\" decoding=\"async\" class=\"aligncenter size-full wp-image-897\" src=\"http:\/\/agora.xtec.cat\/ceipjmarch\/wp-content\/uploads\/usu1497\/2016\/10\/IMG_1031.jpg\" alt=\"img_1031\" width=\"519\" height=\"388\" srcset=\"https:\/\/agora.xtec.cat\/ceipjmarch\/wp-content\/uploads\/usu1497\/2016\/10\/IMG_1031.jpg 519w, https:\/\/agora.xtec.cat\/ceipjmarch\/wp-content\/uploads\/usu1497\/2016\/10\/IMG_1031-300x224.jpg 300w, https:\/\/agora.xtec.cat\/ceipjmarch\/wp-content\/uploads\/usu1497\/2016\/10\/IMG_1031-200x150.jpg 200w\" sizes=\"auto, (max-width: 519px) 100vw, 519px\" \/><\/a><\/td>\n<\/tr>\n<\/tbody>\n<\/table>\n","protected":false},"excerpt":{"rendered":"<p>L\u2019Escola, amb l&#8217;objectiu d&#8217;innovar-se ha comen\u00e7at a tra\u00e7ar una l\u00ednia metodol\u00f2gica per donar cabuda a les TAC (Tecnologies per a l&#8217;Aprenentatge i el Coneixement). Per aquest motiu aquestes noves tecnologies s&#8217;incorporen a l&#8217;aula i es promou la relaci\u00f3 fam\u00edlia-escola a trav\u00e9s de la Plataforma digital.<br \/>\nL&#8217;escola&hellip;  <a href=\"https:\/\/agora.xtec.cat\/ceipjmarch\/projecte-educatiu\/projectes-descola-2\/tac\/\" title=\"Read TAC\">Llegeix m\u00e9s\u00bb<\/a><\/p>\n","protected":false},"author":1,"featured_media":0,"parent":527,"menu_order":15,"comment_status":"closed","ping_status":"closed","template":"page-templates\/side-menu.php","meta":{"_bbp_topic_count":0,"_bbp_reply_count":0,"_bbp_total_topic_count":0,"_bbp_total_reply_count":0,"_bbp_voice_count":0,"_bbp_anonymous_reply_count":0,"_bbp_topic_count_hidden":0,"_bbp_reply_count_hidden":0,"_bbp_forum_subforum_count":0,"footnotes":""},"class_list":["post-543","page","type-page","status-publish","hentry"],"post_mailing_queue_ids":[],"_links":{"self":[{"href":"https:\/\/agora.xtec.cat\/ceipjmarch\/wp-json\/wp\/v2\/pages\/543","targetHints":{"allow":["GET"]}}],"collection":[{"href":"https:\/\/agora.xtec.cat\/ceipjmarch\/wp-json\/wp\/v2\/pages"}],"about":[{"href":"https:\/\/agora.xtec.cat\/ceipjmarch\/wp-json\/wp\/v2\/types\/page"}],"author":[{"embeddable":true,"href":"https:\/\/agora.xtec.cat\/ceipjmarch\/wp-json\/wp\/v2\/users\/1"}],"replies":[{"embeddable":true,"href":"https:\/\/agora.xtec.cat\/ceipjmarch\/wp-json\/wp\/v2\/comments?post=543"}],"version-history":[{"count":4,"href":"https:\/\/agora.xtec.cat\/ceipjmarch\/wp-json\/wp\/v2\/pages\/543\/revisions"}],"predecessor-version":[{"id":898,"href":"https:\/\/agora.xtec.cat\/ceipjmarch\/wp-json\/wp\/v2\/pages\/543\/revisions\/898"}],"up":[{"embeddable":true,"href":"https:\/\/agora.xtec.cat\/ceipjmarch\/wp-json\/wp\/v2\/pages\/527"}],"wp:attachment":[{"href":"https:\/\/agora.xtec.cat\/ceipjmarch\/wp-json\/wp\/v2\/media?parent=543"}],"curies":[{"name":"wp","href":"https:\/\/api.w.org\/{rel}","templated":true}]}}