{"id":539,"date":"2016-10-11T11:22:05","date_gmt":"2016-10-11T09:22:05","guid":{"rendered":"http:\/\/agora.xtec.cat\/ceipjmarch\/?page_id=539"},"modified":"2026-01-23T09:05:45","modified_gmt":"2026-01-23T08:05:45","slug":"relacio-familia-escola","status":"publish","type":"page","link":"https:\/\/agora.xtec.cat\/ceipjmarch\/projecte-educatiu\/projectes-descola-2\/relacio-familia-escola\/","title":{"rendered":"Participaci\u00f3 de les fam\u00edlies"},"content":{"rendered":"<p><span style=\"font-weight: 400;\">D\u2019acord amb el que estableix el <\/span><b>Projecte de Direcci\u00f3 2025-2029<\/b><span style=\"font-weight: 400;\">, una de les l\u00ednies priorit\u00e0ries del centre \u00e9s <\/span><b>afavorir la participaci\u00f3 activa de tota la comunitat educativa<\/b><span style=\"font-weight: 400;\"> com a eina per enfortir el sentiment de pertinen\u00e7a, la cohesi\u00f3 social i la corresponsabilitat en el proc\u00e9s educatiu.<\/span><\/p>\n<p><span style=\"font-weight: 400;\">Per aquest motiu, al llarg del curs 2025-2026 es preveuen diverses actuacions encaminades a <\/span><b>dinamitzar la participaci\u00f3 dels diferents sectors<\/b><span style=\"font-weight: 400;\">: fam\u00edlies, alumnat, professorat i entitats de l\u2019entorn.<\/span><\/p>\n<p><b>Participaci\u00f3 de les fam\u00edlies<\/b><\/p>\n<ul>\n<li style=\"font-weight: 400;\" aria-level=\"1\"><span style=\"font-weight: 400;\">Consolidaci\u00f3 del projecte <\/span><i><span style=\"font-weight: 400;\">Berenar amb fam\u00edlies<\/span><\/i><span style=\"font-weight: 400;\">, com a espai de trobada, conviv\u00e8ncia i cohesi\u00f3 entre escola, fam\u00edlies i comunitat.<\/span><\/li>\n<\/ul>\n<p><img loading=\"lazy\" decoding=\"async\" class=\"aligncenter  wp-image-3063\" src=\"https:\/\/agora.xtec.cat\/ceipjmarch\/wp-content\/uploads\/usu1497\/2026\/01\/WhatsApp-Image-2025-09-18-at-12.14.07-724x1024.jpeg\" alt=\"\" width=\"338\" height=\"478\" srcset=\"https:\/\/agora.xtec.cat\/ceipjmarch\/wp-content\/uploads\/usu1497\/2026\/01\/WhatsApp-Image-2025-09-18-at-12.14.07-724x1024.jpeg 724w, https:\/\/agora.xtec.cat\/ceipjmarch\/wp-content\/uploads\/usu1497\/2026\/01\/WhatsApp-Image-2025-09-18-at-12.14.07-212x300.jpeg 212w, https:\/\/agora.xtec.cat\/ceipjmarch\/wp-content\/uploads\/usu1497\/2026\/01\/WhatsApp-Image-2025-09-18-at-12.14.07-768x1087.jpeg 768w, https:\/\/agora.xtec.cat\/ceipjmarch\/wp-content\/uploads\/usu1497\/2026\/01\/WhatsApp-Image-2025-09-18-at-12.14.07-1085x1536.jpeg 1085w, https:\/\/agora.xtec.cat\/ceipjmarch\/wp-content\/uploads\/usu1497\/2026\/01\/WhatsApp-Image-2025-09-18-at-12.14.07.jpeg 1447w\" sizes=\"auto, (max-width: 338px) 100vw, 338px\" \/><\/p>\n<ul>\n<li style=\"font-weight: 400;\" aria-level=\"1\"><span style=\"font-weight: 400;\">Realitzaci\u00f3 de les <\/span><b>reunions d\u2019inici de curs<\/b><span style=\"font-weight: 400;\"> amb les fam\u00edlies de tots els nivells per compartir objectius, l\u00ednies de treball i organitzaci\u00f3 general.<\/span><\/li>\n<li style=\"font-weight: 400;\" aria-level=\"1\"><span style=\"font-weight: 400;\">Desenvolupament d\u2019<\/span><b>entrevistes individuals de seguiment<\/b><span style=\"font-weight: 400;\"> amb les fam\u00edlies al llarg del curs per afavorir la comunicaci\u00f3 i la corresponsabilitat educativa.<\/span><\/li>\n<li style=\"font-weight: 400;\" aria-level=\"1\"><span style=\"font-weight: 400;\">Participaci\u00f3 de les fam\u00edlies en les <\/span><b>festes i activitats escolars<\/b><span style=\"font-weight: 400;\">: Festival d&#8217;hivern (a l\u2019Espai Maragall), Carnaval al carrer, Setmana de la Inclusivitat, comiat de 6\u00e8 i festa de final de curs.<\/span><\/li>\n<li style=\"font-weight: 400;\" aria-level=\"1\"><span style=\"font-weight: 400;\">Col\u00b7laboraci\u00f3 de les fam\u00edlies a trav\u00e9s de l\u2019AFA en activitats solid\u00e0ries, tallers o projectes educatius del centre.<img loading=\"lazy\" decoding=\"async\" class=\"aligncenter size-large wp-image-3064\" src=\"https:\/\/agora.xtec.cat\/ceipjmarch\/wp-content\/uploads\/usu1497\/2026\/01\/WhatsApp-Image-2025-09-18-at-12.14.08-3-1024x461.jpeg\" alt=\"\" width=\"1024\" height=\"461\" srcset=\"https:\/\/agora.xtec.cat\/ceipjmarch\/wp-content\/uploads\/usu1497\/2026\/01\/WhatsApp-Image-2025-09-18-at-12.14.08-3-1024x461.jpeg 1024w, https:\/\/agora.xtec.cat\/ceipjmarch\/wp-content\/uploads\/usu1497\/2026\/01\/WhatsApp-Image-2025-09-18-at-12.14.08-3-300x135.jpeg 300w, https:\/\/agora.xtec.cat\/ceipjmarch\/wp-content\/uploads\/usu1497\/2026\/01\/WhatsApp-Image-2025-09-18-at-12.14.08-3-768x346.jpeg 768w, https:\/\/agora.xtec.cat\/ceipjmarch\/wp-content\/uploads\/usu1497\/2026\/01\/WhatsApp-Image-2025-09-18-at-12.14.08-3-1536x692.jpeg 1536w, https:\/\/agora.xtec.cat\/ceipjmarch\/wp-content\/uploads\/usu1497\/2026\/01\/WhatsApp-Image-2025-09-18-at-12.14.08-3.jpeg 1599w\" sizes=\"auto, (max-width: 1024px) 100vw, 1024px\" \/><\/span><\/li>\n<\/ul>\n","protected":false},"excerpt":{"rendered":"<p>D\u2019acord amb el que estableix el Projecte de Direcci\u00f3 2025-2029, una de les l\u00ednies priorit\u00e0ries del centre \u00e9s afavorir la participaci\u00f3 activa de tota la comunitat educativa com a eina per enfortir el sentiment de pertinen\u00e7a, la cohesi\u00f3 social i la corresponsabilitat en el proc\u00e9s&hellip;  <a href=\"https:\/\/agora.xtec.cat\/ceipjmarch\/projecte-educatiu\/projectes-descola-2\/relacio-familia-escola\/\" title=\"Read Participaci\u00f3 de les fam\u00edlies\">Llegeix m\u00e9s\u00bb<\/a><\/p>\n","protected":false},"author":1,"featured_media":0,"parent":527,"menu_order":8,"comment_status":"closed","ping_status":"closed","template":"page-templates\/side-menu.php","meta":{"_bbp_topic_count":0,"_bbp_reply_count":0,"_bbp_total_topic_count":0,"_bbp_total_reply_count":0,"_bbp_voice_count":0,"_bbp_anonymous_reply_count":0,"_bbp_topic_count_hidden":0,"_bbp_reply_count_hidden":0,"_bbp_forum_subforum_count":0,"footnotes":""},"class_list":["post-539","page","type-page","status-publish","hentry"],"post_mailing_queue_ids":[],"_links":{"self":[{"href":"https:\/\/agora.xtec.cat\/ceipjmarch\/wp-json\/wp\/v2\/pages\/539","targetHints":{"allow":["GET"]}}],"collection":[{"href":"https:\/\/agora.xtec.cat\/ceipjmarch\/wp-json\/wp\/v2\/pages"}],"about":[{"href":"https:\/\/agora.xtec.cat\/ceipjmarch\/wp-json\/wp\/v2\/types\/page"}],"author":[{"embeddable":true,"href":"https:\/\/agora.xtec.cat\/ceipjmarch\/wp-json\/wp\/v2\/users\/1"}],"replies":[{"embeddable":true,"href":"https:\/\/agora.xtec.cat\/ceipjmarch\/wp-json\/wp\/v2\/comments?post=539"}],"version-history":[{"count":4,"href":"https:\/\/agora.xtec.cat\/ceipjmarch\/wp-json\/wp\/v2\/pages\/539\/revisions"}],"predecessor-version":[{"id":703,"href":"https:\/\/agora.xtec.cat\/ceipjmarch\/wp-json\/wp\/v2\/pages\/539\/revisions\/703"}],"up":[{"embeddable":true,"href":"https:\/\/agora.xtec.cat\/ceipjmarch\/wp-json\/wp\/v2\/pages\/527"}],"wp:attachment":[{"href":"https:\/\/agora.xtec.cat\/ceipjmarch\/wp-json\/wp\/v2\/media?parent=539"}],"curies":[{"name":"wp","href":"https:\/\/api.w.org\/{rel}","templated":true}]}}