{"id":527,"date":"2016-10-11T11:20:25","date_gmt":"2016-10-11T09:20:25","guid":{"rendered":"http:\/\/agora.xtec.cat\/ceipjmarch\/?page_id=527"},"modified":"2022-10-27T09:14:55","modified_gmt":"2022-10-27T07:14:55","slug":"projectes-descola-2","status":"publish","type":"page","link":"https:\/\/agora.xtec.cat\/ceipjmarch\/projecte-educatiu\/projectes-descola-2\/","title":{"rendered":"Projectes d&#8217;Escola"},"content":{"rendered":"<p style=\"text-align: justify;\">Des de l&#8217;escola Jacme March s&#8217;estan promovent molts projectes amb l&#8217;objectiu de mantenir la seva l\u00ednia metodol\u00f2gica ben actualitzada i atendre a les necessitats de l&#8217;alumnat.<\/p>\n<p style=\"text-align: justify;\">En aquesta secci\u00f3 trobareu els diferents projectes dels quals en formem part.<\/p>\n<header class=\"entry-header\">\n<h1 class=\"entry-title\">Eix Transversal<\/h1>\n<\/header>\n<div class=\"entry-content\">\n<p style=\"text-align: justify;\">Cada\u00a0<img loading=\"lazy\" decoding=\"async\" class=\"alignleft\" src=\"https:\/\/photos.gograph.com\/thumbs\/CSP\/CSP700\/k7008448.jpg\" width=\"148\" height=\"134\" \/>curs, l\u2019escola tria un tema per treballar de manera transversal, \u00e9s a dir, des de P3a 6\u00e8 i enfocat des de tots els \u00e0mbits d\u2019aprenentatge.<\/p>\n<p style=\"text-align: justify;\">Aquest curs, hem triat el tema de\u00a0la solidaritat: Solidaritat: un gest, un somriure<\/p>\n<p style=\"text-align: justify;\">Teniu a la vostra disposici\u00f3\u00a0<a href=\"http:\/\/jmeixtransversal.blogspot.com.es\/\">el bloc sobre l\u2019eix transversal<\/a>\u00a0que us mantindr\u00e0 ben informat de totes les activitats que es realitzin.<\/p>\n<header class=\"entry-header\">\n<h1 class=\"entry-title\">Projecte Interdisciplinari de centre<\/h1>\n<\/header>\n<div class=\"entry-content\">\n<p style=\"text-align: justify;\">Des de I3 fins a 6\u00e8, al llarg de cada curs, es treballa com a m<a href=\"http:\/\/agora.xtec.cat\/ceipjmarch\/wp-content\/uploads\/usu1497\/2016\/10\/projectes.jpg\"><img loading=\"lazy\" decoding=\"async\" class=\" wp-image-622 alignright\" src=\"http:\/\/agora.xtec.cat\/ceipjmarch\/wp-content\/uploads\/usu1497\/2016\/10\/projectes.jpg\" sizes=\"auto, (max-width: 279px) 100vw, 279px\" srcset=\"https:\/\/agora.xtec.cat\/ceipjmarch\/wp-content\/uploads\/usu1497\/2016\/10\/projectes.jpg 480w, https:\/\/agora.xtec.cat\/ceipjmarch\/wp-content\/uploads\/usu1497\/2016\/10\/projectes-300x228.jpg 300w\" alt=\"projectes\" width=\"279\" height=\"213\" \/><\/a>\u00ednim un projecte interdisciplinari.<\/p>\n<p style=\"text-align: justify;\">Treballar per projectes significa abordar un tema o aspecte de la realitat, partint dels interessos de l\u2019alumnat i aplicant coneixements de les diferents \u00e0rees. Aquesta manera de treballar resulta molt motivadora pels infants, permet posar en pr\u00e0ctica totes les compet\u00e8ncies b\u00e0siques i fa protagonista a l\u2019alumne\/a en la construcci\u00f3 del propi coneixement.<\/p>\n<\/div>\n<\/div>\n<div class=\"entry-content\">\n<div class=\"a2a_kit a2a_kit_size_32 addtoany_list\" data-a2a-url=\"https:\/\/agora.xtec.cat\/ceipjmarch\/projecte-educatiu\/projectes-descola-2\/projecte-interdisciplinari-de-centre\/\" data-a2a-title=\"Projecte Interdisciplinari de centre\">\n<header class=\"entry-header\">\n<h1 class=\"entry-title\">La maleta viatgera<\/h1>\n<\/header>\n<div class=\"entry-content\">\n<p style=\"text-align: justify;\">Fa uns quants cursos que vam iniciar el projecte:\u00a0<strong>\u201cLa maleta viatgera\u201d.<\/strong><\/p>\n<p style=\"text-align: justify;\">Cada classe t\u00e9 una maleta amb 5 llibres molt especials i atractius i, cada setmana, un alumne\/a se l\u2019emporta a casa i pot gaudir dels llibres tota la setmana.<\/p>\n<p style=\"text-align: justify;\">L\u2019objectiu \u00e9s el d\u2019iniciar un treball conjunt entre casa i escola per tal que els infants s\u2019apropin al m\u00f3n dels llibres amb m\u00e9s inter\u00e8s i il\u00b7lusi\u00f3.<a href=\"http:\/\/agora.xtec.cat\/ceipjmarch\/wp-content\/uploads\/usu1497\/2016\/10\/20161018_105436.jpg\"><img loading=\"lazy\" decoding=\"async\" class=\"wp-image-716 alignright\" src=\"http:\/\/agora.xtec.cat\/ceipjmarch\/wp-content\/uploads\/usu1497\/2016\/10\/20161018_105436-1024x768.jpg\" sizes=\"auto, (max-width: 246px) 100vw, 246px\" srcset=\"https:\/\/agora.xtec.cat\/ceipjmarch\/wp-content\/uploads\/usu1497\/2016\/10\/20161018_105436-1024x768.jpg 1024w, https:\/\/agora.xtec.cat\/ceipjmarch\/wp-content\/uploads\/usu1497\/2016\/10\/20161018_105436-300x225.jpg 300w, https:\/\/agora.xtec.cat\/ceipjmarch\/wp-content\/uploads\/usu1497\/2016\/10\/20161018_105436-768x576.jpg 768w, https:\/\/agora.xtec.cat\/ceipjmarch\/wp-content\/uploads\/usu1497\/2016\/10\/20161018_105436-200x150.jpg 200w\" alt=\"20161018_105436\" width=\"246\" height=\"184\" \/><\/a><\/p>\n<p style=\"text-align: justify;\">Des de l\u2019escola tenim el convenciment que la lectura compartida en\u00a0l\u2019entorn familiar \u00e9s sempre una experi\u00e8ncia positiva.<\/p>\n<p style=\"text-align: justify;\">Aquesta maleta \u00e9s una excusa perqu\u00e8 els diferents membres de la fam\u00edlia llegeixin, parlin, comentin, somni\u00efn i s\u2019ho passin b\u00e9 junts. Esperem que us agradi i que en puguem treure molt de profit.<\/p>\n<\/div>\n<\/div>\n<div class=\"a2a_kit a2a_kit_size_32 addtoany_list\" data-a2a-url=\"https:\/\/agora.xtec.cat\/ceipjmarch\/projecte-educatiu\/projectes-descola-2\/la-maleta-viatgera\/\" data-a2a-title=\"La maleta viatgera\">\n<header class=\"entry-header\">\n<h1 class=\"entry-title\">Treball per racons<\/h1>\n<\/header>\n<div class=\"entry-content\">\n<p style=\"text-align: justify;\">Des de I3 a 6\u00e8, hi ha una sessi\u00f3 setmanal per treballar per racons.<\/p>\n<p style=\"text-align: justify;\">D\u2019una manera m\u00e9s l\u00fadica i vivencial, els alumnes practiquen aspectes del Catal\u00e0 i\/o les Matem\u00e0tiques.<\/p>\n<p style=\"text-align: justify;\">Al Cicle Inicial, les fam\u00edlies volunt\u00e0ries participen d\u2019aquesta activitat.<\/p>\n<table>\n<tbody>\n<tr>\n<td><a href=\"http:\/\/agora.xtec.cat\/ceipjmarch\/wp-content\/uploads\/usu1497\/2016\/10\/1-1.jpg\"><img loading=\"lazy\" decoding=\"async\" class=\"aligncenter wp-image-727\" src=\"http:\/\/agora.xtec.cat\/ceipjmarch\/wp-content\/uploads\/usu1497\/2016\/10\/1-1.jpg\" sizes=\"auto, (max-width: 236px) 100vw, 236px\" srcset=\"https:\/\/agora.xtec.cat\/ceipjmarch\/wp-content\/uploads\/usu1497\/2016\/10\/1-1.jpg 644w, https:\/\/agora.xtec.cat\/ceipjmarch\/wp-content\/uploads\/usu1497\/2016\/10\/1-1-300x225.jpg 300w, https:\/\/agora.xtec.cat\/ceipjmarch\/wp-content\/uploads\/usu1497\/2016\/10\/1-1-200x150.jpg 200w\" alt=\"1\" width=\"236\" height=\"177\" \/><\/a><\/td>\n<td><a href=\"http:\/\/agora.xtec.cat\/ceipjmarch\/wp-content\/uploads\/usu1497\/2016\/10\/2-1.jpg\"><img loading=\"lazy\" decoding=\"async\" class=\"aligncenter wp-image-728\" src=\"http:\/\/agora.xtec.cat\/ceipjmarch\/wp-content\/uploads\/usu1497\/2016\/10\/2-1.jpg\" sizes=\"auto, (max-width: 229px) 100vw, 229px\" srcset=\"https:\/\/agora.xtec.cat\/ceipjmarch\/wp-content\/uploads\/usu1497\/2016\/10\/2-1.jpg 516w, https:\/\/agora.xtec.cat\/ceipjmarch\/wp-content\/uploads\/usu1497\/2016\/10\/2-1-300x225.jpg 300w, https:\/\/agora.xtec.cat\/ceipjmarch\/wp-content\/uploads\/usu1497\/2016\/10\/2-1-200x150.jpg 200w\" alt=\"2\" width=\"229\" height=\"172\" \/><\/a><\/td>\n<td><a href=\"http:\/\/agora.xtec.cat\/ceipjmarch\/wp-content\/uploads\/usu1497\/2016\/10\/3-1.jpg\"><img loading=\"lazy\" decoding=\"async\" class=\"aligncenter wp-image-729\" src=\"http:\/\/agora.xtec.cat\/ceipjmarch\/wp-content\/uploads\/usu1497\/2016\/10\/3-1.jpg\" sizes=\"auto, (max-width: 236px) 100vw, 236px\" srcset=\"https:\/\/agora.xtec.cat\/ceipjmarch\/wp-content\/uploads\/usu1497\/2016\/10\/3-1.jpg 413w, https:\/\/agora.xtec.cat\/ceipjmarch\/wp-content\/uploads\/usu1497\/2016\/10\/3-1-300x225.jpg 300w, https:\/\/agora.xtec.cat\/ceipjmarch\/wp-content\/uploads\/usu1497\/2016\/10\/3-1-200x150.jpg 200w\" alt=\"3\" width=\"236\" height=\"177\" \/><\/a><\/td>\n<\/tr>\n<tr>\n<td><a href=\"http:\/\/agora.xtec.cat\/ceipjmarch\/wp-content\/uploads\/usu1497\/2016\/10\/4.jpg\"><img loading=\"lazy\" decoding=\"async\" class=\"aligncenter wp-image-730\" src=\"http:\/\/agora.xtec.cat\/ceipjmarch\/wp-content\/uploads\/usu1497\/2016\/10\/4.jpg\" sizes=\"auto, (max-width: 230px) 100vw, 230px\" srcset=\"https:\/\/agora.xtec.cat\/ceipjmarch\/wp-content\/uploads\/usu1497\/2016\/10\/4.jpg 415w, https:\/\/agora.xtec.cat\/ceipjmarch\/wp-content\/uploads\/usu1497\/2016\/10\/4-300x226.jpg 300w, https:\/\/agora.xtec.cat\/ceipjmarch\/wp-content\/uploads\/usu1497\/2016\/10\/4-200x150.jpg 200w\" alt=\"4\" width=\"230\" height=\"173\" \/><\/a><\/td>\n<td><a href=\"http:\/\/agora.xtec.cat\/ceipjmarch\/wp-content\/uploads\/usu1497\/2016\/10\/5.jpg\"><img loading=\"lazy\" decoding=\"async\" class=\"aligncenter wp-image-731\" src=\"http:\/\/agora.xtec.cat\/ceipjmarch\/wp-content\/uploads\/usu1497\/2016\/10\/5.jpg\" sizes=\"auto, (max-width: 231px) 100vw, 231px\" srcset=\"https:\/\/agora.xtec.cat\/ceipjmarch\/wp-content\/uploads\/usu1497\/2016\/10\/5.jpg 330w, https:\/\/agora.xtec.cat\/ceipjmarch\/wp-content\/uploads\/usu1497\/2016\/10\/5-300x225.jpg 300w, https:\/\/agora.xtec.cat\/ceipjmarch\/wp-content\/uploads\/usu1497\/2016\/10\/5-200x150.jpg 200w\" alt=\"5\" width=\"231\" height=\"174\" \/><\/a><\/td>\n<td><a href=\"http:\/\/agora.xtec.cat\/ceipjmarch\/wp-content\/uploads\/usu1497\/2016\/10\/6.jpg\"><img loading=\"lazy\" decoding=\"async\" class=\"aligncenter wp-image-732\" src=\"http:\/\/agora.xtec.cat\/ceipjmarch\/wp-content\/uploads\/usu1497\/2016\/10\/6.jpg\" sizes=\"auto, (max-width: 226px) 100vw, 226px\" srcset=\"https:\/\/agora.xtec.cat\/ceipjmarch\/wp-content\/uploads\/usu1497\/2016\/10\/6.jpg 648w, https:\/\/agora.xtec.cat\/ceipjmarch\/wp-content\/uploads\/usu1497\/2016\/10\/6-300x225.jpg 300w, https:\/\/agora.xtec.cat\/ceipjmarch\/wp-content\/uploads\/usu1497\/2016\/10\/6-200x150.jpg 200w\" alt=\"6\" width=\"226\" height=\"169\" \/><\/a><\/td>\n<\/tr>\n<\/tbody>\n<\/table>\n<header class=\"entry-header\">\n<h1 class=\"entry-title\">Pla Lector<\/h1>\n<\/header>\n<div class=\"entry-content\">\n<table class=\" alignright\" width=\"252\">\n<tbody>\n<tr>\n<td><img loading=\"lazy\" decoding=\"async\" class=\"wp-image-724 alignright\" src=\"http:\/\/agora.xtec.cat\/ceipjmarch\/wp-content\/uploads\/usu1497\/2016\/10\/2.jpg\" sizes=\"auto, (max-width: 220px) 100vw, 220px\" srcset=\"https:\/\/agora.xtec.cat\/ceipjmarch\/wp-content\/uploads\/usu1497\/2016\/10\/2.jpg 425w, https:\/\/agora.xtec.cat\/ceipjmarch\/wp-content\/uploads\/usu1497\/2016\/10\/2-300x225.jpg 300w, https:\/\/agora.xtec.cat\/ceipjmarch\/wp-content\/uploads\/usu1497\/2016\/10\/2-200x150.jpg 200w\" alt=\"2\" width=\"220\" height=\"165\" \/><\/td>\n<\/tr>\n<tr>\n<td><img loading=\"lazy\" decoding=\"async\" class=\"wp-image-723 alignright\" src=\"http:\/\/agora.xtec.cat\/ceipjmarch\/wp-content\/uploads\/usu1497\/2016\/10\/1.jpg\" sizes=\"auto, (max-width: 225px) 100vw, 225px\" srcset=\"https:\/\/agora.xtec.cat\/ceipjmarch\/wp-content\/uploads\/usu1497\/2016\/10\/1.jpg 425w, https:\/\/agora.xtec.cat\/ceipjmarch\/wp-content\/uploads\/usu1497\/2016\/10\/1-300x225.jpg 300w, https:\/\/agora.xtec.cat\/ceipjmarch\/wp-content\/uploads\/usu1497\/2016\/10\/1-200x150.jpg 200w\" alt=\"1\" width=\"225\" height=\"169\" \/><\/td>\n<\/tr>\n<tr>\n<td><a href=\"http:\/\/agora.xtec.cat\/ceipjmarch\/wp-content\/uploads\/usu1497\/2016\/10\/3.jpg\"><img loading=\"lazy\" decoding=\"async\" class=\"aligncenter size-full wp-image-725\" src=\"http:\/\/agora.xtec.cat\/ceipjmarch\/wp-content\/uploads\/usu1497\/2016\/10\/3.jpg\" sizes=\"auto, (max-width: 425px) 100vw, 425px\" srcset=\"https:\/\/agora.xtec.cat\/ceipjmarch\/wp-content\/uploads\/usu1497\/2016\/10\/3.jpg 425w, https:\/\/agora.xtec.cat\/ceipjmarch\/wp-content\/uploads\/usu1497\/2016\/10\/3-300x225.jpg 300w, https:\/\/agora.xtec.cat\/ceipjmarch\/wp-content\/uploads\/usu1497\/2016\/10\/3-200x150.jpg 200w\" alt=\"3\" width=\"425\" height=\"319\" \/><\/a><\/td>\n<\/tr>\n<\/tbody>\n<\/table>\n<p style=\"text-align: justify;\">Tots els membres del centre educatiu tenen com a un dels OBJECTIUS PRIORITARIS ACONSEGUIR ciutadans lectors i formats, amb independ\u00e8ncia de l\u2019\u00e0rea a la qual pertany el professorat.<\/p>\n<p style=\"text-align: justify;\">Es tracta d\u2019una habilitat que t\u00e9 una import\u00e0ncia i transcend\u00e8ncia cabdal en la formaci\u00f3 c\u00edvica i cultural de les persones, que no respon a una evoluci\u00f3 natural. Es necessita un medi social, escolar i familiar que n\u2019estimuli i orienti el proc\u00e9s.<\/p>\n<p style=\"text-align: justify;\">Per aquest motiu des de l\u2019escola s\u2019ha creat un Pla Lector. El podeu consultar en el seg\u00fcent enlla\u00e7:<\/p>\n<p style=\"text-align: justify;\"><a href=\"https:\/\/drive.google.com\/file\/d\/0BxaIXKVzAtMhN3dFNW4wVEZKdU0\/view?usp=sharing\">Pla Lector 2017-<\/a><a href=\"https:\/\/drive.google.com\/file\/d\/0BxaIXKVzAtMhN3dFNW4wVEZKdU0\/view?usp=sharing\">2018<\/a><\/p>\n<ul>\n<li><strong>QU\u00c8 ENTENEM PER FOMENT DE LA LECTURA?<\/strong><\/li>\n<\/ul>\n<p style=\"text-align: justify;\">S\u00f3n el conjunt d\u2019activitats, jocs i estrat\u00e8gies educatives que faciliten el contacte dels infants amb els llibres i que permeten, a trav\u00e9s de la lectura, la creaci\u00f3, la formaci\u00f3 i la consolidaci\u00f3 d\u2019un h\u00e0bit lector permanent i necessari per a la formaci\u00f3 integral de les persones.<\/p>\n<ul style=\"text-align: justify;\">\n<li><strong>LA FUNCI\u00d3 DELS MESTRES EN L\u2019H\u00c0BIT LECTOR<\/strong><\/li>\n<\/ul>\n<p style=\"text-align: justify;\">L\u2019adult fa de pont entre el llibre, la lectura i els infants.<\/p>\n<p style=\"text-align: justify;\">Aquest, ha de complir amb les funcions seg\u00fcents:<\/p>\n<p style=\"text-align: justify;\">* Seleccionar amb cura els llibres que es posen a disposici\u00f3 dels infants.<\/p>\n<p style=\"text-align: justify;\">* Acompanyar-los en el seu proc\u00e9s d\u2019aprenentatge.<\/p>\n<p style=\"text-align: justify;\">* Estimular-los i encoratjar-los a trav\u00e9s d\u2019actuacions d\u2019animaci\u00f3 a la lectura.<\/p>\n<p>* Fer-los coneixedors d\u2019espais nous per a ells com les llibreries o les\u00a0\u00a0 biblioteques.<\/p>\n<header class=\"entry-header\">\n<h1 class=\"entry-title\">Projecte: \u201cJuguem al pati!\u201d<\/h1>\n<\/header>\n<div class=\"entry-content\">\n<p>\u201cJUGUEM AL PATI !!!\u201d \u00e9s un projecte que t\u00e9 com a finalitat considerar el pati com un espai educatiu que desenvolupi estrat\u00e8gies de cooperaci\u00f3, conviv\u00e8ncia i respecte, alhora que s\u2019incrementa l\u2019activitat f\u00edsica dels nostres alumnes.<\/p>\n<p>Els objectius que es planteja aquest projecte s\u00f3n:<\/p>\n<p>\u2013 Dinamitzar el pati de l\u2019escola com un espai educatiu.<\/p>\n<p>\u2013 Fomentar estrat\u00e8gies de cooperaci\u00f3, conviv\u00e8ncia i respecte.<\/p>\n<p>\u2013 Incrementar l\u2019activitat f\u00edsica dels nostres alumnes.<\/p>\n<p>\u2013 Promoure la responsabilitat dels alumnes.<\/p>\n<p>Aquesta activitat est\u00e0 pensada pels nens i nenes de cicle inicial, mitj\u00e0 i superior que vulguin participar de forma volunt\u00e0ria i rotat\u00f2ria a l\u2019hora del pati, en els jocs plantejats pel projecte \u201cJuguem al pati\u201d que es troben en uns baguls. Els alumnes de 5\u00e8 i 6\u00e8 de prim\u00e0ria tenen un rol de dinamitzadors del pati.<\/p>\n<p><iframe loading=\"lazy\" src=\"https:\/\/www.youtube.com\/embed\/vxKAiOqtDpY?feature=oembed\" width=\"500\" height=\"375\" frameborder=\"0\" allowfullscreen=\"allowfullscreen\" data-mce-fragment=\"1\"><\/iframe><\/p>\n<\/div>\n<\/div>\n<\/div>\n<\/div>\n<\/div>\n","protected":false},"excerpt":{"rendered":"<p>Des de l&#8217;escola Jacme March s&#8217;estan promovent molts projectes amb l&#8217;objectiu de mantenir la seva l\u00ednia metodol\u00f2gica ben actualitzada i atendre a les necessitats de l&#8217;alumnat.<br \/>\nEn aquesta secci\u00f3 trobareu els diferents projectes dels quals en formem part.<\/p>\n<p>Eix Transversal<\/p>\n<p>Cada\u00a0curs, l\u2019escola tria un tema per treballar de&hellip;  <a href=\"https:\/\/agora.xtec.cat\/ceipjmarch\/projecte-educatiu\/projectes-descola-2\/\" title=\"Read Projectes d&#8217;Escola\">Llegeix m\u00e9s\u00bb<\/a><\/p>\n","protected":false},"author":1,"featured_media":0,"parent":64,"menu_order":3,"comment_status":"closed","ping_status":"closed","template":"page-templates\/side-menu.php","meta":{"_bbp_topic_count":0,"_bbp_reply_count":0,"_bbp_total_topic_count":0,"_bbp_total_reply_count":0,"_bbp_voice_count":0,"_bbp_anonymous_reply_count":0,"_bbp_topic_count_hidden":0,"_bbp_reply_count_hidden":0,"_bbp_forum_subforum_count":0,"footnotes":""},"class_list":["post-527","page","type-page","status-publish","hentry"],"post_mailing_queue_ids":[],"_links":{"self":[{"href":"https:\/\/agora.xtec.cat\/ceipjmarch\/wp-json\/wp\/v2\/pages\/527","targetHints":{"allow":["GET"]}}],"collection":[{"href":"https:\/\/agora.xtec.cat\/ceipjmarch\/wp-json\/wp\/v2\/pages"}],"about":[{"href":"https:\/\/agora.xtec.cat\/ceipjmarch\/wp-json\/wp\/v2\/types\/page"}],"author":[{"embeddable":true,"href":"https:\/\/agora.xtec.cat\/ceipjmarch\/wp-json\/wp\/v2\/users\/1"}],"replies":[{"embeddable":true,"href":"https:\/\/agora.xtec.cat\/ceipjmarch\/wp-json\/wp\/v2\/comments?post=527"}],"version-history":[{"count":3,"href":"https:\/\/agora.xtec.cat\/ceipjmarch\/wp-json\/wp\/v2\/pages\/527\/revisions"}],"predecessor-version":[{"id":2346,"href":"https:\/\/agora.xtec.cat\/ceipjmarch\/wp-json\/wp\/v2\/pages\/527\/revisions\/2346"}],"up":[{"embeddable":true,"href":"https:\/\/agora.xtec.cat\/ceipjmarch\/wp-json\/wp\/v2\/pages\/64"}],"wp:attachment":[{"href":"https:\/\/agora.xtec.cat\/ceipjmarch\/wp-json\/wp\/v2\/media?parent=527"}],"curies":[{"name":"wp","href":"https:\/\/api.w.org\/{rel}","templated":true}]}}