{"id":38,"date":"2014-09-18T12:34:08","date_gmt":"2014-09-18T11:34:08","guid":{"rendered":"http:\/\/agora.xtec.cat\/ceipjmarch\/?page_id=38"},"modified":"2022-09-28T20:46:05","modified_gmt":"2022-09-28T18:46:05","slug":"salut","status":"publish","type":"page","link":"https:\/\/agora.xtec.cat\/ceipjmarch\/lescola\/salut\/","title":{"rendered":"Salut"},"content":{"rendered":"<p style=\"text-align: left;\"><strong>NORMES SANIT\u00c0RIES:\u00a0<\/strong><\/p>\n<p style=\"text-align: left;\">Per prevenci\u00f3, no es pot assistir a l&#8217;escola amb febre, tos persistent, diarrea o v\u00f2mits, erupcions contagioses, fongs, estomatitis, conjuntivitis o qualsevol altra malaltia contagiosa. Els polls han de ser tractats i eliminats abans d&#8217;assistir a classe. En altres malalties, seguir el criteri del pediatre.<\/p>\n<p style=\"text-align: left;\"><strong>MEDICAMENTS:<\/strong><\/p>\n<p style=\"text-align: left;\">Evitar haver de donar alguna toma a l&#8217;escola. Si fos necessari, ES IMPRESCINDIBLE, la prescripci\u00f3 m\u00e8dica i l&#8217;autoritzaci\u00f3 de la fam\u00edlia per escrit amb la dosi a administrar.<\/p>\n<p style=\"text-align: left;\"><span style=\"font-weight: 400;\">Seguint les recomanacions del Departament de Salut i LA SOCIETAT Catalana de Pediatria, s\u2019ha incl\u00f2s el paracetamol a la farmaciola dels centres educatius de Catalunya. Davant d\u2019un infant amb febre 38\u00baC o m\u00e9s l\u2019escola ha de contactar amb el pare, mare o tutor legal i demanar-li que el reculli tan aviat com pugui. Mentrestant, si la febre \u00e9s igual o superior\u00a0 38\u00baC, es recomana administrar un antit\u00e8rmic\/analg\u00e8sic (paracetamol), per la seva bona toler\u00e0ncia i la relativa abs\u00e8ncia d\u2019efectes secundaris.\u00a0<\/span><\/p>\n<p style=\"text-align: left;\"><span style=\"font-weight: 400;\">Per administrar el paracetamol als infants a les escoles, cal tenir l\u2019autoritzaci\u00f3 del pare, mare o tutor legal.\u00a0<\/span><\/p>\n<p style=\"text-align: left;\"><span style=\"font-weight: 400;\">Aquestes aurotitzacions les portaran per signar els primers dies d\u2019escola.<\/span><\/p>\n<p style=\"text-align: left;\"><strong>ACTUACIONS DE L&#8217;ESCOLA:<\/strong><\/p>\n<p style=\"text-align: left;\">En cas de malaltia, s&#8217;avisar\u00e0 a la fam\u00edlia perqu\u00e8 vinguin a buscar l&#8217;alumne\/a el m\u00e9s aviat possible.<\/p>\n<p style=\"text-align: left;\"><span style=\"font-weight: 400;\">En el cas que algun alumne s\u2019accidenti, es seguir\u00e0 el seg\u00fcent protocol:<\/span><\/p>\n<ul>\n<li style=\"text-align: left;\"><span style=\"font-weight: 400;\">Si s\u00f3n petites ferides o rascades es curaran a l\u2019escola i es comunicar\u00e0 a la fam\u00edlia.<\/span><\/li>\n<li style=\"text-align: left;\"><span style=\"font-weight: 400;\">Si l\u2019accident \u00e9s lleu per\u00f2 requereix intervenci\u00f3 m\u00e8dica, us avisarem a la fam\u00edlia per qu\u00e8 el recolliu i el porteu al CAP sanitari corresponent.<\/span><\/li>\n<li style=\"text-align: left;\"><span style=\"font-weight: 400;\">Quan es consideri necessari, es demanaran els serveis d\u2019ambul\u00e0ncia i una persona responsable, preferentment el tutor\/a de l\u2019alumne, l\u2019acompanyar\u00e0 al centre sanitari, alhora que s\u2019informar\u00e0 a la fam\u00edlia.<\/span><\/li>\n<\/ul>\n","protected":false},"excerpt":{"rendered":"<p>NORMES SANIT\u00c0RIES:\u00a0<br \/>\nPer prevenci\u00f3, no es pot assistir a l&#8217;escola amb febre, tos persistent, diarrea o v\u00f2mits, erupcions contagioses, fongs, estomatitis, conjuntivitis o qualsevol altra malaltia contagiosa. Els polls han de ser tractats i eliminats abans d&#8217;assistir a classe. En altres malalties, seguir el criteri del&hellip;  <a href=\"https:\/\/agora.xtec.cat\/ceipjmarch\/lescola\/salut\/\" title=\"Read Salut\">Llegeix m\u00e9s\u00bb<\/a><\/p>\n","protected":false},"author":1,"featured_media":0,"parent":22,"menu_order":9,"comment_status":"closed","ping_status":"closed","template":"page-templates\/side-menu.php","meta":{"_bbp_topic_count":0,"_bbp_reply_count":0,"_bbp_total_topic_count":0,"_bbp_total_reply_count":0,"_bbp_voice_count":0,"_bbp_anonymous_reply_count":0,"_bbp_topic_count_hidden":0,"_bbp_reply_count_hidden":0,"_bbp_forum_subforum_count":0,"footnotes":""},"class_list":["post-38","page","type-page","status-publish","hentry"],"post_mailing_queue_ids":[],"_links":{"self":[{"href":"https:\/\/agora.xtec.cat\/ceipjmarch\/wp-json\/wp\/v2\/pages\/38","targetHints":{"allow":["GET"]}}],"collection":[{"href":"https:\/\/agora.xtec.cat\/ceipjmarch\/wp-json\/wp\/v2\/pages"}],"about":[{"href":"https:\/\/agora.xtec.cat\/ceipjmarch\/wp-json\/wp\/v2\/types\/page"}],"author":[{"embeddable":true,"href":"https:\/\/agora.xtec.cat\/ceipjmarch\/wp-json\/wp\/v2\/users\/1"}],"replies":[{"embeddable":true,"href":"https:\/\/agora.xtec.cat\/ceipjmarch\/wp-json\/wp\/v2\/comments?post=38"}],"version-history":[{"count":3,"href":"https:\/\/agora.xtec.cat\/ceipjmarch\/wp-json\/wp\/v2\/pages\/38\/revisions"}],"predecessor-version":[{"id":2268,"href":"https:\/\/agora.xtec.cat\/ceipjmarch\/wp-json\/wp\/v2\/pages\/38\/revisions\/2268"}],"up":[{"embeddable":true,"href":"https:\/\/agora.xtec.cat\/ceipjmarch\/wp-json\/wp\/v2\/pages\/22"}],"wp:attachment":[{"href":"https:\/\/agora.xtec.cat\/ceipjmarch\/wp-json\/wp\/v2\/media?parent=38"}],"curies":[{"name":"wp","href":"https:\/\/api.w.org\/{rel}","templated":true}]}}