{"id":1458,"date":"2019-02-26T08:36:07","date_gmt":"2019-02-26T07:36:07","guid":{"rendered":"http:\/\/agora.xtec.cat\/ceipjmarch\/?page_id=1458"},"modified":"2019-02-28T08:40:52","modified_gmt":"2019-02-28T07:40:52","slug":"projecte-linguistic","status":"publish","type":"page","link":"https:\/\/agora.xtec.cat\/ceipjmarch\/projecte-educatiu\/projecte-linguistic\/","title":{"rendered":"Projecte Ling\u00fc\u00edstic"},"content":{"rendered":"<p>En aquest link podreu visualitzar el projecte ling\u00fc\u00edstic de l&#8217;escola Jacme March.<\/p>\n<p><a href=\"https:\/\/drive.google.com\/open?id=1PpA87xaTdXVhByi5ST5wfKJkk10d0VOc\">Projecte Ling\u00fc\u00edstic Escola Jacme March\u00a0<\/a><\/p>\n","protected":false},"excerpt":{"rendered":"<p>En aquest link podreu visualitzar el projecte ling\u00fc\u00edstic de l&#8217;escola Jacme March.<br \/>\n<a href=\"https:\/\/drive.google.com\/open?id=1PpA87xaTdXVhByi5ST5wfKJkk10d0VOc\">Projecte Ling\u00fc\u00edstic Escola Jacme March\u00a0<\/a><\/p>\n","protected":false},"author":1,"featured_media":0,"parent":64,"menu_order":0,"comment_status":"closed","ping_status":"closed","template":"","meta":{"_bbp_topic_count":0,"_bbp_reply_count":0,"_bbp_total_topic_count":0,"_bbp_total_reply_count":0,"_bbp_voice_count":0,"_bbp_anonymous_reply_count":0,"_bbp_topic_count_hidden":0,"_bbp_reply_count_hidden":0,"_bbp_forum_subforum_count":0,"footnotes":""},"class_list":["post-1458","page","type-page","status-publish","hentry"],"post_mailing_queue_ids":[],"_links":{"self":[{"href":"https:\/\/agora.xtec.cat\/ceipjmarch\/wp-json\/wp\/v2\/pages\/1458","targetHints":{"allow":["GET"]}}],"collection":[{"href":"https:\/\/agora.xtec.cat\/ceipjmarch\/wp-json\/wp\/v2\/pages"}],"about":[{"href":"https:\/\/agora.xtec.cat\/ceipjmarch\/wp-json\/wp\/v2\/types\/page"}],"author":[{"embeddable":true,"href":"https:\/\/agora.xtec.cat\/ceipjmarch\/wp-json\/wp\/v2\/users\/1"}],"replies":[{"embeddable":true,"href":"https:\/\/agora.xtec.cat\/ceipjmarch\/wp-json\/wp\/v2\/comments?post=1458"}],"version-history":[{"count":2,"href":"https:\/\/agora.xtec.cat\/ceipjmarch\/wp-json\/wp\/v2\/pages\/1458\/revisions"}],"predecessor-version":[{"id":1460,"href":"https:\/\/agora.xtec.cat\/ceipjmarch\/wp-json\/wp\/v2\/pages\/1458\/revisions\/1460"}],"up":[{"embeddable":true,"href":"https:\/\/agora.xtec.cat\/ceipjmarch\/wp-json\/wp\/v2\/pages\/64"}],"wp:attachment":[{"href":"https:\/\/agora.xtec.cat\/ceipjmarch\/wp-json\/wp\/v2\/media?parent=1458"}],"curies":[{"name":"wp","href":"https:\/\/api.w.org\/{rel}","templated":true}]}}