{"id":4003,"date":"2018-10-08T16:19:26","date_gmt":"2018-10-08T14:19:26","guid":{"rendered":"http:\/\/agora.xtec.cat\/ceipjbalmes\/?page_id=4003"},"modified":"2026-02-26T13:08:24","modified_gmt":"2026-02-26T12:08:24","slug":"projecte-educatiu-de-centre","status":"publish","type":"page","link":"https:\/\/agora.xtec.cat\/ceipjbalmes\/projecte-educatiu-de-centre\/","title":{"rendered":"Projecte educatiu"},"content":{"rendered":"<p class=\"normal\">Som una escola p\u00fablica de dues l\u00ednies que impartim Educaci\u00f3 Infantil i Educaci\u00f3 Prim\u00e0ria.<\/p>\n<p class=\"normal\">El nostre horari \u00e9s de 9:00 a 12:30 i de 15:00 a 16:30.<\/p>\n<p class=\"normal\">Entenem l\u2019educaci\u00f3 com un proc\u00e9s integral que t\u00e9 en compte molts aspectes: f\u00edsics, intel\u00b7lectuals, emocionals, \u00e8tics, est\u00e8tics i creatius. Ens esforcem per crear una escola on tothom hi tingui cabuda, on cada alumne hi pugui aprendre i tots hi siguem valorats.<\/p>\n<table style=\"border-collapse: collapse; width: 100%;\">\n<tbody>\n<tr>\n<td style=\"width: 33.3333%;\"><a href=\"https:\/\/agora.xtec.cat\/ceipjbalmes\/projecte-educatiu-de-centre\/oferta-educativa\/\" target=\"_blank\" rel=\"noopener\"><img loading=\"lazy\" decoding=\"async\" class=\"alignnone size-large wp-image-19830\" src=\"https:\/\/agora.xtec.cat\/ceipjbalmes\/wp-content\/uploads\/usu172\/2021\/11\/projecte-educatiu-1.png\" alt=\"\" width=\"500\" height=\"500\" srcset=\"https:\/\/agora.xtec.cat\/ceipjbalmes\/wp-content\/uploads\/usu172\/2021\/11\/projecte-educatiu-1.png 500w, https:\/\/agora.xtec.cat\/ceipjbalmes\/wp-content\/uploads\/usu172\/2021\/11\/projecte-educatiu-1-300x300.png 300w, https:\/\/agora.xtec.cat\/ceipjbalmes\/wp-content\/uploads\/usu172\/2021\/11\/projecte-educatiu-1-150x150.png 150w\" sizes=\"auto, (max-width: 500px) 100vw, 500px\" \/><\/a><\/td>\n<td style=\"width: 33.3333%;\"><a href=\"https:\/\/agora.xtec.cat\/ceipjbalmes\/projecte-educatiu-de-centre\/com-treballem\/\" target=\"_blank\" rel=\"noopener\"><img loading=\"lazy\" decoding=\"async\" class=\"alignnone size-large wp-image-19829\" src=\"https:\/\/agora.xtec.cat\/ceipjbalmes\/wp-content\/uploads\/usu172\/2021\/11\/projecte-educatiu-3.png\" alt=\"\" width=\"500\" height=\"500\" srcset=\"https:\/\/agora.xtec.cat\/ceipjbalmes\/wp-content\/uploads\/usu172\/2021\/11\/projecte-educatiu-3.png 500w, https:\/\/agora.xtec.cat\/ceipjbalmes\/wp-content\/uploads\/usu172\/2021\/11\/projecte-educatiu-3-300x300.png 300w, https:\/\/agora.xtec.cat\/ceipjbalmes\/wp-content\/uploads\/usu172\/2021\/11\/projecte-educatiu-3-150x150.png 150w\" sizes=\"auto, (max-width: 500px) 100vw, 500px\" \/><\/a><\/td>\n<td style=\"width: 33.3333%;\"><a href=\"https:\/\/agora.xtec.cat\/ceipjbalmes\/projecte-educatiu-de-centre\/projectes\/\" target=\"_blank\" rel=\"noopener\"><img loading=\"lazy\" decoding=\"async\" class=\"alignnone size-full wp-image-19828\" src=\"https:\/\/agora.xtec.cat\/ceipjbalmes\/wp-content\/uploads\/usu172\/2021\/11\/projecte-educatiu-2.png\" alt=\"\" width=\"500\" height=\"500\" srcset=\"https:\/\/agora.xtec.cat\/ceipjbalmes\/wp-content\/uploads\/usu172\/2021\/11\/projecte-educatiu-2.png 500w, https:\/\/agora.xtec.cat\/ceipjbalmes\/wp-content\/uploads\/usu172\/2021\/11\/projecte-educatiu-2-300x300.png 300w, https:\/\/agora.xtec.cat\/ceipjbalmes\/wp-content\/uploads\/usu172\/2021\/11\/projecte-educatiu-2-150x150.png 150w\" sizes=\"auto, (max-width: 500px) 100vw, 500px\" \/><\/a><\/td>\n<\/tr>\n<\/tbody>\n<\/table>\n<p style=\"text-align: center;\">\n","protected":false},"excerpt":{"rendered":"<p>Som una escola p\u00fablica de dues l\u00ednies que impartim Educaci\u00f3 Infantil i Educaci\u00f3 Prim\u00e0ria. El nostre horari \u00e9s de 9:00 a 12:30 i de 15:00 a 16:30. Entenem l\u2019educaci\u00f3 com un proc\u00e9s integral que t\u00e9 en compte molts aspectes: f\u00edsics, intel\u00b7lectuals, emocionals, \u00e8tics, est\u00e8tics i creatius. Ens esforcem per crear una escola on tothom hi [&hellip;]<\/p>\n","protected":false},"author":1,"featured_media":0,"parent":0,"menu_order":0,"comment_status":"closed","ping_status":"closed","template":"","meta":{"_bbp_topic_count":0,"_bbp_reply_count":0,"_bbp_total_topic_count":0,"_bbp_total_reply_count":0,"_bbp_voice_count":0,"_bbp_anonymous_reply_count":0,"_bbp_topic_count_hidden":0,"_bbp_reply_count_hidden":0,"_bbp_forum_subforum_count":0,"site-sidebar-layout":"default","site-content-layout":"","ast-site-content-layout":"default","site-content-style":"default","site-sidebar-style":"default","ast-global-header-display":"","ast-banner-title-visibility":"","ast-main-header-display":"","ast-hfb-above-header-display":"","ast-hfb-below-header-display":"","ast-hfb-mobile-header-display":"","site-post-title":"","ast-breadcrumbs-content":"","ast-featured-img":"","footer-sml-layout":"","theme-transparent-header-meta":"","adv-header-id-meta":"","stick-header-meta":"","header-above-stick-meta":"","header-main-stick-meta":"","header-below-stick-meta":"","astra-migrate-meta-layouts":"set","ast-page-background-enabled":"default","ast-page-background-meta":{"desktop":{"background-color":"var(--ast-global-color-4)","background-image":"","background-repeat":"repeat","background-position":"center center","background-size":"auto","background-attachment":"scroll","background-type":"","background-media":"","overlay-type":"","overlay-color":"","overlay-opacity":"","overlay-gradient":""},"tablet":{"background-color":"","background-image":"","background-repeat":"repeat","background-position":"center center","background-size":"auto","background-attachment":"scroll","background-type":"","background-media":"","overlay-type":"","overlay-color":"","overlay-opacity":"","overlay-gradient":""},"mobile":{"background-color":"","background-image":"","background-repeat":"repeat","background-position":"center center","background-size":"auto","background-attachment":"scroll","background-type":"","background-media":"","overlay-type":"","overlay-color":"","overlay-opacity":"","overlay-gradient":""}},"ast-content-background-meta":{"desktop":{"background-color":"var(--ast-global-color-5)","background-image":"","background-repeat":"repeat","background-position":"center center","background-size":"auto","background-attachment":"scroll","background-type":"","background-media":"","overlay-type":"","overlay-color":"","overlay-opacity":"","overlay-gradient":""},"tablet":{"background-color":"var(--ast-global-color-5)","background-image":"","background-repeat":"repeat","background-position":"center center","background-size":"auto","background-attachment":"scroll","background-type":"","background-media":"","overlay-type":"","overlay-color":"","overlay-opacity":"","overlay-gradient":""},"mobile":{"background-color":"var(--ast-global-color-5)","background-image":"","background-repeat":"repeat","background-position":"center center","background-size":"auto","background-attachment":"scroll","background-type":"","background-media":"","overlay-type":"","overlay-color":"","overlay-opacity":"","overlay-gradient":""}},"footnotes":""},"class_list":["post-4003","page","type-page","status-publish","hentry"],"post_mailing_queue_ids":[],"_links":{"self":[{"href":"https:\/\/agora.xtec.cat\/ceipjbalmes\/wp-json\/wp\/v2\/pages\/4003","targetHints":{"allow":["GET"]}}],"collection":[{"href":"https:\/\/agora.xtec.cat\/ceipjbalmes\/wp-json\/wp\/v2\/pages"}],"about":[{"href":"https:\/\/agora.xtec.cat\/ceipjbalmes\/wp-json\/wp\/v2\/types\/page"}],"author":[{"embeddable":true,"href":"https:\/\/agora.xtec.cat\/ceipjbalmes\/wp-json\/wp\/v2\/users\/1"}],"replies":[{"embeddable":true,"href":"https:\/\/agora.xtec.cat\/ceipjbalmes\/wp-json\/wp\/v2\/comments?post=4003"}],"version-history":[{"count":3,"href":"https:\/\/agora.xtec.cat\/ceipjbalmes\/wp-json\/wp\/v2\/pages\/4003\/revisions"}],"predecessor-version":[{"id":21140,"href":"https:\/\/agora.xtec.cat\/ceipjbalmes\/wp-json\/wp\/v2\/pages\/4003\/revisions\/21140"}],"wp:attachment":[{"href":"https:\/\/agora.xtec.cat\/ceipjbalmes\/wp-json\/wp\/v2\/media?parent=4003"}],"curies":[{"name":"wp","href":"https:\/\/api.w.org\/{rel}","templated":true}]}}