{"id":498,"date":"2017-09-26T13:20:16","date_gmt":"2017-09-26T11:20:16","guid":{"rendered":"http:\/\/agora.xtec.cat\/ceipjaumeilasenia\/?page_id=498"},"modified":"2025-10-03T13:38:30","modified_gmt":"2025-10-03T11:38:30","slug":"blocs-de-les-classes","status":"publish","type":"page","link":"https:\/\/agora.xtec.cat\/ceipjaumeilasenia\/blocs-de-les-classes\/","title":{"rendered":"Fotos i v\u00eddeos d&#8217;activitats a l&#8217;Escola"},"content":{"rendered":"<p>En aquest enlla\u00e7os trobareu fotografies, v\u00eddeos i altres documents relacionats amb el dia a dia a les aules dels i les alumnes de l&#8217;escola.<\/p>\n<ul style=\"list-style-type: disc;\">\n<li>\n<h3><span style=\"text-decoration: underline;\"><strong>EDUCACI\u00d3 F\u00cdSICA<\/strong><\/span><\/h3>\n<p><a href=\"http:\/\/blocs.xtec.cat\/efescolalasenia\/\">\u00a0 http:\/\/blocs.xtec.cat\/efescolalasenia\/<\/a><\/li>\n<\/ul>\n<p>&nbsp;<\/p>\n<ul style=\"list-style-type: disc;\">\n<li>\n<h3><span style=\"text-decoration: underline;\"><strong>EDUCACI\u00d3 INFANTIL<\/strong><\/span><\/h3>\n<\/li>\n<\/ul>\n<h3><span style=\"text-decoration: underline;\">Curs 2019-20<\/span><\/h3>\n<p><strong>Ambients: <a href=\"https:\/\/photos.app.goo.gl\/2smwYBy4gviFdcKK6\">https:\/\/photos.app.goo.gl\/2smwYBy4gviFdcKK6<\/a><\/strong><\/p>\n<p><strong>M\u00fasica i angl\u00e8s:\u00a0<a href=\"https:\/\/photos.app.goo.gl\/u3fzhaHhzYrkoTsm8\">https:\/\/photos.app.goo.gl\/u3fzhaHhzYrkoTsm8<\/a><\/strong><\/p>\n<p><strong>Tardes amb fam\u00edlia: <a href=\"https:\/\/photos.app.goo.gl\/1ZEEaU1xkNffH45g9\">https:\/\/photos.app.goo.gl\/1ZEEaU1xkNffH45g9<\/a><br \/>\n<\/strong><\/p>\n<p><strong>Programa SI (Salut Integral): <a href=\"https:\/\/photos.app.goo.gl\/hQuXd9nkqVm4yoFY6\">https:\/\/photos.app.goo.gl\/hQuXd9nkqVm4yoFY6<\/a><\/strong><\/p>\n<p>&nbsp;<\/p>\n<h3><strong><span style=\"text-decoration: underline;\">Curs 2018-19<\/span><\/strong><\/h3>\n<p><strong><em>Ambients<\/em>: <a href=\"https:\/\/photos.app.goo.gl\/YN4jBP9XXttM61Xm9\">https:\/\/photos.app.goo.gl\/YN4jBP9XXttM61Xm9<\/a><br \/>\n<\/strong><\/p>\n<p><em><strong>M\u00fasica i angl\u00e8s d&#8217;infantil: <a href=\"https:\/\/photos.app.goo.gl\/MhmZebf2ndoGtdtv7\">https:\/\/photos.app.goo.gl\/MhmZebf2ndoGtdtv7<\/a><br \/>\n<\/strong><\/em><\/p>\n<p><strong><em>L&#8217;hort<\/em>: <a href=\"https:\/\/photos.app.goo.gl\/EupS1Zj8Dh5uXKzn6\">https:\/\/photos.app.goo.gl\/EupS1Zj8Dh5uXKzn6<\/a><br \/>\n<\/strong><\/p>\n<p><strong><em>Tardes en fam\u00edlia<\/em>: <a href=\"https:\/\/photos.app.goo.gl\/D8ohaH3BEppyHGHu6\">https:\/\/photos.app.goo.gl\/D8ohaH3BEppyHGHu6<\/a><\/strong><\/p>\n<p>&nbsp;<\/p>\n<h3><span style=\"text-decoration: underline;\">Curs 2017-18<\/span><\/h3>\n<p><strong><em>Programa SI<\/em> (salut integral):<\/strong><\/p>\n<p>1r trimestre: <a href=\"https:\/\/photos.app.goo.gl\/4fZ8vWd1EwLLz4Lp1\">https:\/\/photos.app.goo.gl\/4fZ8vWd1EwLLz4Lp1<\/a><\/p>\n<p>2on trimestre: <a href=\"https:\/\/photos.app.goo.gl\/rLuW8hF6lEQHtDi23\">https:\/\/photos.app.goo.gl\/rLuW8hF6lEQHtDi23<\/a><\/p>\n<p><strong><em>Tardes en fam\u00edlia<\/em>:<\/strong> <a href=\"https:\/\/photos.app.goo.gl\/7OOxuVArMs8B7MEl2\">https:\/\/photos.app.goo.gl\/7OOxuVArMs8B7MEl2<\/a><\/p>\n<p><strong><em>Ambients<\/em>:<\/strong>\u00a0<a href=\"https:\/\/photos.app.goo.gl\/WzgsFryEd1svuWrg1\">https:\/\/photos.app.goo.gl\/WzgsFryEd1svuWrg1<\/a><\/p>\n<p><em><strong>M\u00fasica i angl\u00e8s d&#8217;infantil:<\/strong><\/em> <a href=\"https:\/\/photos.app.goo.gl\/XKZzRhVAs7GTeCG13\">https:\/\/photos.app.goo.gl\/XKZzRhVAs7GTeCG13<\/a><\/p>\n<p>I per <strong>Santa Cec\u00edlia<\/strong>, alumnes de 6\u00e8 es van fer audicions per als m\u00e9s petits\/es:<\/p>\n<p><a href=\"https:\/\/photos.app.goo.gl\/q01UNhAxoM9Vo1b72\">\u00a0\u00a0\u00a0\u00a0\u00a0\u00a0\u00a0\u00a0\u00a0\u00a0\u00a0\u00a0\u00a0\u00a0\u00a0\u00a0\u00a0\u00a0\u00a0\u00a0\u00a0\u00a0\u00a0\u00a0 https:\/\/photos.app.goo.gl\/q01UNhAxoM9Vo1b72<\/a><\/p>\n<p>&nbsp;<\/p>\n<h3><span style=\"text-decoration: underline;\"><strong>Cursos anteriors:<\/strong><\/span><\/h3>\n<h5><strong>El bloc d&#8217;Infantil: <\/strong><a href=\"http:\/\/blocs.xtec.cat\/infantillasenia\/\">http:\/\/blocs.xtec.cat\/infantillasenia\/<\/a><\/h5>\n","protected":false},"excerpt":{"rendered":"<p>En aquest enlla\u00e7os trobareu fotografies, v\u00eddeos i altres documents relacionats amb el dia a dia a les aules dels i les alumnes de l&#8217;escola. EDUCACI\u00d3 F\u00cdSICA \u00a0 http:\/\/blocs.xtec.cat\/efescolalasenia\/ &nbsp; EDUCACI\u00d3 INFANTIL Curs 2019-20 Ambients: https:\/\/photos.app.goo.gl\/2smwYBy4gviFdcKK6 M\u00fasica i angl\u00e8s:\u00a0https:\/\/photos.app.goo.gl\/u3fzhaHhzYrkoTsm8 Tardes amb fam\u00edlia: https:\/\/photos.app.goo.gl\/1ZEEaU1xkNffH45g9 Programa SI (Salut Integral): https:\/\/photos.app.goo.gl\/hQuXd9nkqVm4yoFY6 &nbsp; Curs 2018-19 Ambients: https:\/\/photos.app.goo.gl\/YN4jBP9XXttM61Xm9 M\u00fasica i angl\u00e8s [&hellip;]<\/p>\n","protected":false},"author":1,"featured_media":0,"parent":0,"menu_order":0,"comment_status":"closed","ping_status":"closed","template":"","meta":{"_bbp_topic_count":0,"_bbp_reply_count":0,"_bbp_total_topic_count":0,"_bbp_total_reply_count":0,"_bbp_voice_count":0,"_bbp_anonymous_reply_count":0,"_bbp_topic_count_hidden":0,"_bbp_reply_count_hidden":0,"_bbp_forum_subforum_count":0,"site-sidebar-layout":"default","site-content-layout":"","ast-site-content-layout":"default","site-content-style":"default","site-sidebar-style":"default","ast-global-header-display":"","ast-banner-title-visibility":"","ast-main-header-display":"","ast-hfb-above-header-display":"","ast-hfb-below-header-display":"","ast-hfb-mobile-header-display":"","site-post-title":"","ast-breadcrumbs-content":"","ast-featured-img":"","footer-sml-layout":"","theme-transparent-header-meta":"default","adv-header-id-meta":"","stick-header-meta":"","header-above-stick-meta":"","header-main-stick-meta":"","header-below-stick-meta":"","astra-migrate-meta-layouts":"set","ast-page-background-enabled":"default","ast-page-background-meta":{"desktop":{"background-color":"var(--ast-global-color-4)","background-image":"","background-repeat":"repeat","background-position":"center center","background-size":"auto","background-attachment":"scroll","background-type":"","background-media":"","overlay-type":"","overlay-color":"","overlay-opacity":"","overlay-gradient":""},"tablet":{"background-color":"","background-image":"","background-repeat":"repeat","background-position":"center center","background-size":"auto","background-attachment":"scroll","background-type":"","background-media":"","overlay-type":"","overlay-color":"","overlay-opacity":"","overlay-gradient":""},"mobile":{"background-color":"","background-image":"","background-repeat":"repeat","background-position":"center center","background-size":"auto","background-attachment":"scroll","background-type":"","background-media":"","overlay-type":"","overlay-color":"","overlay-opacity":"","overlay-gradient":""}},"ast-content-background-meta":{"desktop":{"background-color":"var(--ast-global-color-5)","background-image":"","background-repeat":"repeat","background-position":"center center","background-size":"auto","background-attachment":"scroll","background-type":"","background-media":"","overlay-type":"","overlay-color":"","overlay-opacity":"","overlay-gradient":""},"tablet":{"background-color":"var(--ast-global-color-5)","background-image":"","background-repeat":"repeat","background-position":"center center","background-size":"auto","background-attachment":"scroll","background-type":"","background-media":"","overlay-type":"","overlay-color":"","overlay-opacity":"","overlay-gradient":""},"mobile":{"background-color":"var(--ast-global-color-5)","background-image":"","background-repeat":"repeat","background-position":"center center","background-size":"auto","background-attachment":"scroll","background-type":"","background-media":"","overlay-type":"","overlay-color":"","overlay-opacity":"","overlay-gradient":""}},"footnotes":""},"class_list":["post-498","page","type-page","status-publish","hentry"],"post_mailing_queue_ids":[],"_links":{"self":[{"href":"https:\/\/agora.xtec.cat\/ceipjaumeilasenia\/wp-json\/wp\/v2\/pages\/498","targetHints":{"allow":["GET"]}}],"collection":[{"href":"https:\/\/agora.xtec.cat\/ceipjaumeilasenia\/wp-json\/wp\/v2\/pages"}],"about":[{"href":"https:\/\/agora.xtec.cat\/ceipjaumeilasenia\/wp-json\/wp\/v2\/types\/page"}],"author":[{"embeddable":true,"href":"https:\/\/agora.xtec.cat\/ceipjaumeilasenia\/wp-json\/wp\/v2\/users\/1"}],"replies":[{"embeddable":true,"href":"https:\/\/agora.xtec.cat\/ceipjaumeilasenia\/wp-json\/wp\/v2\/comments?post=498"}],"version-history":[{"count":4,"href":"https:\/\/agora.xtec.cat\/ceipjaumeilasenia\/wp-json\/wp\/v2\/pages\/498\/revisions"}],"predecessor-version":[{"id":601,"href":"https:\/\/agora.xtec.cat\/ceipjaumeilasenia\/wp-json\/wp\/v2\/pages\/498\/revisions\/601"}],"wp:attachment":[{"href":"https:\/\/agora.xtec.cat\/ceipjaumeilasenia\/wp-json\/wp\/v2\/media?parent=498"}],"curies":[{"name":"wp","href":"https:\/\/api.w.org\/{rel}","templated":true}]}}