{"id":1658,"date":"2022-03-10T13:02:56","date_gmt":"2022-03-10T12:02:56","guid":{"rendered":"https:\/\/agora.xtec.cat\/ceipjaumeilasenia\/?page_id=1658"},"modified":"2023-02-28T13:26:32","modified_gmt":"2023-02-28T12:26:32","slug":"comunicacio-amb-la-comunitat-educativa","status":"publish","type":"page","link":"https:\/\/agora.xtec.cat\/ceipjaumeilasenia\/estrategia-digital-de-centre\/comunicacio-amb-la-comunitat-educativa\/","title":{"rendered":"Comunicaci\u00f3 amb la comunitat educativa"},"content":{"rendered":"<p>A l\u2019escola utilitzem l\u2019app del <strong>Classdojo<\/strong> que \u00e9s una plataforma virtual per poder treballar a l\u2019aula juntament amb les fam\u00edlies.<\/p>\n<p>La utilitzem com a mitj\u00e0 de comunicaci\u00f3 ja que \u00e9s instant\u00e0nia. Els missatges que s\u2019envien poden ser personals, d\u2019aula o d\u2019escola. Nom\u00e9s \u00e9s necessita descarregar-se l\u2019app o entrar a la web https:\/\/www.classdojo.com\/es-es\/ i amb el codi que facilita el\/la mestre\/a als i les alumnes nom\u00e9s cal registrar-se i posar el codi.<\/p>\n<p>Amb aquesta plataforma virtual podem a m\u00e9s de comunicar-nos amb les fam\u00edlies seguir el dia a dia a l\u2019aula amb la hist\u00f2ria de la classe on es pengen , fotos, escrits\u2026 del que est\u00e0 passant a l\u2019aula dels seus fills\/es.<\/p>\n<p>En canvi, per a les informacions generals d&#8217;Escola utilitzem grups de difusi\u00f3 de <strong>WhatsApp<\/strong>.<\/p>\n<p>Compartim el Pla de Comunicaci\u00f3 de l&#8217;Escola on es detallen els protocols i els canals i formes en qu\u00e8 es comuniquen les diverses informacions en cada col\u00b7lectiu de la comunitat educativa:<\/p>\n<p><a href=\"https:\/\/agora.xtec.cat\/ceipjaumeilasenia\/wp-content\/uploads\/usu1105\/2023\/02\/PLA-DE-COMUNICACIO-Escola-MJOA.pdf\">PLA-DE-COMUNICACI\u00d3- Escola MJOA<\/a><\/p>\n","protected":false},"excerpt":{"rendered":"<p>A l\u2019escola utilitzem l\u2019app del Classdojo que \u00e9s una plataforma virtual per poder treballar a l\u2019aula juntament amb les fam\u00edlies. La utilitzem com a mitj\u00e0 de comunicaci\u00f3 ja que \u00e9s instant\u00e0nia. Els missatges que s\u2019envien poden ser personals, d\u2019aula o d\u2019escola. Nom\u00e9s \u00e9s necessita descarregar-se l\u2019app o entrar a la web https:\/\/www.classdojo.com\/es-es\/ i amb el [&hellip;]<\/p>\n","protected":false},"author":1,"featured_media":0,"parent":1645,"menu_order":0,"comment_status":"closed","ping_status":"closed","template":"","meta":{"_bbp_topic_count":0,"_bbp_reply_count":0,"_bbp_total_topic_count":0,"_bbp_total_reply_count":0,"_bbp_voice_count":0,"_bbp_anonymous_reply_count":0,"_bbp_topic_count_hidden":0,"_bbp_reply_count_hidden":0,"_bbp_forum_subforum_count":0,"site-sidebar-layout":"default","site-content-layout":"","ast-site-content-layout":"","site-content-style":"default","site-sidebar-style":"default","ast-global-header-display":"","ast-banner-title-visibility":"","ast-main-header-display":"","ast-hfb-above-header-display":"","ast-hfb-below-header-display":"","ast-hfb-mobile-header-display":"","site-post-title":"","ast-breadcrumbs-content":"","ast-featured-img":"","footer-sml-layout":"","theme-transparent-header-meta":"","adv-header-id-meta":"","stick-header-meta":"","header-above-stick-meta":"","header-main-stick-meta":"","header-below-stick-meta":"","astra-migrate-meta-layouts":"default","ast-page-background-enabled":"default","ast-page-background-meta":{"desktop":{"background-color":"var(--ast-global-color-4)","background-image":"","background-repeat":"repeat","background-position":"center center","background-size":"auto","background-attachment":"scroll","background-type":"","background-media":"","overlay-type":"","overlay-color":"","overlay-opacity":"","overlay-gradient":""},"tablet":{"background-color":"","background-image":"","background-repeat":"repeat","background-position":"center center","background-size":"auto","background-attachment":"scroll","background-type":"","background-media":"","overlay-type":"","overlay-color":"","overlay-opacity":"","overlay-gradient":""},"mobile":{"background-color":"","background-image":"","background-repeat":"repeat","background-position":"center center","background-size":"auto","background-attachment":"scroll","background-type":"","background-media":"","overlay-type":"","overlay-color":"","overlay-opacity":"","overlay-gradient":""}},"ast-content-background-meta":{"desktop":{"background-color":"var(--ast-global-color-5)","background-image":"","background-repeat":"repeat","background-position":"center center","background-size":"auto","background-attachment":"scroll","background-type":"","background-media":"","overlay-type":"","overlay-color":"","overlay-opacity":"","overlay-gradient":""},"tablet":{"background-color":"var(--ast-global-color-5)","background-image":"","background-repeat":"repeat","background-position":"center center","background-size":"auto","background-attachment":"scroll","background-type":"","background-media":"","overlay-type":"","overlay-color":"","overlay-opacity":"","overlay-gradient":""},"mobile":{"background-color":"var(--ast-global-color-5)","background-image":"","background-repeat":"repeat","background-position":"center center","background-size":"auto","background-attachment":"scroll","background-type":"","background-media":"","overlay-type":"","overlay-color":"","overlay-opacity":"","overlay-gradient":""}},"footnotes":""},"class_list":["post-1658","page","type-page","status-publish","hentry"],"post_mailing_queue_ids":[],"_links":{"self":[{"href":"https:\/\/agora.xtec.cat\/ceipjaumeilasenia\/wp-json\/wp\/v2\/pages\/1658","targetHints":{"allow":["GET"]}}],"collection":[{"href":"https:\/\/agora.xtec.cat\/ceipjaumeilasenia\/wp-json\/wp\/v2\/pages"}],"about":[{"href":"https:\/\/agora.xtec.cat\/ceipjaumeilasenia\/wp-json\/wp\/v2\/types\/page"}],"author":[{"embeddable":true,"href":"https:\/\/agora.xtec.cat\/ceipjaumeilasenia\/wp-json\/wp\/v2\/users\/1"}],"replies":[{"embeddable":true,"href":"https:\/\/agora.xtec.cat\/ceipjaumeilasenia\/wp-json\/wp\/v2\/comments?post=1658"}],"version-history":[{"count":3,"href":"https:\/\/agora.xtec.cat\/ceipjaumeilasenia\/wp-json\/wp\/v2\/pages\/1658\/revisions"}],"predecessor-version":[{"id":2163,"href":"https:\/\/agora.xtec.cat\/ceipjaumeilasenia\/wp-json\/wp\/v2\/pages\/1658\/revisions\/2163"}],"up":[{"embeddable":true,"href":"https:\/\/agora.xtec.cat\/ceipjaumeilasenia\/wp-json\/wp\/v2\/pages\/1645"}],"wp:attachment":[{"href":"https:\/\/agora.xtec.cat\/ceipjaumeilasenia\/wp-json\/wp\/v2\/media?parent=1658"}],"curies":[{"name":"wp","href":"https:\/\/api.w.org\/{rel}","templated":true}]}}