{"id":4289,"date":"2018-10-29T13:32:41","date_gmt":"2018-10-29T12:32:41","guid":{"rendered":"http:\/\/agora.xtec.cat\/ceipitaca\/?page_id=4289"},"modified":"2025-03-17T09:24:57","modified_gmt":"2025-03-17T08:24:57","slug":"first-lego-league-2","status":"publish","type":"page","link":"https:\/\/agora.xtec.cat\/ceipitaca\/projectes\/first-lego-league-2\/","title":{"rendered":"First Lego League"},"content":{"rendered":"<p><a href=\"https:\/\/agora.xtec.cat\/ceipitaca\/wp-content\/uploads\/usu141\/2018\/10\/first-lego.jpg\"><img loading=\"lazy\" decoding=\"async\" class=\" wp-image-4317 alignleft\" src=\"https:\/\/agora.xtec.cat\/ceipitaca\/wp-content\/uploads\/usu141\/2018\/10\/first-lego.jpg\" alt=\"\" width=\"83\" height=\"83\" srcset=\"https:\/\/agora.xtec.cat\/ceipitaca\/wp-content\/uploads\/usu141\/2018\/10\/first-lego.jpg 225w, https:\/\/agora.xtec.cat\/ceipitaca\/wp-content\/uploads\/usu141\/2018\/10\/first-lego-150x150.jpg 150w\" sizes=\"auto, (max-width: 83px) 100vw, 83px\" \/><\/a>Cada any a l&#8217;agost,\u00a0<i>FIRST LEGO<\/i>\u00a0League presenta un desafiament al m\u00f3n cient\u00edfic i al m\u00f3n real perqu\u00e8 els equips se centrin en la investigaci\u00f3. La part rob\u00f2tica de la competici\u00f3 consisteix en el disseny i programaci\u00f3 de robots\u00a0<a title=\"Lego Mindstorms\" href=\"https:\/\/ca.wikipedia.org\/wiki\/Lego_Mindstorms\">LEGO Mindstorms<\/a>\u00a0per a completar les tasques. Els estudiants porten a terme solucions als diversos problemes que se&#8217;ls d\u00f3na i despr\u00e9s es reuneixen per als tornejos regionals per compartir els seus coneixements, comparar idees i mostrar els seus robots.<\/p>\n<p><b>Els participants a\u00a0FLL<\/b><sup id=\"cite_ref-1\" class=\"reference\"><\/sup><b>:<\/b><\/p>\n<ul>\n<li>Dissenyen, construeixen, proven i programen<b>\u00a0robots<\/b>\u00a0utilitzant la tecnologia LEGO\u00ae MINDSTORMS\u00ae.<\/li>\n<li><b>Investiguen i resolen<\/b>\u00a0els mateixos\u00a0<b>desafiaments<\/b>\u00a0que els cient\u00edfics d\u2019avui.<\/li>\n<li>Apliquen conceptes de matem\u00e0tiques i ci\u00e8ncies en la\u00a0<b>vida real.<\/b><\/li>\n<li>Desenvolupen les\u00a0<b>habilitats i compet\u00e8ncies del s. XXI<\/b>\u00a0com el treball en equip, la resoluci\u00f3 de problemes i la comunicaci\u00f3.<\/li>\n<li><b>Comparteixen els seus aprenentatges<\/b>\u00a0juntament amb m\u00e9s equips en els esdeveniments FLL.<\/li>\n<\/ul>\n<p>Al comen\u00e7ament de la temporada de competici\u00f3,\u00a0<b><a class=\"extiw\" title=\"en:FIRST Lego League\" href=\"https:\/\/en.wikipedia.org\/wiki\/FIRST_Lego_League\">First Lego League<\/a><\/b> envia materials oficials a cada equip inscrit, que consisteix en una &#8216;catifa de desafiament&#8217;, peces de Lego i les instruccions per a la construcci\u00f3 dels elements de l&#8217;estora. Els equips tamb\u00e9 reben una llista de tasques, anomenades &#8216;missions&#8217;, per completar la participaci\u00f3 de cada model a l&#8217;estora (\u00e9s a dir, tenint una pe\u00e7a solta d&#8217;un model i col\u00b7locant-la dins d&#8217;un altre). FLL dona als equips la llibertat de com completar les missions, sempre que s&#8217;hagin completat per un robot LEGO Mindstorms programada sense ajuda externa. El robot t\u00e9 dos minuts i mig per completar les missions. Cada equip t\u00e9 una mitjana de 75 dies per analitzar el desafiament de l&#8217;estora, dissenyar i construir un robot\u00a0<a title=\"Lego Mindstorms\" href=\"https:\/\/ca.wikipedia.org\/wiki\/Lego_Mindstorms\">LEGO Mindstorms,<\/a>\u00a0i programar-lo per complir les missions que de qualsevol manera considerin oport\u00fa. El robot ha de ser aut\u00f2nom i pot contenir nom\u00e9s un Mindstorms de Lego bloc programable i no m\u00e9s de 4 motors.<\/p>\n<p>A m\u00e9s de la carrera de robot en viu, la competici\u00f3 t\u00e9 <b>tres competicions<\/b> addicionals.<\/p>\n<ol>\n<li><b>Valors fonamentals.<\/b>\u00a0Aquest est\u00e0 dissenyat per detectar com l&#8217;equip treballa en conjunt i utilitza els valors fonamentals de FLL, que inclouen el treball en equip, cortesia professional i Coopertition (cooperaci\u00f3 + competici\u00f3). Tamb\u00e9 es demana als equips de realitzar un exercici de treball en equip (en general temporitzada).<\/li>\n<li>El\u00a0<b>disseny del robo<\/b><strong>t<\/strong> o la t\u00e8cnica on l&#8217;equip explica com van dissenyar el seu robot i demostra els seus programes als jutges.<\/li>\n<li>Els estudiants han d&#8217;<b>investigar un tema relacionat<\/b>\u00a0amb el desafiament actual i\u00a0<b>crear una soluci\u00f3 innovadora<\/b>. Els equips tenen 5 minuts per presentar les seves idees i els jutges tamb\u00e9 en tenen 5 per fer preguntes. Finalment, els estudiants han d&#8217;utilitzar els robots que van dissenyar i van construir per completar de forma aut\u00f2noma una s\u00e8rie de missions a l&#8217;estora de desafiament.<\/li>\n<\/ol>\n<p><iframe loading=\"lazy\" title=\"M1 Rampa\" width=\"500\" height=\"281\" src=\"https:\/\/www.youtube.com\/embed\/Ns8gAlIGSzI?feature=oembed\" frameborder=\"0\" allow=\"accelerometer; autoplay; clipboard-write; encrypted-media; gyroscope; picture-in-picture; web-share\" referrerpolicy=\"strict-origin-when-cross-origin\" allowfullscreen><\/iframe><\/p>\n<p><iframe loading=\"lazy\" title=\"M11 Edificis Vermells\" width=\"500\" height=\"281\" src=\"https:\/\/www.youtube.com\/embed\/jzJeYabXS4w?feature=oembed\" frameborder=\"0\" allow=\"accelerometer; autoplay; clipboard-write; encrypted-media; gyroscope; picture-in-picture; web-share\" referrerpolicy=\"strict-origin-when-cross-origin\" allowfullscreen><\/iframe><\/p>\n","protected":false},"excerpt":{"rendered":"<p><a href=\"https:\/\/agora.xtec.cat\/ceipitaca\/wp-content\/uploads\/usu141\/2018\/10\/first-lego.jpg\"><\/a>Cada any a l&#8217;agost,\u00a0FIRST LEGO\u00a0League presenta un desafiament al m\u00f3n cient\u00edfic i al m\u00f3n real perqu\u00e8 els equips se centrin en la investigaci\u00f3. La part rob\u00f2tica de la competici\u00f3 consisteix en el disseny i programaci\u00f3 de robots\u00a0<a title=\"Lego Mindstorms\" href=\"https:\/\/ca.wikipedia.org\/wiki\/Lego_Mindstorms\">LEGO Mindstorms<\/a>\u00a0per a completar les&hellip;  <a href=\"https:\/\/agora.xtec.cat\/ceipitaca\/projectes\/first-lego-league-2\/\" title=\"Read First Lego League\">Llegeix m\u00e9s\u00bb<\/a><\/p>\n","protected":false},"author":1,"featured_media":0,"parent":4303,"menu_order":5,"comment_status":"closed","ping_status":"closed","template":"page-templates\/side-menu.php","meta":{"_bbp_topic_count":0,"_bbp_reply_count":0,"_bbp_total_topic_count":0,"_bbp_total_reply_count":0,"_bbp_voice_count":0,"_bbp_anonymous_reply_count":0,"_bbp_topic_count_hidden":0,"_bbp_reply_count_hidden":0,"_bbp_forum_subforum_count":0,"footnotes":""},"class_list":["post-4289","page","type-page","status-publish","hentry"],"post_mailing_queue_ids":[],"_links":{"self":[{"href":"https:\/\/agora.xtec.cat\/ceipitaca\/wp-json\/wp\/v2\/pages\/4289","targetHints":{"allow":["GET"]}}],"collection":[{"href":"https:\/\/agora.xtec.cat\/ceipitaca\/wp-json\/wp\/v2\/pages"}],"about":[{"href":"https:\/\/agora.xtec.cat\/ceipitaca\/wp-json\/wp\/v2\/types\/page"}],"author":[{"embeddable":true,"href":"https:\/\/agora.xtec.cat\/ceipitaca\/wp-json\/wp\/v2\/users\/1"}],"replies":[{"embeddable":true,"href":"https:\/\/agora.xtec.cat\/ceipitaca\/wp-json\/wp\/v2\/comments?post=4289"}],"version-history":[{"count":4,"href":"https:\/\/agora.xtec.cat\/ceipitaca\/wp-json\/wp\/v2\/pages\/4289\/revisions"}],"predecessor-version":[{"id":4369,"href":"https:\/\/agora.xtec.cat\/ceipitaca\/wp-json\/wp\/v2\/pages\/4289\/revisions\/4369"}],"up":[{"embeddable":true,"href":"https:\/\/agora.xtec.cat\/ceipitaca\/wp-json\/wp\/v2\/pages\/4303"}],"wp:attachment":[{"href":"https:\/\/agora.xtec.cat\/ceipitaca\/wp-json\/wp\/v2\/media?parent=4289"}],"curies":[{"name":"wp","href":"https:\/\/api.w.org\/{rel}","templated":true}]}}