{"id":28,"date":"2014-09-18T12:29:35","date_gmt":"2014-09-18T12:29:35","guid":{"rendered":"http:\/\/agora.xtec.cat\/ceipitaca\/?page_id=28"},"modified":"2026-01-23T09:19:32","modified_gmt":"2026-01-23T08:19:32","slug":"consell-escolar","status":"publish","type":"page","link":"https:\/\/agora.xtec.cat\/ceipitaca\/lescola\/consell-escolar\/","title":{"rendered":"Consell escolar"},"content":{"rendered":"<p><strong>Qu\u00e8 \u00e9s el consell escolar?<\/strong>\u00a0El consell escolar \u00e9s l\u2019\u00f2rgan de participaci\u00f3 dels diferents sectors de la comunitat educativa en el govern dels centres.<\/p>\n<p><strong>Qui forma el consell escolar?<\/strong>\u00a0El formen els representants de tota la comunitat educativa, \u00e9s a dir, direcci\u00f3, mestres, alumnes, fam\u00edlies, personal d\u2019administraci\u00f3 i serveis, representant de l\u2019administraci\u00f3 local i altres persones que el mateix consell consideri necess\u00e0ries.<\/p>\n<p><strong>Quina \u00e9s la funci\u00f3 del consell escolar?<\/strong>\u00a0La funci\u00f3 principal del consell escolar \u00e9s participar en la presa de decisions en relaci\u00f3 amb aquells temes importants per al funcionament i l\u2019organitzaci\u00f3 del centre: el projecte educatiu, la programaci\u00f3 general, la gesti\u00f3 econ\u00f2mica, la resoluci\u00f3 dels conflictes, les activitats extraescolars, l\u2019horari lectiu,..<\/p>\n<p><strong>Cada quan \u00e9s convoquen eleccions?<\/strong>\u00a0Els representants del consell escolar s\u00f3n escollits per un per\u00edode de quatre anys, per\u00f2 cada dos anys es convoquen eleccions per renovar la meitat dels seus membres.<\/p>\n<p><strong>Els membres del Consell Escolar s\u00f3n:<\/strong><\/p>\n<p><strong>Equip Directiu:\u00a0<\/strong><\/p>\n<ul>\n<li><span style=\"font-weight: 400;\"><strong> Directora<\/strong>: S\u00f2nia Benito Flores\u00a0<\/span><\/li>\n<li><span style=\"font-weight: 400;\"><strong> Cap d\u2019estudis<\/strong>: Mercedes de Tena<\/span><\/li>\n<li><span style=\"font-weight: 400;\"><strong> Secretari:<\/strong> Jos\u00e9 Luis Rodr\u00edguez Iglesias\u00a0<\/span><\/li>\n<\/ul>\n<p><strong>Representants Sector Mestres:\u00a0<\/strong><\/p>\n<ul>\n<li style=\"font-weight: 400;\" aria-level=\"1\"><span style=\"font-weight: 400;\">Eva Mart\u00edn<\/span><\/li>\n<li style=\"font-weight: 400;\" aria-level=\"1\"><span style=\"font-weight: 400;\">Lorena Garcia<\/span><\/li>\n<li style=\"font-weight: 400;\" aria-level=\"1\"><span style=\"font-weight: 400;\">Sara Arnau<\/span><\/li>\n<li style=\"font-weight: 400;\" aria-level=\"1\">Carmen Santamaria<\/li>\n<li style=\"font-weight: 400;\" aria-level=\"1\"><span style=\"font-weight: 400;\">Robert Madue\u00f1o<\/span><\/li>\n<li style=\"font-weight: 400;\" aria-level=\"1\">Oscar Rodr\u00edguez<\/li>\n<\/ul>\n<p><strong>Representants de les fam\u00edlies:\u00a0<\/strong><\/p>\n<ul>\n<li>Jos\u00e9 Joaqu\u00edn Gracia<\/li>\n<li>Jimena Quintian<\/li>\n<li><span style=\"font-weight: 400;\"> Montserrat Celdr\u00e1n<\/span><\/li>\n<li>Zeus Villalonga<\/li>\n<li>Ana G\u00f3mez<\/li>\n<\/ul>\n<p><strong>Representant AFA:\u00a0<\/strong><\/p>\n<ul>\n<li><span style=\"font-weight: 400;\"> Ricart Gratac\u00f3s\u00a0<\/span><\/li>\n<\/ul>\n<p><strong>Representant PAS:\u00a0<\/strong><\/p>\n<ul>\n<li><span style=\"font-weight: 400;\"> Iv\u00e1n Mart\u00ednez<\/span><\/li>\n<\/ul>\n<p><strong>Representant PAE:\u00a0<\/strong><\/p>\n<ul>\n<li>Marta Ferrer<\/li>\n<\/ul>\n<p><strong>Representant Municipal:\u00a0<\/strong><\/p>\n<ul>\n<li><span style=\"font-weight: 400;\"> Flora Torrents <\/span><\/li>\n<\/ul>\n<p><a href=\"https:\/\/docs.google.com\/document\/d\/1cBsSUylCsW6Dpz1LcqPoheF-WIAAS0LP8Wz6enOSpyA\/edit?usp=sharing\" target=\"_blank\" rel=\"noopener\"><img loading=\"lazy\" decoding=\"async\" class=\"aligncenter size-medium wp-image-20296\" src=\"https:\/\/agora.xtec.cat\/ceipitaca\/wp-content\/uploads\/usu141\/2021\/09\/ACORDS-CONSELL-ESCOLAR-300x169.png\" alt=\"\" width=\"300\" height=\"169\" srcset=\"https:\/\/agora.xtec.cat\/ceipitaca\/wp-content\/uploads\/usu141\/2021\/09\/ACORDS-CONSELL-ESCOLAR-300x169.png 300w, https:\/\/agora.xtec.cat\/ceipitaca\/wp-content\/uploads\/usu141\/2021\/09\/ACORDS-CONSELL-ESCOLAR-768x432.png 768w, https:\/\/agora.xtec.cat\/ceipitaca\/wp-content\/uploads\/usu141\/2021\/09\/ACORDS-CONSELL-ESCOLAR.png 960w\" sizes=\"auto, (max-width: 300px) 100vw, 300px\" \/><\/a><\/p>\n<p>&nbsp;<\/p>\n<p>&nbsp;<\/p>\n<p>&nbsp;<\/p>\n<p>&nbsp;<\/p>\n<p>&nbsp;<\/p>\n<p>&nbsp;<\/p>\n<p>&nbsp;<\/p>\n<p>&nbsp;<\/p>\n","protected":false},"excerpt":{"rendered":"<p>Qu\u00e8 \u00e9s el consell escolar?\u00a0El consell escolar \u00e9s l\u2019\u00f2rgan de participaci\u00f3 dels diferents sectors de la comunitat educativa en el govern dels centres.<br \/>\nQui forma el consell escolar?\u00a0El formen els representants de tota la comunitat educativa, \u00e9s a dir, direcci\u00f3, mestres, alumnes, fam\u00edlies, personal d\u2019administraci\u00f3 i&hellip;  <a href=\"https:\/\/agora.xtec.cat\/ceipitaca\/lescola\/consell-escolar\/\" title=\"Read Consell escolar\">Llegeix m\u00e9s\u00bb<\/a><\/p>\n","protected":false},"author":2,"featured_media":0,"parent":22,"menu_order":5,"comment_status":"closed","ping_status":"closed","template":"page-templates\/side-menu.php","meta":{"_bbp_topic_count":0,"_bbp_reply_count":0,"_bbp_total_topic_count":0,"_bbp_total_reply_count":0,"_bbp_voice_count":0,"_bbp_anonymous_reply_count":0,"_bbp_topic_count_hidden":0,"_bbp_reply_count_hidden":0,"_bbp_forum_subforum_count":0,"footnotes":""},"class_list":["post-28","page","type-page","status-publish","hentry"],"post_mailing_queue_ids":[],"_links":{"self":[{"href":"https:\/\/agora.xtec.cat\/ceipitaca\/wp-json\/wp\/v2\/pages\/28","targetHints":{"allow":["GET"]}}],"collection":[{"href":"https:\/\/agora.xtec.cat\/ceipitaca\/wp-json\/wp\/v2\/pages"}],"about":[{"href":"https:\/\/agora.xtec.cat\/ceipitaca\/wp-json\/wp\/v2\/types\/page"}],"author":[{"embeddable":true,"href":"https:\/\/agora.xtec.cat\/ceipitaca\/wp-json\/wp\/v2\/users\/2"}],"replies":[{"embeddable":true,"href":"https:\/\/agora.xtec.cat\/ceipitaca\/wp-json\/wp\/v2\/comments?post=28"}],"version-history":[{"count":7,"href":"https:\/\/agora.xtec.cat\/ceipitaca\/wp-json\/wp\/v2\/pages\/28\/revisions"}],"predecessor-version":[{"id":23129,"href":"https:\/\/agora.xtec.cat\/ceipitaca\/wp-json\/wp\/v2\/pages\/28\/revisions\/23129"}],"up":[{"embeddable":true,"href":"https:\/\/agora.xtec.cat\/ceipitaca\/wp-json\/wp\/v2\/pages\/22"}],"wp:attachment":[{"href":"https:\/\/agora.xtec.cat\/ceipitaca\/wp-json\/wp\/v2\/media?parent=28"}],"curies":[{"name":"wp","href":"https:\/\/api.w.org\/{rel}","templated":true}]}}