{"id":20800,"date":"2022-02-09T16:24:59","date_gmt":"2022-02-09T15:24:59","guid":{"rendered":"https:\/\/agora.xtec.cat\/ceipitaca\/?page_id=20800"},"modified":"2025-03-17T09:19:32","modified_gmt":"2025-03-17T08:19:32","slug":"dansa-ara","status":"publish","type":"page","link":"https:\/\/agora.xtec.cat\/ceipitaca\/projectes\/dansa-ara\/","title":{"rendered":"Dansa Ara"},"content":{"rendered":"<p>Dansa Ara \u00e9s un gran esdeveniment de dansa contempor\u00e0nia organitzat per l\u2019<a href=\"http:\/\/www.barcelona.cat\/\" target=\"_blank\" rel=\"noopener noreferrer\" data-aalisten=\"1\">Ajuntament de Barcelona<\/a>\u00a0i adre\u00e7at a l\u2019alumnat de cicle inicial d\u2019escoles de Barcelona. En aquest cas,s\u00f3n els nostres infants de segon de prim\u00e0ria els participants i els encarregats de gaudir d\u2019aquesta experi\u00e8ncia amb tant de ritme.<a href=\"https:\/\/agora.xtec.cat\/ceiptorrentdenmelis\/wp-content\/uploads\/usu2278\/2020\/11\/maxresdefault.jpg\"><img loading=\"lazy\" decoding=\"async\" class=\"wp-image-650 alignright\" src=\"https:\/\/agora.xtec.cat\/ceiptorrentdenmelis\/wp-content\/uploads\/usu2278\/2020\/11\/maxresdefault-300x169.jpg\" sizes=\"auto, (max-width: 355px) 100vw, 355px\" srcset=\"https:\/\/agora.xtec.cat\/ceiptorrentdenmelis\/wp-content\/uploads\/usu2278\/2020\/11\/maxresdefault-300x169.jpg 300w, https:\/\/agora.xtec.cat\/ceiptorrentdenmelis\/wp-content\/uploads\/usu2278\/2020\/11\/maxresdefault-768x432.jpg 768w, https:\/\/agora.xtec.cat\/ceiptorrentdenmelis\/wp-content\/uploads\/usu2278\/2020\/11\/maxresdefault-1024x576.jpg 1024w, https:\/\/agora.xtec.cat\/ceiptorrentdenmelis\/wp-content\/uploads\/usu2278\/2020\/11\/maxresdefault.jpg 1280w\" alt=\"\" width=\"355\" height=\"200\" \/><\/a><\/p>\n<p>T\u00e9 l\u2019objectiu de promocionar l\u2019aprenentatge de les habilitats r\u00edtmiques i art\u00edstiques dels infants mitjan\u00e7ant la dansa contempor\u00e0nia.<\/p>\n<p>Despr\u00e9s del treball d\u2019aprenentatge d\u2019un repertori de danses amb el professorat al centre educatiu, l\u2019alumnat participa a una jornada de dansa en la qual els nens i les nenes s\u00f3n protagonistes d\u2019un gran espectacle de dansa contempor\u00e0nia que t\u00e9 lloc al\u00a0<a href=\"http:\/\/www.palausantjordi.cat\/\" target=\"_blank\" rel=\"noopener noreferrer\" data-aalisten=\"1\">Palau Sant Jordi<\/a>.<\/p>\n<p>Aquesta activitat tamb\u00e9 compta amb la col\u00b7laboraci\u00f3 de les seg\u00fcents entitats:\u00a0<a href=\"http:\/\/www.institutdelteatre.cat\/ca\/thm28\/graduats.htm\" target=\"_blank\" rel=\"noopener noreferrer\" data-aalisten=\"1\">Companyia IT Dansa de l\u2019Institut del Teatre<\/a>,\u00a0<a href=\"https:\/\/factoriamascaro.wordpress.com\/\" target=\"_blank\" rel=\"noopener noreferrer\" data-aalisten=\"1\">Factoria Mascar\u00f3<\/a>, Palau Sant Jordi-BSM i Barcelona Promoci\u00f3- Anella Ol\u00edmpica.<\/p>\n<p>\u00c9s una de les activitats que estan incloses en el \u00a0<a href=\"http:\/\/w13.bcn.cat\/APPS\/wprpae\/general\/homeInit.do?method=cargar\" target=\"_blank\" rel=\"noopener noreferrer\" data-aalisten=\"1\">PAE (Programa d\u2019activitats escolars)<\/a>.<\/p>\n<p>&nbsp;<\/p>\n","protected":false},"excerpt":{"rendered":"<p>Dansa Ara \u00e9s un gran esdeveniment de dansa contempor\u00e0nia organitzat per l\u2019<a href=\"http:\/\/www.barcelona.cat\/\" target=\"_blank\" rel=\"noopener noreferrer\" data-aalisten=\"1\">Ajuntament de Barcelona<\/a>\u00a0i adre\u00e7at a l\u2019alumnat de cicle inicial d\u2019escoles de Barcelona. En aquest cas,s\u00f3n els nostres infants de segon de prim\u00e0ria els participants i els encarregats de gaudir&hellip;  <a href=\"https:\/\/agora.xtec.cat\/ceipitaca\/projectes\/dansa-ara\/\" title=\"Read Dansa Ara\">Llegeix m\u00e9s\u00bb<\/a><\/p>\n","protected":false},"author":1,"featured_media":0,"parent":4303,"menu_order":3,"comment_status":"closed","ping_status":"closed","template":"","meta":{"_bbp_topic_count":0,"_bbp_reply_count":0,"_bbp_total_topic_count":0,"_bbp_total_reply_count":0,"_bbp_voice_count":0,"_bbp_anonymous_reply_count":0,"_bbp_topic_count_hidden":0,"_bbp_reply_count_hidden":0,"_bbp_forum_subforum_count":0,"footnotes":""},"class_list":["post-20800","page","type-page","status-publish","hentry"],"post_mailing_queue_ids":[],"_links":{"self":[{"href":"https:\/\/agora.xtec.cat\/ceipitaca\/wp-json\/wp\/v2\/pages\/20800","targetHints":{"allow":["GET"]}}],"collection":[{"href":"https:\/\/agora.xtec.cat\/ceipitaca\/wp-json\/wp\/v2\/pages"}],"about":[{"href":"https:\/\/agora.xtec.cat\/ceipitaca\/wp-json\/wp\/v2\/types\/page"}],"author":[{"embeddable":true,"href":"https:\/\/agora.xtec.cat\/ceipitaca\/wp-json\/wp\/v2\/users\/1"}],"replies":[{"embeddable":true,"href":"https:\/\/agora.xtec.cat\/ceipitaca\/wp-json\/wp\/v2\/comments?post=20800"}],"version-history":[{"count":3,"href":"https:\/\/agora.xtec.cat\/ceipitaca\/wp-json\/wp\/v2\/pages\/20800\/revisions"}],"predecessor-version":[{"id":22831,"href":"https:\/\/agora.xtec.cat\/ceipitaca\/wp-json\/wp\/v2\/pages\/20800\/revisions\/22831"}],"up":[{"embeddable":true,"href":"https:\/\/agora.xtec.cat\/ceipitaca\/wp-json\/wp\/v2\/pages\/4303"}],"wp:attachment":[{"href":"https:\/\/agora.xtec.cat\/ceipitaca\/wp-json\/wp\/v2\/media?parent=20800"}],"curies":[{"name":"wp","href":"https:\/\/api.w.org\/{rel}","templated":true}]}}