{"id":20791,"date":"2022-02-09T16:22:44","date_gmt":"2022-02-09T15:22:44","guid":{"rendered":"https:\/\/agora.xtec.cat\/ceipitaca\/?page_id=20791"},"modified":"2024-03-17T08:02:35","modified_gmt":"2024-03-17T07:02:35","slug":"siei-suport-intensiu-escolaritzacio-inclusiva","status":"publish","type":"page","link":"https:\/\/agora.xtec.cat\/ceipitaca\/lescola\/siei-suport-intensiu-escolaritzacio-inclusiva\/","title":{"rendered":"SIEI (Suport Intensiu Escolaritzaci\u00f3 Inclusiva)"},"content":{"rendered":"<p><iframe loading=\"lazy\" style=\"border: 1px solid #CCC; border-width: 1px; margin-bottom: 5px; max-width: 100%;\" src=\"\/\/www.slideshare.net\/slideshow\/embed_code\/key\/2egqrmSmMSHBKq\" width=\"595\" height=\"485\" frameborder=\"0\" marginwidth=\"0\" marginheight=\"0\" scrolling=\"no\" allowfullscreen=\"allowfullscreen\"> <\/iframe><\/p>\n<div>\n<div>\n<div>\n<p><strong>ATENCI\u00d3 A LA DIVERSITAT:<\/strong><\/p>\n<p>Com a escola inclusiva, tenim un enfocament integral dels infants,\u00a0 reconeixem i valorem les difer\u00e8ncies individuals dels nostres infants, donem suport i recursos per garantir que tots\/es tinguin l&#8217;oportunitat d&#8217;aprendre i cr\u00e9ixer en un ambient inclusiu i equitatiu, assolint el seu m\u00e0xim potencial.<\/p>\n<ol>\n<li><b>Entorn\u00a0<\/b><b>escolar inclusiu<\/b> on tots els infants se sentin valorats. Aix\u00f2 implica promoure el respecte, l&#8217;acceptaci\u00f3 de les difer\u00e8ncies individuals, ja siguin:culturals, ling\u00fc\u00edstiques, \u00e8tniques, de g\u00e8nere, habilitats o necessitats especials.<\/li>\n<li><b>Curr\u00edculum diversificat<\/b>: Adaptaci\u00f3\u00a0 del curr\u00edculum per satisfer les necessitats de tots els infants,\u00a0 utilitzant una varietat de recursos did\u00e0ctics, oferint opcions i flexibilitat en la forma com\u00a0 presentem els materials, aix\u00ed com incorporant continguts que reflecteixi la diversitat cultural i \u00e8tnica dels estudiants.<\/li>\n<li><b>Ensenyament diferenciat<\/b>: Fem servir estrat\u00e8gies d&#8217;ensenyament diferenciat per adaptar la instrucci\u00f3 a les diferents habilitats, estils d&#8217;aprenentatge i ritmes dels infants: petits grup, grups flexibles, desdoblaments&#8230;&#8230;<\/li>\n<li>Proporcionem <strong>s<\/strong><b>uport individualitzat<\/b>\u00a0als estudiants que ho necessiten.<\/li>\n<li><b>SIEI:\u00a0<\/b>Els suports intensius per a l\u2019escolaritzaci\u00f3 inclusiva (SIEI), amb professionals espec\u00edfics\u00a0 per atendre els alumnes amb necessitats educatives especials que ho necessitin.<\/li>\n<li><b>Mestres d&#8217;educaci\u00f3 especial:\u00a0<\/b>aquests guien l&#8217;educaci\u00f3 i l&#8217;ensenyament dels infants amb diverses dificultats motrius, d\u2019aprenentatge, emocionals&#8230;<\/li>\n<li><b>Desenvolupament professional del personal<\/b>: el personal del centre est\u00e0 en cont\u00ednua formaci\u00f3 per poder donar la resposta m\u00e9s adequada als nostres infants,\u00a0 creant un ambient escolar acollidor i respectu\u00f3s.<\/li>\n<\/ol>\n<\/div>\n<\/div>\n<\/div>\n<div>\n<div><\/div>\n<\/div>\n<div style=\"margin-bottom: 5px;\"><\/div>\n","protected":false},"excerpt":{"rendered":"\n<p>ATENCI\u00d3 A LA DIVERSITAT:<br \/>\nCom a escola inclusiva, tenim un enfocament integral dels infants,\u00a0 reconeixem i valorem les difer\u00e8ncies individuals dels nostres infants, donem suport i recursos per garantir que tots\/es tinguin l&#8217;oportunitat d&#8217;aprendre i cr\u00e9ixer en un ambient inclusiu i equitatiu, assolint el seu&hellip;  <a href=\"https:\/\/agora.xtec.cat\/ceipitaca\/lescola\/siei-suport-intensiu-escolaritzacio-inclusiva\/\" title=\"Read SIEI (Suport Intensiu Escolaritzaci\u00f3 Inclusiva)\">Llegeix m\u00e9s\u00bb<\/a><\/p>\n","protected":false},"author":1,"featured_media":0,"parent":22,"menu_order":7,"comment_status":"closed","ping_status":"closed","template":"page-templates\/side-menu.php","meta":{"_bbp_topic_count":0,"_bbp_reply_count":0,"_bbp_total_topic_count":0,"_bbp_total_reply_count":0,"_bbp_voice_count":0,"_bbp_anonymous_reply_count":0,"_bbp_topic_count_hidden":0,"_bbp_reply_count_hidden":0,"_bbp_forum_subforum_count":0,"footnotes":""},"class_list":["post-20791","page","type-page","status-publish","hentry"],"post_mailing_queue_ids":[],"_links":{"self":[{"href":"https:\/\/agora.xtec.cat\/ceipitaca\/wp-json\/wp\/v2\/pages\/20791","targetHints":{"allow":["GET"]}}],"collection":[{"href":"https:\/\/agora.xtec.cat\/ceipitaca\/wp-json\/wp\/v2\/pages"}],"about":[{"href":"https:\/\/agora.xtec.cat\/ceipitaca\/wp-json\/wp\/v2\/types\/page"}],"author":[{"embeddable":true,"href":"https:\/\/agora.xtec.cat\/ceipitaca\/wp-json\/wp\/v2\/users\/1"}],"replies":[{"embeddable":true,"href":"https:\/\/agora.xtec.cat\/ceipitaca\/wp-json\/wp\/v2\/comments?post=20791"}],"version-history":[{"count":5,"href":"https:\/\/agora.xtec.cat\/ceipitaca\/wp-json\/wp\/v2\/pages\/20791\/revisions"}],"predecessor-version":[{"id":22362,"href":"https:\/\/agora.xtec.cat\/ceipitaca\/wp-json\/wp\/v2\/pages\/20791\/revisions\/22362"}],"up":[{"embeddable":true,"href":"https:\/\/agora.xtec.cat\/ceipitaca\/wp-json\/wp\/v2\/pages\/22"}],"wp:attachment":[{"href":"https:\/\/agora.xtec.cat\/ceipitaca\/wp-json\/wp\/v2\/media?parent=20791"}],"curies":[{"name":"wp","href":"https:\/\/api.w.org\/{rel}","templated":true}]}}