{"id":20779,"date":"2022-02-09T16:20:25","date_gmt":"2022-02-09T15:20:25","guid":{"rendered":"https:\/\/agora.xtec.cat\/ceipitaca\/?page_id=20779"},"modified":"2023-11-13T16:42:37","modified_gmt":"2023-11-13T15:42:37","slug":"menjador","status":"publish","type":"page","link":"https:\/\/agora.xtec.cat\/ceipitaca\/serveis\/menjador\/","title":{"rendered":"Menjador Escolar"},"content":{"rendered":"<div class=\"fusion-layout-column fusion_builder_column fusion-builder-column-0 fusion_builder_column_3_5 3_5 fusion-three-fifth fusion-column-first\" style=\"box-sizing: border-box; clear: left; position: relative; float: left; margin-bottom: 20px; width: 712.469px; color: #747474; font-family: 'Open Sans', Arial, Helvetica, sans-serif; font-size: 15px; background-color: #ffffff; margin-right: 48.7969px; margin-top: 0px;\">\n<div class=\"fusion-column-wrapper fusion-flex-column-wrapper-legacy\" style=\"box-sizing: border-box; min-height: 1px; background-position: left top; background-repeat: no-repeat; background-size: cover; padding: 0px;\">\n<div class=\"fusion-text fusion-text-1\" style=\"box-sizing: border-box;\">\n<p style=\"box-sizing: border-box; overflow-wrap: break-word; margin: 0px 0px 20px;\">L\u2019escola Itaca t\u00e9\u00a0<span style=\"box-sizing: border-box; font-weight: bolder;\">cuina pr\u00f2pia<\/span>\u00a0\u2014reformada i ampliada durant el curs 2018-2019\u2014 i un menjador amb una capacitat per a uns 200 alumnes. Durant el curs 2020-2021 aquest aforament, per\u00f2, s\u2019ha redu\u00eft temporalment a causa de les mesures excepcionals davant dels riscos sanitaris de contagi de la Covid-19. Durant aquest curs, l\u2019empresa que elabora els men\u00fas i es fa c\u00e0rrec de la cuina \u00e9s<a style=\"box-sizing: border-box; transition-property: color, background-color, border-color; transition-duration: 0.2s; transition-timing-function: linear;\" href=\"http:\/\/www.menjadorsbiosca.com\/\" target=\"_blank\" rel=\"noopener noreferrer\">\u00a0COBISA<\/a>\u00a0i l\u2019empresa de monitoratge \u00e9s <strong><span style=\"color: #800080;\">V<\/span><span style=\"color: #008000;\">a<\/span><span style=\"color: #800080;\">l<\/span><span style=\"color: #008000;\">O<\/span><span style=\"color: #800080;\">r<\/span><span style=\"color: #008000;\">-s<\/span>. (<a href=\"https:\/\/www.instagram.com\/valorsitaca\/\" target=\"_blank\" rel=\"noopener\">@valorsitaca<\/a>)<\/strong><\/p>\n<p style=\"box-sizing: border-box; overflow-wrap: break-word; margin: 0px 0px 20px;\">La\u00a0<a class=\"custom-link\" style=\"box-sizing: border-box; text-decoration-line: none; transition-property: color, background-color, border-color; transition-duration: 0.2s; transition-timing-function: linear; color: #3f7ccd;\" href=\"https:\/\/afaitaca.cat\/comissions\/comissio-de-menjador\/\">Comissi\u00f3 de menjador<\/a>\u00a0d\u2019Itaca s\u2019encarrega de vetllar pel bon funcionament dels serveis de cuina i monitoratge (adequaci\u00f3 dels men\u00fas a les recomanacions dels departaments de Salut i Ensenyament de la Generalitat i de l\u2019Ag\u00e8ncia de Salut P\u00fablica de Barcelona; seguiment de la concreci\u00f3 del projecte educatiu en el temps de migdia, d\u2019acord amb les l\u00ednies establertes per l\u2019escola, etc.) i es reuneix peri\u00f2dicament amb les empreses que presten aquests serveis i amb la direcci\u00f3 de l\u2019escola.<\/p>\n<p style=\"box-sizing: border-box; overflow-wrap: break-word; margin: 0px 0px 20px;\">L\u2019alumnat baixa al menjador per torns i dina amb els companys sota la supervisi\u00f3 dels monitors de <strong><span style=\"color: #800080;\">V<\/span><span style=\"color: #008000;\">a<\/span><span style=\"color: #800080;\">l<\/span><span style=\"color: #008000;\">O<\/span><span style=\"color: #800080;\">r<\/span><span style=\"color: #008000;\">-s<\/span>.<\/strong>\u00a0Durant l\u2019estona del dinar, els monitors treballen amb els nens i nenes l\u2019adquisici\u00f3 de bons h\u00e0bits i segueixen pautes perqu\u00e8 aprenguin a recon\u00e8ixer el que \u00e9s una dieta equilibrada i sana. Les activitats de migdia guiades per monitors s\u00f3n propostes encaminades a conjugar el foment de l\u2019activitat f\u00edsica, l\u2019aprenentatge social i la creativitat. Estan programades i definides amb concreci\u00f3 d\u2019objectius.<\/p>\n<\/div>\n<div class=\"fusion-clearfix\" style=\"box-sizing: border-box; clear: both;\"><\/div>\n<\/div>\n<\/div>\n<div class=\"fusion-layout-column fusion_builder_column fusion-builder-column-1 fusion_builder_column_2_5 2_5 fusion-two-fifth fusion-column-last\" style=\"box-sizing: border-box; position: relative; float: left; margin: 0px 0px 20px; width: 458.719px; color: #747474; font-family: 'Open Sans', Arial, Helvetica, sans-serif; font-size: 15px; background-color: #ffffff;\">\n<div class=\"fusion-column-wrapper fusion-flex-column-wrapper-legacy\" style=\"box-sizing: border-box; min-height: 1px; background-position: left top; background-repeat: no-repeat; background-size: cover; padding: 0px;\">\n<div class=\"fusion-align-block\" style=\"box-sizing: border-box;\"><a class=\"fusion-button button-flat fusion-button-default-size button-default button-1 fusion-button-default-span fusion-button-default-type\" style=\"box-sizing: border-box; text-decoration-line: none; transition: all 0.2s ease 0s; display: inline-block; position: relative; text-align: center; cursor: pointer; font-family: var(--button_typography-font-family); font-weight: var(--button_typography-font-weight); font-style: var(--button_typography-font-style,normal); letter-spacing: var(--button_typography-letter-spacing); border-width: var(--button_border_width-top,0) var(--button_border_width-right,0) var(--button_border_width-bottom,0) var(--button_border_width-left,0); border-style: solid; border-radius: 2px; text-transform: var(--button_text_transform); background: var(--button_gradient_top_color); border-color: var(--button_border_color); line-height: var(--button_line_height, 1); font-size: var(--button_font_size, 14px); outline: 0px; width: 458.719px; box-shadow: none !important; padding: var(--button_padding-top,13px) var(--button_padding-right,29px) var(--button_padding-bottom,13px) var(--button_padding-left,29px);\" title=\"Consulta la secci\u00f3 dels men\u00fas de menjador\" href=\"https:\/\/afaitaca.cat\/menu-de-menjador\/\" target=\"_blank\" rel=\"noopener\"><span class=\"fusion-button-text\" style=\"box-sizing: border-box; transition: all 0.2s ease 0s; color: var(--button_accent_color);\">MEN\u00da DE MENJADOR<\/span><\/a><\/div>\n<div class=\"fusion-sep-clear\" style=\"box-sizing: border-box; clear: both; height: 1px; font-size: 0px; line-height: 0; width: 458.719px; overflow: hidden;\"><\/div>\n<div class=\"fusion-separator fusion-full-width-sep\" style=\"box-sizing: border-box; clear: both; position: relative; z-index: 11; display: flex; align-items: center; margin-left: auto; margin-right: auto; margin-top: 10px; width: 458.719px;\"><\/div>\n<div class=\"fusion-sep-clear\" style=\"box-sizing: border-box; clear: both; height: 1px; font-size: 0px; line-height: 0; width: 458.719px; overflow: hidden;\"><\/div>\n<div class=\"fusion-align-block\" style=\"box-sizing: border-box;\"><a class=\"fusion-button button-flat fusion-button-default-size button-default button-2 fusion-button-default-span fusion-button-default-type\" style=\"box-sizing: border-box; text-decoration-line: none; transition: all 0.2s ease 0s; display: inline-block; position: relative; text-align: center; cursor: pointer; font-family: var(--button_typography-font-family); font-weight: var(--button_typography-font-weight); font-style: var(--button_typography-font-style,normal); letter-spacing: var(--button_typography-letter-spacing); border-width: var(--button_border_width-top,0) var(--button_border_width-right,0) var(--button_border_width-bottom,0) var(--button_border_width-left,0); border-style: solid; border-radius: 2px; text-transform: var(--button_text_transform); background: var(--button_gradient_top_color); border-color: var(--button_border_color); line-height: var(--button_line_height, 1); font-size: var(--button_font_size, 14px); outline: 0px; width: 458.719px; box-shadow: none !important; padding: var(--button_padding-top,13px) var(--button_padding-right,29px) var(--button_padding-bottom,13px) var(--button_padding-left,29px);\" href=\"https:\/\/afaitaca.cat\/serveis\/menjador\/informacio-dels-preus\/\" target=\"_blank\" rel=\"noopener\"><span class=\"fusion-button-text\" style=\"box-sizing: border-box; transition: all 0.2s ease 0s; color: var(--button_accent_color);\">INFORMACI\u00d3 DELS PREUS<\/span><\/a><\/div>\n<div class=\"fusion-sep-clear\" style=\"box-sizing: border-box; clear: both; height: 1px; font-size: 0px; line-height: 0; width: 458.719px; overflow: hidden;\"><\/div>\n<div class=\"fusion-separator fusion-full-width-sep\" style=\"box-sizing: border-box; clear: both; position: relative; z-index: 11; display: flex; align-items: center; margin-left: auto; margin-right: auto; margin-top: 20px; width: 458.719px;\"><\/div>\n<div class=\"fusion-sep-clear\" style=\"box-sizing: border-box; clear: both; height: 1px; font-size: 0px; line-height: 0; width: 458.719px; overflow: hidden;\"><\/div>\n<div class=\"fusion-align-block\" style=\"box-sizing: border-box;\"><a class=\"fusion-button button-flat fusion-button-default-size button-default button-3 fusion-button-default-span fusion-button-default-type\" style=\"box-sizing: border-box; text-decoration-line: none; transition: all 0.2s ease 0s; display: inline-block; position: relative; text-align: center; cursor: pointer; font-family: var(--button_typography-font-family); font-weight: var(--button_typography-font-weight); font-style: var(--button_typography-font-style,normal); letter-spacing: var(--button_typography-letter-spacing); border-width: var(--button_border_width-top,0) var(--button_border_width-right,0) var(--button_border_width-bottom,0) var(--button_border_width-left,0); border-style: solid; border-radius: 2px; text-transform: var(--button_text_transform); background: var(--button_gradient_top_color); border-color: var(--button_border_color); line-height: var(--button_line_height, 1); font-size: var(--button_font_size, 14px); outline: 0px; width: 458.719px; box-shadow: none !important; padding: var(--button_padding-top,13px) var(--button_padding-right,29px) var(--button_padding-bottom,13px) var(--button_padding-left,29px);\" href=\"https:\/\/afaitaca.cat\/serveis\/menjador\/gestio-del-servei-i-procediments\/\" target=\"_blank\" rel=\"noopener noreferrer\"><span class=\"fusion-button-text\" style=\"box-sizing: border-box; transition: all 0.2s ease 0s; color: var(--button_accent_color);\">GESTI\u00d3 DEL SERVEI I PROCEDIMENTS<\/span><\/a><\/div>\n<div class=\"fusion-align-block\" style=\"box-sizing: border-box;\"><a class=\"fusion-button button-flat fusion-button-default-size button-default button-4 fusion-button-default-span fusion-button-default-type\" style=\"box-sizing: border-box; text-decoration-line: none; transition: all 0.2s ease 0s; display: inline-block; position: relative; text-align: center; cursor: pointer; font-family: var(--button_typography-font-family); font-weight: var(--button_typography-font-weight); font-style: var(--button_typography-font-style,normal); letter-spacing: var(--button_typography-letter-spacing); border-width: var(--button_border_width-top,0) var(--button_border_width-right,0) var(--button_border_width-bottom,0) var(--button_border_width-left,0); border-style: solid; border-radius: 2px; text-transform: var(--button_text_transform); background: var(--button_gradient_top_color); border-color: var(--button_border_color); line-height: var(--button_line_height, 1); font-size: var(--button_font_size, 14px); outline: 0px; width: 458.719px; box-shadow: none !important; padding: var(--button_padding-top,13px) var(--button_padding-right,29px) var(--button_padding-bottom,13px) var(--button_padding-left,29px);\" href=\"https:\/\/afaitaca.cat\/serveis\/menjador\/funcionament-del-menjador\/\" target=\"_blank\" rel=\"noopener noreferrer\"><span class=\"fusion-button-text\" style=\"box-sizing: border-box; transition: all 0.2s ease 0s; color: var(--button_accent_color);\">FUNCIONAMENT DEL MENJADOR<\/span><\/a><\/div>\n<div class=\"fusion-align-block\" style=\"box-sizing: border-box;\"><a class=\"fusion-button button-flat fusion-button-default-size button-default button-5 fusion-button-default-span fusion-button-default-type\" style=\"box-sizing: border-box; text-decoration-line: none; transition: all 0.2s ease 0s; display: inline-block; position: relative; text-align: center; cursor: pointer; font-family: var(--button_typography-font-family); font-weight: var(--button_typography-font-weight); font-style: var(--button_typography-font-style,normal); letter-spacing: var(--button_typography-letter-spacing); border-width: var(--button_border_width-top,0) var(--button_border_width-right,0) var(--button_border_width-bottom,0) var(--button_border_width-left,0); border-style: solid; border-radius: 2px; text-transform: var(--button_text_transform); background: var(--button_gradient_top_color); border-color: var(--button_border_color); line-height: var(--button_line_height, 1); font-size: var(--button_font_size, 14px); outline: 0px; width: 458.719px; box-shadow: none !important; padding: var(--button_padding-top,13px) var(--button_padding-right,29px) var(--button_padding-bottom,13px) var(--button_padding-left,29px);\" href=\"https:\/\/afaitaca.cat\/serveis\/menjador\/com-sinforma-les-families\/\" target=\"_blank\" rel=\"noopener\"><span class=\"fusion-button-text\" style=\"box-sizing: border-box; transition: all 0.2s ease 0s; color: var(--button_accent_color);\">COM S\u2019INFORMA LES FAM\u00cdLIES<\/span><\/a><\/div>\n<div class=\"fusion-align-block\" style=\"box-sizing: border-box;\"><a class=\"fusion-button button-flat fusion-button-default-size button-default button-6 fusion-button-default-span fusion-button-default-type\" style=\"box-sizing: border-box; text-decoration-line: none; transition: all 0.2s ease 0s; display: inline-block; position: relative; text-align: center; cursor: pointer; font-family: var(--button_typography-font-family); font-weight: var(--button_typography-font-weight); font-style: var(--button_typography-font-style,normal); letter-spacing: var(--button_typography-letter-spacing); border-width: var(--button_border_width-top,0) var(--button_border_width-right,0) var(--button_border_width-bottom,0) var(--button_border_width-left,0); border-style: solid; border-radius: 2px; text-transform: var(--button_text_transform); background: var(--button_gradient_top_color); border-color: var(--button_border_color); line-height: var(--button_line_height, 1); font-size: var(--button_font_size, 14px); outline: 0px; width: 458.719px; box-shadow: none !important; padding: var(--button_padding-top,13px) var(--button_padding-right,29px) var(--button_padding-bottom,13px) var(--button_padding-left,29px);\" href=\"https:\/\/afaitaca.cat\/serveis\/menjador\/contacte\/\" target=\"_blank\" rel=\"noopener\"><span class=\"fusion-button-text\" style=\"box-sizing: border-box; transition: all 0.2s ease 0s; color: var(--button_accent_color);\">CONTACTE<\/span><\/a><\/div>\n<div class=\"fusion-align-block\" style=\"box-sizing: border-box;\"><a class=\"fusion-button button-flat fusion-button-default-size button-red button-7 fusion-button-default-span fusion-button-default-type\" style=\"box-sizing: border-box; text-decoration-line: none; transition: all 0.2s ease 0s; color: #9d1111; display: inline-block; position: relative; text-align: center; cursor: pointer; font-family: var(--button_typography-font-family); font-weight: var(--button_typography-font-weight); font-style: var(--button_typography-font-style,normal); letter-spacing: var(--button_typography-letter-spacing); border: 1px solid #9d1111; border-radius: var(--button-border-radius-top-left,0) var(--button-border-radius-top-right,0) var(--button-border-radius-bottom-right,0) var(--button-border-radius-bottom-left,0); text-transform: var(--button_text_transform); line-height: var(--button_line_height, 1); font-size: var(--button_font_size, 14px); outline: 0px; background: linear-gradient(to top, #fc7d7d, #fd9c9c) #fd9c9c; width: 458.719px; box-shadow: none !important; padding: var(--button_padding-top,13px) var(--button_padding-right,29px) var(--button_padding-bottom,13px) var(--button_padding-left,29px);\" href=\"https:\/\/forms.office.com\/Pages\/ResponsePage.aspx?id=RImHCqi0dEq_1c1xT4r6XX69DHTjE0ZCo2SBJutY-C9UOVFQVE03M0lOQ05DMERPTE1KVVRKOUtaQi4u\" target=\"_self\" rel=\"noopener\"><span class=\"fusion-button-text\" style=\"box-sizing: border-box; transition: all 0.2s ease 0s;\">FORMULARI D\u2019INSCRIPCI\u00d3 CURS 2021-22<\/span><\/a><\/div>\n<div class=\"fusion-align-block\" style=\"box-sizing: border-box;\"><a class=\"fusion-button button-flat fusion-button-default-size button-green button-8 fusion-button-default-span fusion-button-default-type\" style=\"box-sizing: border-box; text-decoration-line: none; transition: all 0.2s ease 0s; color: #54770f; display: inline-block; position: relative; text-align: center; cursor: pointer; font-family: var(--button_typography-font-family); font-weight: var(--button_typography-font-weight); font-style: var(--button_typography-font-style,normal); letter-spacing: var(--button_typography-letter-spacing); border: 1px solid #9dba60; border-radius: var(--button-border-radius-top-left,0) var(--button-border-radius-top-right,0) var(--button-border-radius-bottom-right,0) var(--button-border-radius-bottom-left,0); text-transform: var(--button_text_transform); line-height: var(--button_line_height, 1); font-size: var(--button_font_size, 14px); outline: 0px; background: linear-gradient(to top, #aad75d, #d1e990) #d1e990; width: 458.719px; box-shadow: none !important; padding: var(--button_padding-top,13px) var(--button_padding-right,29px) var(--button_padding-bottom,13px) var(--button_padding-left,29px);\" href=\"https:\/\/afaitaca.cat\/comunicacions-menjador\/\" target=\"_self\" rel=\"noopener\"><span class=\"fusion-button-text\" style=\"box-sizing: border-box; transition: all 0.2s ease 0s;\">FORMULARI INCID\u00c8NCIES MENJADOR<\/span><\/a><\/div>\n<div class=\"fusion-clearfix\" style=\"box-sizing: border-box; clear: both;\"><\/div>\n<\/div>\n<\/div>\n<div class=\"fusion-layout-column fusion_builder_column fusion-builder-column-2 fusion_builder_column_1_1 1_1 fusion-one-full fusion-column-first fusion-column-last fusion-column-no-min-height\" style=\"box-sizing: border-box; clear: both; position: relative; float: none; margin: 0px; color: #747474; font-family: 'Open Sans', Arial, Helvetica, sans-serif; font-size: 15px; background-color: #ffffff;\">\n<div class=\"fusion-column-wrapper fusion-flex-column-wrapper-legacy\" style=\"box-sizing: border-box; min-height: 1px; background-position: left top; background-repeat: no-repeat; background-size: cover; padding: 0px;\">\n<div class=\"fusion-text fusion-text-2\" style=\"box-sizing: border-box;\">\n<p style=\"box-sizing: border-box; overflow-wrap: break-word; margin: 0px 0px 20px;\">El projecte educatiu de ValOr-s i la programaci\u00f3 trimestral de l\u2019espai de migdia es poden consultar, amb cita pr\u00e8via, a la secretaria de l\u2019AFA.<\/p>\n<\/div>\n<p><span style=\"color: #000080;\"><strong><a style=\"color: #000080;\" href=\"https:\/\/afaitaca.cat\/serveis\/menjador\/\" target=\"_blank\" rel=\"noopener\">M\u00c9S INFO<\/a><\/strong><\/span><\/p>\n<\/div>\n<\/div>\n","protected":false},"excerpt":{"rendered":"<p>L\u2019escola Itaca t\u00e9\u00a0cuina pr\u00f2pia\u00a0\u2014reformada i ampliada durant el curs 2018-2019\u2014 i un menjador amb una capacitat per a uns 200 alumnes. Durant el curs 2020-2021 aquest aforament, per\u00f2, s\u2019ha redu\u00eft temporalment a causa de les mesures excepcionals davant dels riscos sanitaris de contagi de la&hellip;  <a href=\"https:\/\/agora.xtec.cat\/ceipitaca\/serveis\/menjador\/\" title=\"Read Menjador Escolar\">Llegeix m\u00e9s\u00bb<\/a><\/p>\n","protected":false},"author":1,"featured_media":0,"parent":20776,"menu_order":3,"comment_status":"closed","ping_status":"closed","template":"page-templates\/side-menu.php","meta":{"_bbp_topic_count":0,"_bbp_reply_count":0,"_bbp_total_topic_count":0,"_bbp_total_reply_count":0,"_bbp_voice_count":0,"_bbp_anonymous_reply_count":0,"_bbp_topic_count_hidden":0,"_bbp_reply_count_hidden":0,"_bbp_forum_subforum_count":0,"footnotes":""},"class_list":["post-20779","page","type-page","status-publish","hentry"],"post_mailing_queue_ids":[],"_links":{"self":[{"href":"https:\/\/agora.xtec.cat\/ceipitaca\/wp-json\/wp\/v2\/pages\/20779","targetHints":{"allow":["GET"]}}],"collection":[{"href":"https:\/\/agora.xtec.cat\/ceipitaca\/wp-json\/wp\/v2\/pages"}],"about":[{"href":"https:\/\/agora.xtec.cat\/ceipitaca\/wp-json\/wp\/v2\/types\/page"}],"author":[{"embeddable":true,"href":"https:\/\/agora.xtec.cat\/ceipitaca\/wp-json\/wp\/v2\/users\/1"}],"replies":[{"embeddable":true,"href":"https:\/\/agora.xtec.cat\/ceipitaca\/wp-json\/wp\/v2\/comments?post=20779"}],"version-history":[{"count":4,"href":"https:\/\/agora.xtec.cat\/ceipitaca\/wp-json\/wp\/v2\/pages\/20779\/revisions"}],"predecessor-version":[{"id":20938,"href":"https:\/\/agora.xtec.cat\/ceipitaca\/wp-json\/wp\/v2\/pages\/20779\/revisions\/20938"}],"up":[{"embeddable":true,"href":"https:\/\/agora.xtec.cat\/ceipitaca\/wp-json\/wp\/v2\/pages\/20776"}],"wp:attachment":[{"href":"https:\/\/agora.xtec.cat\/ceipitaca\/wp-json\/wp\/v2\/media?parent=20779"}],"curies":[{"name":"wp","href":"https:\/\/api.w.org\/{rel}","templated":true}]}}