{"id":686,"date":"2017-03-03T16:15:41","date_gmt":"2017-03-03T15:15:41","guid":{"rendered":"http:\/\/agora.xtec.cat\/ceipignasimele\/?page_id=686"},"modified":"2022-12-07T14:54:11","modified_gmt":"2022-12-07T13:54:11","slug":"missio","status":"publish","type":"page","link":"https:\/\/agora.xtec.cat\/ceipignasimele\/lescola\/direccio\/plantejament-institucional\/missio\/","title":{"rendered":"Missi\u00f3"},"content":{"rendered":"<p class=\"western\" lang=\"ca-ES\" align=\"justify\">La missi\u00f3 de l\u2019Escola Ignasi Mel\u00e9 Farr\u00e9 \u00e9s aconseguir un \u00f2ptim desenvolupament integral del nostre alumnat, oferint un servei educatiu p\u00fablic de qualitat en el foment de l\u2019esfor\u00e7 i la recerca de l\u2019excel\u00b7l\u00e8ncia.<\/p>\n<p class=\"western\" lang=\"ca-ES\" align=\"justify\">Una escola oberta a tothom, amb un comprom\u00eds per a la integraci\u00f3 social de les diferents cultures i tradicions que arriben al poble, que fomenta la conviv\u00e8ncia entre tots els membres de la comunitat educativa.<\/p>\n<p class=\"western\" lang=\"ca-ES\" align=\"justify\">Un centre que ofereix una educaci\u00f3 integral que permet a l\u2019alumne\/a el desenvolupament de totes les seves capacitats, adquirint una formaci\u00f3 competencial que li garanteixi incorporar-se a una societat com un individu competent.<\/p>\n","protected":false},"excerpt":{"rendered":"<p>La missi\u00f3 de l\u2019Escola Ignasi Mel\u00e9 Farr\u00e9 \u00e9s aconseguir un \u00f2ptim desenvolupament integral del nostre alumnat, oferint un servei educatiu p\u00fablic de qualitat en el foment de l\u2019esfor\u00e7 i la recerca de l\u2019excel\u00b7l\u00e8ncia.<br \/>\nUna escola oberta a tothom, amb un comprom\u00eds per a la integraci\u00f3 social&hellip;  <a href=\"https:\/\/agora.xtec.cat\/ceipignasimele\/lescola\/direccio\/plantejament-institucional\/missio\/\" title=\"Read Missi\u00f3\">Llegeix m\u00e9s\u00bb<\/a><\/p>\n","protected":false},"author":1,"featured_media":0,"parent":670,"menu_order":0,"comment_status":"closed","ping_status":"closed","template":"page-templates\/side-menu.php","meta":{"_bbp_topic_count":0,"_bbp_reply_count":0,"_bbp_total_topic_count":0,"_bbp_total_reply_count":0,"_bbp_voice_count":0,"_bbp_anonymous_reply_count":0,"_bbp_topic_count_hidden":0,"_bbp_reply_count_hidden":0,"_bbp_forum_subforum_count":0,"footnotes":""},"class_list":["post-686","page","type-page","status-publish","hentry"],"post_mailing_queue_ids":[],"_links":{"self":[{"href":"https:\/\/agora.xtec.cat\/ceipignasimele\/wp-json\/wp\/v2\/pages\/686","targetHints":{"allow":["GET"]}}],"collection":[{"href":"https:\/\/agora.xtec.cat\/ceipignasimele\/wp-json\/wp\/v2\/pages"}],"about":[{"href":"https:\/\/agora.xtec.cat\/ceipignasimele\/wp-json\/wp\/v2\/types\/page"}],"author":[{"embeddable":true,"href":"https:\/\/agora.xtec.cat\/ceipignasimele\/wp-json\/wp\/v2\/users\/1"}],"replies":[{"embeddable":true,"href":"https:\/\/agora.xtec.cat\/ceipignasimele\/wp-json\/wp\/v2\/comments?post=686"}],"version-history":[{"count":2,"href":"https:\/\/agora.xtec.cat\/ceipignasimele\/wp-json\/wp\/v2\/pages\/686\/revisions"}],"predecessor-version":[{"id":945,"href":"https:\/\/agora.xtec.cat\/ceipignasimele\/wp-json\/wp\/v2\/pages\/686\/revisions\/945"}],"up":[{"embeddable":true,"href":"https:\/\/agora.xtec.cat\/ceipignasimele\/wp-json\/wp\/v2\/pages\/670"}],"wp:attachment":[{"href":"https:\/\/agora.xtec.cat\/ceipignasimele\/wp-json\/wp\/v2\/media?parent=686"}],"curies":[{"name":"wp","href":"https:\/\/api.w.org\/{rel}","templated":true}]}}