{"id":3535,"date":"2024-11-14T20:48:12","date_gmt":"2024-11-14T19:48:12","guid":{"rendered":"https:\/\/agora.xtec.cat\/ceipignasimele\/?page_id=3535"},"modified":"2026-01-12T13:23:15","modified_gmt":"2026-01-12T12:23:15","slug":"curs-24-25","status":"publish","type":"page","link":"https:\/\/agora.xtec.cat\/ceipignasimele\/lescola-2\/consell-escolar-2\/curs-24-25\/","title":{"rendered":"Curs 25\/26"},"content":{"rendered":"\n<p>El consell escolar est\u00e0 format pels seg\u00fcents representants<\/p>\n\n\n\n<figure class=\"wp-block-table\"><table><tbody><tr><td><strong>DIRECCI\u00d3<\/strong><\/td><td>Olga Casco<\/td><\/tr><tr><td><strong>CAP D&#8217;ESTUDIS<\/strong><\/td><td>M.\u00c0ngels Asensio<\/td><\/tr><tr><td><strong>SECRET\u00c0RIA<\/strong><\/td><td>Carolina Luque<\/td><\/tr><tr><td><strong>SECTOR MESTRES<\/strong><\/td><td><\/td><\/tr><tr><td><strong>SECTOR PARES<\/strong><\/td><td><\/td><\/tr><tr><td><strong>REPRESENTANT AFA<\/strong><\/td><td><\/td><\/tr><tr><td><strong>REPRESENTANT PAS<\/strong><\/td><td>&nbsp;<\/td><\/tr><tr><td><strong>REPRESENTANT AJUNTAMENT<\/strong><\/td><td><\/td><\/tr><\/tbody><\/table><\/figure>\n\n\n\n<p>Els temes que es tracten i s&#8217;exposen a les reunions del consell escolar queden recollits en forma d&#8217;acords.<\/p>\n","protected":false},"excerpt":{"rendered":"<p>El consell escolar est\u00e0 format pels seg\u00fcents representants<\/p>\n<p>DIRECCI\u00d3Olga CascoCAP D&#8217;ESTUDISM.\u00c0ngels AsensioSECRET\u00c0RIACarolina LuqueSECTOR MESTRESSECTOR PARESREPRESENTANT AFAREPRESENTANT PAS&nbsp;REPRESENTANT AJUNTAMENT<\/p>\n<p>Els temes que es tracten i s&#8217;exposen a les reunions del consell escolar queden recollits en forma d&#8217;acords.<\/p>\n","protected":false},"author":1,"featured_media":0,"parent":3101,"menu_order":0,"comment_status":"closed","ping_status":"close","template":"","meta":{"_bbp_topic_count":0,"_bbp_reply_count":0,"_bbp_total_topic_count":0,"_bbp_total_reply_count":0,"_bbp_voice_count":0,"_bbp_anonymous_reply_count":0,"_bbp_topic_count_hidden":0,"_bbp_reply_count_hidden":0,"_bbp_forum_subforum_count":0,"footnotes":""},"class_list":["post-3535","page","type-page","status-publish","hentry"],"post_mailing_queue_ids":[],"_links":{"self":[{"href":"https:\/\/agora.xtec.cat\/ceipignasimele\/wp-json\/wp\/v2\/pages\/3535","targetHints":{"allow":["GET"]}}],"collection":[{"href":"https:\/\/agora.xtec.cat\/ceipignasimele\/wp-json\/wp\/v2\/pages"}],"about":[{"href":"https:\/\/agora.xtec.cat\/ceipignasimele\/wp-json\/wp\/v2\/types\/page"}],"author":[{"embeddable":true,"href":"https:\/\/agora.xtec.cat\/ceipignasimele\/wp-json\/wp\/v2\/users\/1"}],"replies":[{"embeddable":true,"href":"https:\/\/agora.xtec.cat\/ceipignasimele\/wp-json\/wp\/v2\/comments?post=3535"}],"version-history":[{"count":6,"href":"https:\/\/agora.xtec.cat\/ceipignasimele\/wp-json\/wp\/v2\/pages\/3535\/revisions"}],"predecessor-version":[{"id":3768,"href":"https:\/\/agora.xtec.cat\/ceipignasimele\/wp-json\/wp\/v2\/pages\/3535\/revisions\/3768"}],"up":[{"embeddable":true,"href":"https:\/\/agora.xtec.cat\/ceipignasimele\/wp-json\/wp\/v2\/pages\/3101"}],"wp:attachment":[{"href":"https:\/\/agora.xtec.cat\/ceipignasimele\/wp-json\/wp\/v2\/media?parent=3535"}],"curies":[{"name":"wp","href":"https:\/\/api.w.org\/{rel}","templated":true}]}}