{"id":3104,"date":"2024-01-08T09:48:25","date_gmt":"2024-01-08T08:48:25","guid":{"rendered":"https:\/\/agora.xtec.cat\/ceipignasimele\/?page_id=3104"},"modified":"2024-04-04T16:02:12","modified_gmt":"2024-04-04T14:02:12","slug":"salut","status":"publish","type":"page","link":"https:\/\/agora.xtec.cat\/ceipignasimele\/lescola-2\/salut\/","title":{"rendered":"Salut"},"content":{"rendered":"<h4>CONSIDERACIONS GENERALS<\/h4>\n<p style=\"text-align: justify;\">En el cas que el vostre fill\/a pateixi alguna malaltia s&#8217;ha d&#8217;informar a l&#8217;escola per actuar de manera adequada.<\/p>\n<p style=\"text-align: justify;\"><a href=\"https:\/\/agora.xtec.cat\/ceipignasimele\/lescola-2\/salut\/attachment\/images-1\/\" rel=\"attachment wp-att-3355\"><img loading=\"lazy\" decoding=\"async\" class=\"alignleft size-full wp-image-3355\" src=\"https:\/\/agora.xtec.cat\/ceipignasimele\/wp-content\/uploads\/usu1607\/2024\/03\/images-1.png\" alt=\"\" width=\"102\" height=\"250\" \/><\/a>La febre \u00e9s un s\u00edmptoma caracteritzat per un augment de temperatura per sobre de 37 \u00baC que sovint s\u2019acompanya de malestar. \u00c9s molt freq\u00fcent en l\u2019infant. La febre \u00e9s en si mateixa un mecanisme de defensa de l\u2019organisme contra la malaltia i, per tant, no cal tractar-la de forma immediata amb medicaments. Podem utilitzar mesures f\u00edsiques per fer abaixar la temperatura i disminuir-ne les mol\u00e8sties: si t\u00e9 malestar, fred o esgarrifances es recomana no abrigar-lo i donar-li aigua a glopets. Si els vostres fills\/es tenen febre o estan malalts \u00e9s aconsellable que no assisteixin a l&#8217;escola.<\/p>\n<p style=\"text-align: justify;\">En cas que el vostre fill\/a es trobi malament o faci mal, des de l&#8217;escola ens posarem en posarem en contacte amb el\/a tutor\/a de l&#8217;alumne per qu\u00e8 el vingui a buscar.<\/p>\n<p style=\"text-align: justify;\">Caldr\u00e0 portar una autoritzaci\u00f3, dels pares i del metge, per poder administrar medicaci\u00f3 en el cas que sigui necessari i sigui incompatible donar-lo a casa per incompatibilitat hor\u00e0ria.<\/p>\n<p><strong>Recomanacions elaborades per la Societat Catalana de Pediatria i\u00a0<\/strong><strong>pel Departament de Salut de la Generalitat de Catalunya\u00a0<\/strong>(<a class=\"descargar\" title=\"Obre finestra nova (descarregar document)\" href=\"http:\/\/educacio.gencat.cat\/documents\/PC\/Seguretat\/recomanacions_paracetamol.pdf\" target=\"_blank\" rel=\"noopener noreferrer\">document<\/a><strong>)<\/strong><\/p>\n<p style=\"text-align: justify;\">El contagi de polls a l&#8217;escola \u00e9s un fet habitual i es recomana fer una revisi\u00f3 a casa si presenta s\u00edmptomes per tal d&#8217;evitar-ne el contagi. En cas de trobar-ne a un alumne, es comunicar\u00e0 per tal de fer-ne el tractament adient. Es recomana no tornar a l&#8217;escola fins que no es finalitzi el tractament completament.<\/p>\n","protected":false},"excerpt":{"rendered":"<p>CONSIDERACIONS GENERALS<br \/>\nEn el cas que el vostre fill\/a pateixi alguna malaltia s&#8217;ha d&#8217;informar a l&#8217;escola per actuar de manera adequada.<br \/>\n<a href=\"https:\/\/agora.xtec.cat\/ceipignasimele\/lescola-2\/salut\/attachment\/images-1\/\" rel=\"attachment wp-att-3355\"><\/a>La febre \u00e9s un s\u00edmptoma caracteritzat per un augment de temperatura per sobre de 37 \u00baC que sovint s\u2019acompanya de malestar. \u00c9s molt&hellip;  <a href=\"https:\/\/agora.xtec.cat\/ceipignasimele\/lescola-2\/salut\/\" title=\"Read Salut\">Llegeix m\u00e9s\u00bb<\/a><\/p>\n","protected":false},"author":1,"featured_media":0,"parent":3091,"menu_order":14,"comment_status":"closed","ping_status":"closed","template":"page-templates\/side-menu.php","meta":{"_bbp_topic_count":0,"_bbp_reply_count":0,"_bbp_total_topic_count":0,"_bbp_total_reply_count":0,"_bbp_voice_count":0,"_bbp_anonymous_reply_count":0,"_bbp_topic_count_hidden":0,"_bbp_reply_count_hidden":0,"_bbp_forum_subforum_count":0,"footnotes":""},"class_list":["post-3104","page","type-page","status-publish","hentry"],"post_mailing_queue_ids":[],"_links":{"self":[{"href":"https:\/\/agora.xtec.cat\/ceipignasimele\/wp-json\/wp\/v2\/pages\/3104","targetHints":{"allow":["GET"]}}],"collection":[{"href":"https:\/\/agora.xtec.cat\/ceipignasimele\/wp-json\/wp\/v2\/pages"}],"about":[{"href":"https:\/\/agora.xtec.cat\/ceipignasimele\/wp-json\/wp\/v2\/types\/page"}],"author":[{"embeddable":true,"href":"https:\/\/agora.xtec.cat\/ceipignasimele\/wp-json\/wp\/v2\/users\/1"}],"replies":[{"embeddable":true,"href":"https:\/\/agora.xtec.cat\/ceipignasimele\/wp-json\/wp\/v2\/comments?post=3104"}],"version-history":[{"count":6,"href":"https:\/\/agora.xtec.cat\/ceipignasimele\/wp-json\/wp\/v2\/pages\/3104\/revisions"}],"predecessor-version":[{"id":3366,"href":"https:\/\/agora.xtec.cat\/ceipignasimele\/wp-json\/wp\/v2\/pages\/3104\/revisions\/3366"}],"up":[{"embeddable":true,"href":"https:\/\/agora.xtec.cat\/ceipignasimele\/wp-json\/wp\/v2\/pages\/3091"}],"wp:attachment":[{"href":"https:\/\/agora.xtec.cat\/ceipignasimele\/wp-json\/wp\/v2\/media?parent=3104"}],"curies":[{"name":"wp","href":"https:\/\/api.w.org\/{rel}","templated":true}]}}