{"id":2933,"date":"2023-03-08T09:51:23","date_gmt":"2023-03-08T08:51:23","guid":{"rendered":"https:\/\/agora.xtec.cat\/ceipignasimele\/?page_id=2933"},"modified":"2023-03-08T09:51:46","modified_gmt":"2023-03-08T08:51:46","slug":"cdiap-centre-de-desenvolupament-infantil-i-atencio-precoc","status":"publish","type":"page","link":"https:\/\/agora.xtec.cat\/ceipignasimele\/serveis\/externs\/cdiap-centre-de-desenvolupament-infantil-i-atencio-precoc\/","title":{"rendered":"CDIAP (centre de desenvolupament infantil i atenci\u00f3 preco\u00e7)"},"content":{"rendered":"<p>Els professionals que formen part de l&#8217;equip interdisciplinar dels CDIAP s\u00f3n experts en desenvolupament infantil i en els diversos \u00e0mbits d&#8217;intervenci\u00f3 (infant, fam\u00edlia i entorn). Hi ha especialistes en fisioter\u00e0pia, logop\u00e8dia, treball social, psicologia i neuropediatria, entre d&#8217;altres. Aquesta diversitat permet atendre qualsevol tipus de trastorn i aconseguir una intervenci\u00f3 global en les necessitats de l&#8217;infant i la seva fam\u00edlia.<\/p>\n","protected":false},"excerpt":{"rendered":"<p>Els professionals que formen part de l&#8217;equip interdisciplinar dels CDIAP s\u00f3n experts en desenvolupament infantil i en els diversos \u00e0mbits d&#8217;intervenci\u00f3 (infant, fam\u00edlia i entorn). Hi ha especialistes en fisioter\u00e0pia, logop\u00e8dia, treball social, psicologia i neuropediatria, entre d&#8217;altres. Aquesta diversitat permet atendre qualsevol tipus de&hellip;  <a href=\"https:\/\/agora.xtec.cat\/ceipignasimele\/serveis\/externs\/cdiap-centre-de-desenvolupament-infantil-i-atencio-precoc\/\" title=\"Read CDIAP (centre de desenvolupament infantil i atenci\u00f3 preco\u00e7)\">Llegeix m\u00e9s\u00bb<\/a><\/p>\n","protected":false},"author":1,"featured_media":0,"parent":717,"menu_order":5,"comment_status":"closed","ping_status":"closed","template":"","meta":{"_bbp_topic_count":0,"_bbp_reply_count":0,"_bbp_total_topic_count":0,"_bbp_total_reply_count":0,"_bbp_voice_count":0,"_bbp_anonymous_reply_count":0,"_bbp_topic_count_hidden":0,"_bbp_reply_count_hidden":0,"_bbp_forum_subforum_count":0,"footnotes":""},"class_list":["post-2933","page","type-page","status-publish","hentry"],"post_mailing_queue_ids":[],"_links":{"self":[{"href":"https:\/\/agora.xtec.cat\/ceipignasimele\/wp-json\/wp\/v2\/pages\/2933","targetHints":{"allow":["GET"]}}],"collection":[{"href":"https:\/\/agora.xtec.cat\/ceipignasimele\/wp-json\/wp\/v2\/pages"}],"about":[{"href":"https:\/\/agora.xtec.cat\/ceipignasimele\/wp-json\/wp\/v2\/types\/page"}],"author":[{"embeddable":true,"href":"https:\/\/agora.xtec.cat\/ceipignasimele\/wp-json\/wp\/v2\/users\/1"}],"replies":[{"embeddable":true,"href":"https:\/\/agora.xtec.cat\/ceipignasimele\/wp-json\/wp\/v2\/comments?post=2933"}],"version-history":[{"count":1,"href":"https:\/\/agora.xtec.cat\/ceipignasimele\/wp-json\/wp\/v2\/pages\/2933\/revisions"}],"predecessor-version":[{"id":2934,"href":"https:\/\/agora.xtec.cat\/ceipignasimele\/wp-json\/wp\/v2\/pages\/2933\/revisions\/2934"}],"up":[{"embeddable":true,"href":"https:\/\/agora.xtec.cat\/ceipignasimele\/wp-json\/wp\/v2\/pages\/717"}],"wp:attachment":[{"href":"https:\/\/agora.xtec.cat\/ceipignasimele\/wp-json\/wp\/v2\/media?parent=2933"}],"curies":[{"name":"wp","href":"https:\/\/api.w.org\/{rel}","templated":true}]}}