{"id":2915,"date":"2023-03-07T16:18:45","date_gmt":"2023-03-07T15:18:45","guid":{"rendered":"https:\/\/agora.xtec.cat\/ceipignasimele\/?page_id=2915"},"modified":"2023-03-07T16:18:45","modified_gmt":"2023-03-07T15:18:45","slug":"vetlladora","status":"publish","type":"page","link":"https:\/\/agora.xtec.cat\/ceipignasimele\/serveis\/interns\/vetlladora\/","title":{"rendered":"Vetlladora"},"content":{"rendered":"<p>El\/la<strong>\u00a0vetllador\/a escolar<\/strong>, tamb\u00e9 conegut com a\u00a0<strong>auxiliar d\u2019educaci\u00f3 especial<\/strong>\u00a0s\u00f3n professionals dedicats a l\u2019atenci\u00f3 directa d\u2019infants amb necessitats educatives especials en horari escolar.<\/p>\n<p>Es tracta d\u2019un perfil professional molt important en les escoles ja que ofereix els suports i ajudes necess\u00e0ries als infants que presenten unes <strong>necessitats educatives especials<\/strong>, una persona que els acompanyi al llarg del seu proc\u00e9s d\u2019ensenyament i aprenentatge facilitant-los-hi el dia a dia.<\/p>\n<p>Les tasques que duu a terme el\/la vetllador\/a poden ser molt diverses, ja que les necessitats que presenten els infants tamb\u00e9 ho s\u00f3n, i cada infant t\u00e9 un car\u00e0cter i una forma de ser. Per tant, ha de saber acostar-s\u2019hi i treballar-hi tant de forma efectiva com afectiva, havent d\u2019adaptar la seva intervenci\u00f3 a l\u2019edat, les caracter\u00edstiques de la discapacitat i l\u2019entorn personal i escolar. \u00c9s per aix\u00f2 que aquests professionals no poden deixar mai d\u2019aprendre, ja que com millor coneguin cada discapacitat, trastorn o malaltia millor podran intervenir amb els infants que les pateixin.<\/p>\n<p>Les vetlladores i el vetlladors escolars treballen sempre colze a colze amb altres perfils professionals com mestres, psicopedagogs\/es, logopedes, fisioterapeutes\u2026 i tot personal educatiu que interv\u00e9 en el dia a dia d\u2019aquests infants.<\/p>\n","protected":false},"excerpt":{"rendered":"<p>El\/la\u00a0vetllador\/a escolar, tamb\u00e9 conegut com a\u00a0auxiliar d\u2019educaci\u00f3 especial\u00a0s\u00f3n professionals dedicats a l\u2019atenci\u00f3 directa d\u2019infants amb necessitats educatives especials en horari escolar.<br \/>\nEs tracta d\u2019un perfil professional molt important en les escoles ja que ofereix els suports i ajudes necess\u00e0ries als infants que presenten unes necessitats educatives&hellip;  <a href=\"https:\/\/agora.xtec.cat\/ceipignasimele\/serveis\/interns\/vetlladora\/\" title=\"Read Vetlladora\">Llegeix m\u00e9s\u00bb<\/a><\/p>\n","protected":false},"author":1,"featured_media":0,"parent":714,"menu_order":3,"comment_status":"closed","ping_status":"closed","template":"","meta":{"_bbp_topic_count":0,"_bbp_reply_count":0,"_bbp_total_topic_count":0,"_bbp_total_reply_count":0,"_bbp_voice_count":0,"_bbp_anonymous_reply_count":0,"_bbp_topic_count_hidden":0,"_bbp_reply_count_hidden":0,"_bbp_forum_subforum_count":0,"footnotes":""},"class_list":["post-2915","page","type-page","status-publish","hentry"],"post_mailing_queue_ids":[],"_links":{"self":[{"href":"https:\/\/agora.xtec.cat\/ceipignasimele\/wp-json\/wp\/v2\/pages\/2915","targetHints":{"allow":["GET"]}}],"collection":[{"href":"https:\/\/agora.xtec.cat\/ceipignasimele\/wp-json\/wp\/v2\/pages"}],"about":[{"href":"https:\/\/agora.xtec.cat\/ceipignasimele\/wp-json\/wp\/v2\/types\/page"}],"author":[{"embeddable":true,"href":"https:\/\/agora.xtec.cat\/ceipignasimele\/wp-json\/wp\/v2\/users\/1"}],"replies":[{"embeddable":true,"href":"https:\/\/agora.xtec.cat\/ceipignasimele\/wp-json\/wp\/v2\/comments?post=2915"}],"version-history":[{"count":1,"href":"https:\/\/agora.xtec.cat\/ceipignasimele\/wp-json\/wp\/v2\/pages\/2915\/revisions"}],"predecessor-version":[{"id":2916,"href":"https:\/\/agora.xtec.cat\/ceipignasimele\/wp-json\/wp\/v2\/pages\/2915\/revisions\/2916"}],"up":[{"embeddable":true,"href":"https:\/\/agora.xtec.cat\/ceipignasimele\/wp-json\/wp\/v2\/pages\/714"}],"wp:attachment":[{"href":"https:\/\/agora.xtec.cat\/ceipignasimele\/wp-json\/wp\/v2\/media?parent=2915"}],"curies":[{"name":"wp","href":"https:\/\/api.w.org\/{rel}","templated":true}]}}