{"id":8756,"date":"2025-07-10T13:22:58","date_gmt":"2025-07-10T11:22:58","guid":{"rendered":"https:\/\/agora.xtec.cat\/ceiphortavella\/?page_id=8756"},"modified":"2025-07-11T11:14:22","modified_gmt":"2025-07-11T09:14:22","slug":"matematiques-continguts","status":"publish","type":"page","link":"https:\/\/agora.xtec.cat\/ceiphortavella\/matematiques-continguts\/","title":{"rendered":"Matem\u00e0tiques (continguts que es treballen)"},"content":{"rendered":"<p>Benvolgudes fam\u00edlies,<\/p>\n<p>Aqu\u00ed podeu trobar l&#8217;\u00edndex de sabers i els continguts que es treballen a prim\u00e0ria.<\/p>\n<p><a href=\"https:\/\/agora.xtec.cat\/ceiphortavella\/wp-content\/uploads\/usu918\/2025\/07\/raona1_index_merged.pdf\">Matem\u00e0tiques de cicle inicial (Raona 1 i 2) <\/a><\/p>\n<p><a href=\"https:\/\/agora.xtec.cat\/ceiphortavella\/wp-content\/uploads\/usu918\/2025\/07\/raona3_index_merged.pdf\">Matem\u00e0tiques de cicle mitj\u00e0 (Raona 3 i 4)<\/a><\/p>\n<p><a href=\"https:\/\/agora.xtec.cat\/ceiphortavella\/wp-content\/uploads\/usu918\/2025\/07\/enginy5_index_merged.pdf\">Matem\u00e0tiques de cicle superior(Enginy 5 i 6)<\/a><\/p>\n<p>&nbsp;<\/p>\n<p><strong>Aprenem a dividir!!! <\/strong><\/p>\n<p><iframe loading=\"lazy\" src=\"https:\/\/drive.google.com\/file\/d\/1JDwup1-kSJ_BLKAmd0XD4fuMXG7ssR8d\/preview\" width=\"640\" height=\"480\"><\/iframe><\/p>\n<p><iframe loading=\"lazy\" src=\"https:\/\/drive.google.com\/file\/d\/1pNNcYj2ulAPRWyMDcuxSfrgrB8x9NgOY\/preview\" width=\"640\" height=\"480\"><\/iframe><\/p>\n","protected":false},"excerpt":{"rendered":"<p>Benvolgudes fam\u00edlies,<br \/>\nAqu\u00ed podeu trobar l&#8217;\u00edndex de sabers i els continguts que es treballen a prim\u00e0ria.<br \/>\n<a href=\"https:\/\/agora.xtec.cat\/ceiphortavella\/wp-content\/uploads\/usu918\/2025\/07\/raona1_index_merged.pdf\">Matem\u00e0tiques de cicle inicial (Raona 1 i 2) <\/a><br \/>\n<a href=\"https:\/\/agora.xtec.cat\/ceiphortavella\/wp-content\/uploads\/usu918\/2025\/07\/raona3_index_merged.pdf\">Matem\u00e0tiques de cicle mitj\u00e0 (Raona 3 i 4)<\/a><br \/>\n<a href=\"https:\/\/agora.xtec.cat\/ceiphortavella\/wp-content\/uploads\/usu918\/2025\/07\/enginy5_index_merged.pdf\">Matem\u00e0tiques de cicle superior(Enginy 5 i 6)<\/a><br \/>\n&nbsp;<br \/>\nAprenem a dividir!!! <\/p>\n","protected":false},"author":1,"featured_media":0,"parent":0,"menu_order":0,"comment_status":"closed","ping_status":"closed","template":"","meta":{"_bbp_topic_count":0,"_bbp_reply_count":0,"_bbp_total_topic_count":0,"_bbp_total_reply_count":0,"_bbp_voice_count":0,"_bbp_anonymous_reply_count":0,"_bbp_topic_count_hidden":0,"_bbp_reply_count_hidden":0,"_bbp_forum_subforum_count":0,"footnotes":""},"class_list":["post-8756","page","type-page","status-publish","hentry"],"post_mailing_queue_ids":[],"_links":{"self":[{"href":"https:\/\/agora.xtec.cat\/ceiphortavella\/wp-json\/wp\/v2\/pages\/8756","targetHints":{"allow":["GET"]}}],"collection":[{"href":"https:\/\/agora.xtec.cat\/ceiphortavella\/wp-json\/wp\/v2\/pages"}],"about":[{"href":"https:\/\/agora.xtec.cat\/ceiphortavella\/wp-json\/wp\/v2\/types\/page"}],"author":[{"embeddable":true,"href":"https:\/\/agora.xtec.cat\/ceiphortavella\/wp-json\/wp\/v2\/users\/1"}],"replies":[{"embeddable":true,"href":"https:\/\/agora.xtec.cat\/ceiphortavella\/wp-json\/wp\/v2\/comments?post=8756"}],"version-history":[{"count":4,"href":"https:\/\/agora.xtec.cat\/ceiphortavella\/wp-json\/wp\/v2\/pages\/8756\/revisions"}],"predecessor-version":[{"id":8769,"href":"https:\/\/agora.xtec.cat\/ceiphortavella\/wp-json\/wp\/v2\/pages\/8756\/revisions\/8769"}],"wp:attachment":[{"href":"https:\/\/agora.xtec.cat\/ceiphortavella\/wp-json\/wp\/v2\/media?parent=8756"}],"curies":[{"name":"wp","href":"https:\/\/api.w.org\/{rel}","templated":true}]}}