{"id":5905,"date":"2023-08-31T13:54:10","date_gmt":"2023-08-31T11:54:10","guid":{"rendered":"https:\/\/agora.xtec.cat\/ceiphortavella\/?page_id=5905"},"modified":"2025-07-28T00:07:49","modified_gmt":"2025-07-27T22:07:49","slug":"llibre-de-families","status":"publish","type":"page","link":"https:\/\/agora.xtec.cat\/ceiphortavella\/llibre-de-families\/","title":{"rendered":"Llibre de fam\u00edlies"},"content":{"rendered":"<p data-start=\"159\" data-end=\"351\">Us presentem el llibret informatiu de l\u2019escola, on hi trobareu recollida la informaci\u00f3 m\u00e9s rellevant per con\u00e8ixer el funcionament del centre. Esperem que us sigui d\u2019utilitat al llarg del curs.<\/p>\n<p data-start=\"353\" data-end=\"385\"><strong data-start=\"353\" data-end=\"385\">\u2192 <a href=\"https:\/\/www.canva.com\/design\/DAGrcBkr85M\/mLkmRBhjiqzJeU24vwLibQ\/view?utm_content=DAGrcBkr85M&amp;utm_campaign=designshare&amp;utm_medium=link2&amp;utm_source=uniquelinks&amp;utlId=h47a860ddab\">LLIBRET PER A LES FAM\u00cdLIES<\/a><\/strong><\/p>\n<p>&nbsp;<\/p>\n","protected":false},"excerpt":{"rendered":"<p>Us presentem el llibret informatiu de l\u2019escola, on hi trobareu recollida la informaci\u00f3 m\u00e9s rellevant per con\u00e8ixer el funcionament del centre. Esperem que us sigui d\u2019utilitat al llarg del curs.<br \/>\n\u2192 <a href=\"https:\/\/www.canva.com\/design\/DAGrcBkr85M\/mLkmRBhjiqzJeU24vwLibQ\/view?utm_content=DAGrcBkr85M&amp;utm_campaign=designshare&amp;utm_medium=link2&amp;utm_source=uniquelinks&amp;utlId=h47a860ddab\">LLIBRET PER A LES FAM\u00cdLIES<\/a><br \/>\n&nbsp;<\/p>\n","protected":false},"author":1,"featured_media":0,"parent":0,"menu_order":0,"comment_status":"closed","ping_status":"closed","template":"page-templates\/side-menu.php","meta":{"_bbp_topic_count":0,"_bbp_reply_count":0,"_bbp_total_topic_count":0,"_bbp_total_reply_count":0,"_bbp_voice_count":0,"_bbp_anonymous_reply_count":0,"_bbp_topic_count_hidden":0,"_bbp_reply_count_hidden":0,"_bbp_forum_subforum_count":0,"footnotes":""},"class_list":["post-5905","page","type-page","status-publish","hentry"],"post_mailing_queue_ids":[],"_links":{"self":[{"href":"https:\/\/agora.xtec.cat\/ceiphortavella\/wp-json\/wp\/v2\/pages\/5905","targetHints":{"allow":["GET"]}}],"collection":[{"href":"https:\/\/agora.xtec.cat\/ceiphortavella\/wp-json\/wp\/v2\/pages"}],"about":[{"href":"https:\/\/agora.xtec.cat\/ceiphortavella\/wp-json\/wp\/v2\/types\/page"}],"author":[{"embeddable":true,"href":"https:\/\/agora.xtec.cat\/ceiphortavella\/wp-json\/wp\/v2\/users\/1"}],"replies":[{"embeddable":true,"href":"https:\/\/agora.xtec.cat\/ceiphortavella\/wp-json\/wp\/v2\/comments?post=5905"}],"version-history":[{"count":6,"href":"https:\/\/agora.xtec.cat\/ceiphortavella\/wp-json\/wp\/v2\/pages\/5905\/revisions"}],"predecessor-version":[{"id":8781,"href":"https:\/\/agora.xtec.cat\/ceiphortavella\/wp-json\/wp\/v2\/pages\/5905\/revisions\/8781"}],"wp:attachment":[{"href":"https:\/\/agora.xtec.cat\/ceiphortavella\/wp-json\/wp\/v2\/media?parent=5905"}],"curies":[{"name":"wp","href":"https:\/\/api.w.org\/{rel}","templated":true}]}}