{"id":5806,"date":"2022-03-25T13:11:43","date_gmt":"2022-03-25T12:11:43","guid":{"rendered":"https:\/\/agora.xtec.cat\/ceiphortavella\/?page_id=5806"},"modified":"2023-04-28T12:31:11","modified_gmt":"2023-04-28T10:31:11","slug":"avaluacio","status":"publish","type":"page","link":"https:\/\/agora.xtec.cat\/ceiphortavella\/estrategia-digital-de-centre\/avaluacio\/","title":{"rendered":"AVALUACI\u00d3"},"content":{"rendered":"<p>Per tal de dur a terme el retiment de comptes hem elaborat el seg\u00fcent document on hi surten els indicadors de cada objectiu i de cada activitat amb els criteris d&#8217;\u00e8xit:<\/p>\n<p><iframe loading=\"lazy\" src=\"https:\/\/docs.google.com\/spreadsheets\/d\/e\/2PACX-1vQ_dv4t-ajPo6YFUiK7N3h5ZKdI2RdJKgC9aaKkaECrLenvBcKY2X8K9wYapweozZcashuciRySmffn\/pubhtml?widget=true&amp;headers=false\" width=\"1200\" height=\"810\"><\/iframe><\/p>\n","protected":false},"excerpt":{"rendered":"<p>Per tal de dur a terme el retiment de comptes hem elaborat el seg\u00fcent document on hi surten els indicadors de cada objectiu i de cada activitat amb els criteris d&#8217;\u00e8xit:<\/p>\n","protected":false},"author":1,"featured_media":0,"parent":5794,"menu_order":0,"comment_status":"closed","ping_status":"closed","template":"page-templates\/side-menu.php","meta":{"_bbp_topic_count":0,"_bbp_reply_count":0,"_bbp_total_topic_count":0,"_bbp_total_reply_count":0,"_bbp_voice_count":0,"_bbp_anonymous_reply_count":0,"_bbp_topic_count_hidden":0,"_bbp_reply_count_hidden":0,"_bbp_forum_subforum_count":0,"footnotes":""},"class_list":["post-5806","page","type-page","status-publish","hentry"],"post_mailing_queue_ids":[],"_links":{"self":[{"href":"https:\/\/agora.xtec.cat\/ceiphortavella\/wp-json\/wp\/v2\/pages\/5806","targetHints":{"allow":["GET"]}}],"collection":[{"href":"https:\/\/agora.xtec.cat\/ceiphortavella\/wp-json\/wp\/v2\/pages"}],"about":[{"href":"https:\/\/agora.xtec.cat\/ceiphortavella\/wp-json\/wp\/v2\/types\/page"}],"author":[{"embeddable":true,"href":"https:\/\/agora.xtec.cat\/ceiphortavella\/wp-json\/wp\/v2\/users\/1"}],"replies":[{"embeddable":true,"href":"https:\/\/agora.xtec.cat\/ceiphortavella\/wp-json\/wp\/v2\/comments?post=5806"}],"version-history":[{"count":3,"href":"https:\/\/agora.xtec.cat\/ceiphortavella\/wp-json\/wp\/v2\/pages\/5806\/revisions"}],"predecessor-version":[{"id":6945,"href":"https:\/\/agora.xtec.cat\/ceiphortavella\/wp-json\/wp\/v2\/pages\/5806\/revisions\/6945"}],"up":[{"embeddable":true,"href":"https:\/\/agora.xtec.cat\/ceiphortavella\/wp-json\/wp\/v2\/pages\/5794"}],"wp:attachment":[{"href":"https:\/\/agora.xtec.cat\/ceiphortavella\/wp-json\/wp\/v2\/media?parent=5806"}],"curies":[{"name":"wp","href":"https:\/\/api.w.org\/{rel}","templated":true}]}}