{"id":5797,"date":"2022-03-25T13:11:10","date_gmt":"2022-03-25T12:11:10","guid":{"rendered":"https:\/\/agora.xtec.cat\/ceiphortavella\/?page_id=5797"},"modified":"2023-01-13T13:23:31","modified_gmt":"2023-01-13T12:23:31","slug":"diagnosi","status":"publish","type":"page","link":"https:\/\/agora.xtec.cat\/ceiphortavella\/estrategia-digital-de-centre\/diagnosi\/","title":{"rendered":"DIAGNOSI"},"content":{"rendered":"<p style=\"text-align: justify;\">Al nostre centre estem fent l\u2019Estrat\u00e8gia Digital de Centre (EDC) per millorar la qualitat educativa i madurar la compet\u00e8ncia digital.<\/p>\n<p>Per fer la diagnosi de centre hem utilitzat l\u2019eina <a href=\"https:\/\/schools-go-digital.jrc.ec.europa.eu\/coordinator\/login?lang=es\">Selfie<\/a>, creada per la Comissi\u00f3 Europea d&#8217;educaci\u00f3 que permet a partir d&#8217;un q\u00fcestionari valoratiu amb preguntes diferenciades per a l&#8217;equip directiu, professorat i alumnat per avaluar l&#8217;evoluci\u00f3 de la integraci\u00f3 de la tecnologia a l&#8217;escola Horta Vella.<\/p>\n<p><a href=\"https:\/\/agora.xtec.cat\/ceiphortavella\/wp-content\/uploads\/usu918\/2022\/04\/participation-rates.png\"><img loading=\"lazy\" decoding=\"async\" class=\"wp-image-5945 aligncenter\" src=\"https:\/\/agora.xtec.cat\/ceiphortavella\/wp-content\/uploads\/usu918\/2022\/04\/participation-rates-300x79.png\" alt=\"\" width=\"608\" height=\"160\" srcset=\"https:\/\/agora.xtec.cat\/ceiphortavella\/wp-content\/uploads\/usu918\/2022\/04\/participation-rates-300x79.png 300w, https:\/\/agora.xtec.cat\/ceiphortavella\/wp-content\/uploads\/usu918\/2022\/04\/participation-rates-1024x269.png 1024w, https:\/\/agora.xtec.cat\/ceiphortavella\/wp-content\/uploads\/usu918\/2022\/04\/participation-rates-768x202.png 768w, https:\/\/agora.xtec.cat\/ceiphortavella\/wp-content\/uploads\/usu918\/2022\/04\/participation-rates-1536x403.png 1536w, https:\/\/agora.xtec.cat\/ceiphortavella\/wp-content\/uploads\/usu918\/2022\/04\/participation-rates-2048x538.png 2048w\" sizes=\"auto, (max-width: 608px) 100vw, 608px\" \/><\/a><\/p>\n<p><strong><span style=\"color: #000000;\">Q\u00dcESTIONARI FAMILIES<\/span><\/strong><\/p>\n<p>L&#8217;altra eina utilitzada per fer detecci\u00f3 de punts forts i febles quant a estrat\u00e8gia digital en el curs 2021-22<\/p>\n<p><a href=\"https:\/\/docs.google.com\/forms\/d\/1CY9pk7LhvtK81Dz6ibfhLvhHBHLI4MWhwj0T_772SB8\/edit\">EDUCACI\u00d3 INFANTIL<\/a><\/p>\n<p><a href=\"https:\/\/docs.google.com\/forms\/d\/1VrTSZ0EvFuQt3GvtMpXnd0aDJCz1mPBavS-Q_ghgOTs\/edit\">CICLE INICIAL<\/a><\/p>\n<p><a href=\"https:\/\/docs.google.com\/forms\/d\/16jRJ2CMNLxtH1lwyecMadEgfKSZWzLr2gw2aHdGxLrQ\/edit\">CICLE MITJ\u00c0<\/a><\/p>\n<p><a href=\"https:\/\/docs.google.com\/forms\/d\/1LBxtAzdx96oIqZkp_6__-JoHTVzR8eynhQnKNY9vmd8\/edit\">CICLE SUPERIOR<\/a><\/p>\n<p>&nbsp;<\/p>\n<p>A partir de l&#8217;an\u00e0lisi de les dades d&#8217;aquesta eina, es van detectar els seg\u00fcents punts forts i punts febles dels aspectes seg\u00fcents :<\/p>\n<p><strong>Els nostres punts forts s\u00f3n:<\/strong><\/p>\n<table style=\"border-collapse: collapse; width: 77.8376%;\">\n<tbody>\n<tr>\n<td style=\"width: 24.7503%;\"><strong>LIDERATGE<\/strong><\/td>\n<td style=\"width: 70.3571%;\">Desenvolupament de l&#8217;estrat\u00e8gia digital amb el professorat<\/td>\n<\/tr>\n<tr>\n<td style=\"width: 24.7503%;\"><strong>INFRAESTRUCTURES I EQUIPAMENTS\u00a0<\/strong><\/td>\n<td style=\"width: 70.3571%;\">Millora continuada dels equipaments i infraestructures<\/td>\n<\/tr>\n<tr>\n<td style=\"width: 24.7503%;\"><strong>DESENVOLUPAMENT PROFESSIONAL<\/strong><\/td>\n<td style=\"width: 70.3571%;\">Recolzament a la formaci\u00f3 interna de centre en mat\u00e8ria digital<\/td>\n<\/tr>\n<tr>\n<td style=\"width: 24.7503%;\"><strong>PEDAGOGIA: SUPORTS I RECURSOS<\/strong><\/td>\n<td style=\"width: 70.3571%;\">Increment en l&#8217;\u00fas de les tecnologies digitals per a l&#8217;aprenentatge i per a la comunicaci\u00f3 amb les fam\u00edlies<\/td>\n<\/tr>\n<\/tbody>\n<\/table>\n<p>&nbsp;<\/p>\n<p><strong>Els punts a millorar s\u00f3n:<\/strong><\/p>\n<table style=\"border-collapse: collapse; width: 64.7076%;\">\n<tbody>\n<tr>\n<td style=\"width: 21.6959%;\"><strong>COL\u00b7LABORACI\u00d3 I REDS<\/strong><\/td>\n<td style=\"width: 53.275%;\"><b>OBJECTIU 3<\/b><\/p>\n<p><span style=\"font-weight: 400;\">Promoure una xarxa interna entre el professorat del centre per compartir i valorar pr\u00e0ctiques educatives digitals<\/span><\/td>\n<\/tr>\n<tr>\n<td style=\"width: 21.6959%;\"><strong>PEDAGOGIA:IMPLEMENTACI\u00d3 A L&#8217;AULA<\/strong><\/td>\n<td style=\"width: 53.275%;\"><b>OBJECTIU 1<\/b><\/p>\n<p><span style=\"font-weight: 400;\">Actualitzar les unitats de programaci\u00f3 de tots els \u00e0mbits de prim\u00e0ria incloent-hi l\u2019\u00e0mbit digital<\/span><\/td>\n<\/tr>\n<tr>\n<td style=\"width: 21.6959%;\"><strong>PR\u00c0CTIQUES D&#8217;AVALUACI\u00d3<\/strong><\/td>\n<td style=\"width: 53.275%;\"><b>OBJECTIU 2<\/b><\/p>\n<p><span style=\"font-weight: 400;\">Dissenyar les r\u00fabriques i les metodologies d\u2019avaluaci\u00f3 de la compet\u00e8ncia digital per cicles\u00a0<\/span><\/td>\n<\/tr>\n<tr>\n<td style=\"width: 21.6959%;\"><strong>COMPET\u00c8NCIES DIGITALS DE L&#8217;ALUMNAT<\/strong><\/td>\n<td style=\"width: 53.275%;\"><b>OBJECTIU 1<\/b><\/p>\n<p><span style=\"font-weight: 400;\">Actualitzar les unitats de programaci\u00f3 de tots els \u00e0mbits de prim\u00e0ria incloent-hi l\u2019\u00e0mbit digital<\/span><\/td>\n<\/tr>\n<\/tbody>\n<\/table>\n<p>&nbsp;<\/p>\n","protected":false},"excerpt":{"rendered":"<p>Al nostre centre estem fent l\u2019Estrat\u00e8gia Digital de Centre (EDC) per millorar la qualitat educativa i madurar la compet\u00e8ncia digital.<br \/>\nPer fer la diagnosi de centre hem utilitzat l\u2019eina <a href=\"https:\/\/schools-go-digital.jrc.ec.europa.eu\/coordinator\/login?lang=es\">Selfie<\/a>, creada per la Comissi\u00f3 Europea d&#8217;educaci\u00f3 que permet a partir d&#8217;un q\u00fcestionari valoratiu amb preguntes&hellip;  <a href=\"https:\/\/agora.xtec.cat\/ceiphortavella\/estrategia-digital-de-centre\/diagnosi\/\" title=\"Read DIAGNOSI\">Llegeix m\u00e9s\u00bb<\/a><\/p>\n","protected":false},"author":1,"featured_media":0,"parent":5794,"menu_order":0,"comment_status":"closed","ping_status":"closed","template":"page-templates\/side-menu.php","meta":{"_bbp_topic_count":0,"_bbp_reply_count":0,"_bbp_total_topic_count":0,"_bbp_total_reply_count":0,"_bbp_voice_count":0,"_bbp_anonymous_reply_count":0,"_bbp_topic_count_hidden":0,"_bbp_reply_count_hidden":0,"_bbp_forum_subforum_count":0,"footnotes":""},"class_list":["post-5797","page","type-page","status-publish","hentry"],"post_mailing_queue_ids":[],"_links":{"self":[{"href":"https:\/\/agora.xtec.cat\/ceiphortavella\/wp-json\/wp\/v2\/pages\/5797","targetHints":{"allow":["GET"]}}],"collection":[{"href":"https:\/\/agora.xtec.cat\/ceiphortavella\/wp-json\/wp\/v2\/pages"}],"about":[{"href":"https:\/\/agora.xtec.cat\/ceiphortavella\/wp-json\/wp\/v2\/types\/page"}],"author":[{"embeddable":true,"href":"https:\/\/agora.xtec.cat\/ceiphortavella\/wp-json\/wp\/v2\/users\/1"}],"replies":[{"embeddable":true,"href":"https:\/\/agora.xtec.cat\/ceiphortavella\/wp-json\/wp\/v2\/comments?post=5797"}],"version-history":[{"count":3,"href":"https:\/\/agora.xtec.cat\/ceiphortavella\/wp-json\/wp\/v2\/pages\/5797\/revisions"}],"predecessor-version":[{"id":5982,"href":"https:\/\/agora.xtec.cat\/ceiphortavella\/wp-json\/wp\/v2\/pages\/5797\/revisions\/5982"}],"up":[{"embeddable":true,"href":"https:\/\/agora.xtec.cat\/ceiphortavella\/wp-json\/wp\/v2\/pages\/5794"}],"wp:attachment":[{"href":"https:\/\/agora.xtec.cat\/ceiphortavella\/wp-json\/wp\/v2\/media?parent=5797"}],"curies":[{"name":"wp","href":"https:\/\/api.w.org\/{rel}","templated":true}]}}