{"id":28,"date":"2026-02-15T12:29:35","date_gmt":"2026-02-15T11:29:35","guid":{"rendered":"http:\/\/agora.xtec.cat\/ceiphortavella\/?page_id=28"},"modified":"2026-02-17T16:31:50","modified_gmt":"2026-02-17T15:31:50","slug":"consell-escolar","status":"publish","type":"page","link":"https:\/\/agora.xtec.cat\/ceiphortavella\/consell-escolar\/","title":{"rendered":"Consell escolar"},"content":{"rendered":"<p>El consell escolar del centre \u00e9s l\u2019<strong>\u00f2rgan col\u00b7legiat de participaci\u00f3<\/strong>\u00a0de la comunitat escolar en el govern del centre. En el consell escolar hi ha representats tots els col\u00b7lectius que intervenen en la comunitat educativa: director, professorat, alumnat, personal d\u2019administraci\u00f3 i serveis, etc.<\/p>\n<p>En els centres p\u00fablics, la funci\u00f3 principal del consell escolar \u00e9s participar en la presa de decisions en relaci\u00f3 amb aquells temes importants per al funcionament i l\u2019organitzaci\u00f3 del centre: el projecte educatiu, la programaci\u00f3 general, la gesti\u00f3 econ\u00f2mica, etc.<\/p>\n<p>Els membres del consell escolar s\u00f3n elegits per un per\u00edode de quatre anys i es renoven per meitats cada dos anys.<\/p>\n<p>Els\u00a0<strong>membres\u00a0<\/strong>del Consell Escolar actual s\u00f3n:<\/p>\n<p><a href=\"https:\/\/agora.xtec.cat\/ceiphortavella\/wp-content\/uploads\/usu918\/2026\/02\/Membres-Consell-Escolar.png\"><img loading=\"lazy\" decoding=\"async\" class=\"alignnone wp-image-8901\" src=\"https:\/\/agora.xtec.cat\/ceiphortavella\/wp-content\/uploads\/usu918\/2026\/02\/Membres-Consell-Escolar-169x300.png\" alt=\"\" width=\"222\" height=\"394\" srcset=\"https:\/\/agora.xtec.cat\/ceiphortavella\/wp-content\/uploads\/usu918\/2026\/02\/Membres-Consell-Escolar-169x300.png 169w, https:\/\/agora.xtec.cat\/ceiphortavella\/wp-content\/uploads\/usu918\/2026\/02\/Membres-Consell-Escolar-576x1024.png 576w, https:\/\/agora.xtec.cat\/ceiphortavella\/wp-content\/uploads\/usu918\/2026\/02\/Membres-Consell-Escolar-768x1365.png 768w, https:\/\/agora.xtec.cat\/ceiphortavella\/wp-content\/uploads\/usu918\/2026\/02\/Membres-Consell-Escolar-864x1536.png 864w, https:\/\/agora.xtec.cat\/ceiphortavella\/wp-content\/uploads\/usu918\/2026\/02\/Membres-Consell-Escolar.png 1080w\" sizes=\"auto, (max-width: 222px) 100vw, 222px\" \/><\/a><\/p>\n<p>&nbsp;<\/p>\n<p>&nbsp;<\/p>\n<p><a href=\"https:\/\/agora.xtec.cat\/ceiphortavella\/wp-content\/uploads\/usu918\/2023\/12\/acords_consell-escolar-2-11-23-web.signat.pdf\">Acords consell escolar 02-11-23\u00a0<\/a><\/p>\n<p><a href=\"https:\/\/agora.xtec.cat\/ceiphortavella\/wp-content\/uploads\/usu918\/2023\/12\/Acords-consell-escolar-12-12-23_signat.docx.pdf\">Acords consell escolar 12-12-23<\/a><\/p>\n<p><a href=\"https:\/\/agora.xtec.cat\/ceiphortavella\/wp-content\/uploads\/usu918\/2023\/12\/Acords-consell-escolar-25-01-24_signat.docx.pdf\">Acords consell escolar 25-01-24<\/a><\/p>\n<p><a href=\"https:\/\/agora.xtec.cat\/ceiphortavella\/wp-content\/uploads\/usu918\/2024\/07\/Acords-consell-escolar-25-06-24.signat.pdf\">Acords consell escolar 25-06-24<\/a><\/p>\n<p><a href=\"https:\/\/agora.xtec.cat\/ceiphortavella\/wp-content\/uploads\/usu918\/2024\/11\/Acords-consell-escolar-29_10_24_signat.docx.pdf\">Acords consell escolar 29-10-24<\/a><\/p>\n<p><a href=\"https:\/\/agora.xtec.cat\/ceiphortavella\/wp-content\/uploads\/usu918\/2025\/02\/Acords-consell-escolar-23_01_25_signat.docx.pdf\">Acords consell escolar 23-01-25<\/a><\/p>\n<p><a href=\"https:\/\/agora.xtec.cat\/ceiphortavella\/wp-content\/uploads\/usu918\/2025\/06\/Acords-consell-escolar-09_06_25.docxa_.pdf\">Acords consell escolar 09-06-25<\/a><\/p>\n<p><a href=\"https:\/\/agora.xtec.cat\/ceiphortavella\/wp-content\/uploads\/usu918\/2025\/11\/acta-consell-escolar-5-11-25-web-1.pdf\">Acta consell escolar\u00a0 05-11-25<\/a><\/p>\n<p><a href=\"https:\/\/agora.xtec.cat\/ceiphortavella\/wp-content\/uploads\/usu918\/2026\/02\/Acta-web-consell-escolar-04_02_26.pdf\">Acta web consell escolar 04-02-26<\/a><\/p>\n<p>&nbsp;<\/p>\n<p>&nbsp;<\/p>\n","protected":false},"excerpt":{"rendered":"<p>El consell escolar del centre \u00e9s l\u2019\u00f2rgan col\u00b7legiat de participaci\u00f3\u00a0de la comunitat escolar en el govern del centre. En el consell escolar hi ha representats tots els col\u00b7lectius que intervenen en la comunitat educativa: director, professorat, alumnat, personal d\u2019administraci\u00f3 i serveis, etc.<br \/>\nEn els centres p\u00fablics,&hellip;  <a href=\"https:\/\/agora.xtec.cat\/ceiphortavella\/consell-escolar\/\" title=\"Read Consell escolar\">Llegeix m\u00e9s\u00bb<\/a><\/p>\n","protected":false},"author":1,"featured_media":0,"parent":0,"menu_order":30,"comment_status":"closed","ping_status":"closed","template":"page-templates\/side-menu.php","meta":{"_bbp_topic_count":0,"_bbp_reply_count":0,"_bbp_total_topic_count":0,"_bbp_total_reply_count":0,"_bbp_voice_count":0,"_bbp_anonymous_reply_count":0,"_bbp_topic_count_hidden":0,"_bbp_reply_count_hidden":0,"_bbp_forum_subforum_count":0,"footnotes":""},"class_list":["post-28","page","type-page","status-publish","hentry"],"post_mailing_queue_ids":[],"_links":{"self":[{"href":"https:\/\/agora.xtec.cat\/ceiphortavella\/wp-json\/wp\/v2\/pages\/28","targetHints":{"allow":["GET"]}}],"collection":[{"href":"https:\/\/agora.xtec.cat\/ceiphortavella\/wp-json\/wp\/v2\/pages"}],"about":[{"href":"https:\/\/agora.xtec.cat\/ceiphortavella\/wp-json\/wp\/v2\/types\/page"}],"author":[{"embeddable":true,"href":"https:\/\/agora.xtec.cat\/ceiphortavella\/wp-json\/wp\/v2\/users\/1"}],"replies":[{"embeddable":true,"href":"https:\/\/agora.xtec.cat\/ceiphortavella\/wp-json\/wp\/v2\/comments?post=28"}],"version-history":[{"count":6,"href":"https:\/\/agora.xtec.cat\/ceiphortavella\/wp-json\/wp\/v2\/pages\/28\/revisions"}],"predecessor-version":[{"id":8902,"href":"https:\/\/agora.xtec.cat\/ceiphortavella\/wp-json\/wp\/v2\/pages\/28\/revisions\/8902"}],"wp:attachment":[{"href":"https:\/\/agora.xtec.cat\/ceiphortavella\/wp-json\/wp\/v2\/media?parent=28"}],"curies":[{"name":"wp","href":"https:\/\/api.w.org\/{rel}","templated":true}]}}