{"id":13498,"date":"2023-02-08T17:09:54","date_gmt":"2023-02-08T16:09:54","guid":{"rendered":"https:\/\/agora.xtec.cat\/ceipheroisdelbruc\/?page_id=13498"},"modified":"2023-03-07T10:53:19","modified_gmt":"2023-03-07T09:53:19","slug":"siei","status":"publish","type":"page","link":"https:\/\/agora.xtec.cat\/ceipheroisdelbruc\/siei\/","title":{"rendered":"SIEI"},"content":{"rendered":"<p>Els suports intensius per a l\u2019escolaritzaci\u00f3 inclusiva (SIEI), abans USEE; s\u00f3n dotacions extraordin\u00e0ries de professionals que s\u2019incorporen a les plantilles d\u2019escoles i instituts com a recursos intensius per atendre els alumnes amb necessitats educatives especials que ho necessitin.<\/p>\n<p>El SIEI \u00e9s un recurs per al centre, que se suma als suports universals i addicionals per a la inclusi\u00f3.<\/p>\n<p>A qui s&#8217;adre\u00e7a el suport:<\/p>\n<p>Als alumnes amb necessitats educatives especials derivades de limitacions molt significatives, tant en el funcionament intel\u00b7lectual com en la conducta adaptativa, els quals requereixen al llarg de tota l\u2019escolaritat mesures i suports intensius per poder relacionar-se, participar i aprendre.<\/p>\n<p>L\u2019atenci\u00f3 dels alumnes que reben aquest suport \u00e9s responsabilitat de tot l\u2019equip docent i en concret del tutor del grup de refer\u00e8ncia, \u00a0l\u2019alumne ha d\u2019anar al seu grup de refer\u00e8ncia, i \u00e9s aquest espai que ha d\u2019adaptar-se a la necessitat de l\u2019alumne<\/p>\n<p>La proposta d\u2019escolaritzaci\u00f3 respon a l\u2019informe de reconeixement de necessitats espec\u00edfiques de suport educatives elaborat per l\u2019EAP per als alumnes escolaritzats des de de 2n cicle educaci\u00f3 infantil fins \u00a04rt ESO, al llarg de l\u2019escolaritzaci\u00f3 i en qualsevol etapa<\/p>\n<p>-Documentaci\u00f3 administrativa i expedient acad\u00e8mic dels alumnes. Els alumnes que reben el suport SIEI han disposar del dictamen\u00a0i\/o informe de reconeixement de necessitats educatives especials elaborat per l\u2019EAP\u00a0i el Pla de suport individualitzat (PI). La documentaci\u00f3 administrativa restant ser\u00e0 la mateixa per a la de l\u2019alumne en general.<\/p>\n<p>-Avaluaci\u00f3. Els alumnes amb\u00a0pla\u00a0de suport \u00a0individualitzat han de ser avaluats, en les comissions d\u2019avaluaci\u00f3 del seu grup-classe o grup d\u2019alumnes, en refer\u00e8ncia als criteris d\u2019avaluaci\u00f3 descrits en el seu PI.<\/p>\n","protected":false},"excerpt":{"rendered":"<p>Els suports intensius per a l\u2019escolaritzaci\u00f3 inclusiva (SIEI), abans USEE; s\u00f3n dotacions extraordin\u00e0ries de professionals que s\u2019incorporen a les plantilles d\u2019escoles i instituts com a recursos intensius per atendre els alumnes amb necessitats educatives especials que ho necessitin. El SIEI \u00e9s un recurs per al centre, que se suma als suports universals i addicionals per [&hellip;]<\/p>\n","protected":false},"author":1,"featured_media":0,"parent":0,"menu_order":0,"comment_status":"closed","ping_status":"closed","template":"","meta":{"_bbp_topic_count":0,"_bbp_reply_count":0,"_bbp_total_topic_count":0,"_bbp_total_reply_count":0,"_bbp_voice_count":0,"_bbp_anonymous_reply_count":0,"_bbp_topic_count_hidden":0,"_bbp_reply_count_hidden":0,"_bbp_forum_subforum_count":0,"site-sidebar-layout":"default","site-content-layout":"","ast-site-content-layout":"","site-content-style":"default","site-sidebar-style":"default","ast-global-header-display":"","ast-banner-title-visibility":"","ast-main-header-display":"","ast-hfb-above-header-display":"","ast-hfb-below-header-display":"","ast-hfb-mobile-header-display":"","site-post-title":"","ast-breadcrumbs-content":"","ast-featured-img":"","footer-sml-layout":"","theme-transparent-header-meta":"","adv-header-id-meta":"","stick-header-meta":"","header-above-stick-meta":"","header-main-stick-meta":"","header-below-stick-meta":"","astra-migrate-meta-layouts":"default","ast-page-background-enabled":"default","ast-page-background-meta":{"desktop":{"background-color":"var(--ast-global-color-4)","background-image":"","background-repeat":"repeat","background-position":"center center","background-size":"auto","background-attachment":"scroll","background-type":"","background-media":"","overlay-type":"","overlay-color":"","overlay-opacity":"","overlay-gradient":""},"tablet":{"background-color":"","background-image":"","background-repeat":"repeat","background-position":"center center","background-size":"auto","background-attachment":"scroll","background-type":"","background-media":"","overlay-type":"","overlay-color":"","overlay-opacity":"","overlay-gradient":""},"mobile":{"background-color":"","background-image":"","background-repeat":"repeat","background-position":"center center","background-size":"auto","background-attachment":"scroll","background-type":"","background-media":"","overlay-type":"","overlay-color":"","overlay-opacity":"","overlay-gradient":""}},"ast-content-background-meta":{"desktop":{"background-color":"var(--ast-global-color-5)","background-image":"","background-repeat":"repeat","background-position":"center center","background-size":"auto","background-attachment":"scroll","background-type":"","background-media":"","overlay-type":"","overlay-color":"","overlay-opacity":"","overlay-gradient":""},"tablet":{"background-color":"var(--ast-global-color-5)","background-image":"","background-repeat":"repeat","background-position":"center center","background-size":"auto","background-attachment":"scroll","background-type":"","background-media":"","overlay-type":"","overlay-color":"","overlay-opacity":"","overlay-gradient":""},"mobile":{"background-color":"var(--ast-global-color-5)","background-image":"","background-repeat":"repeat","background-position":"center center","background-size":"auto","background-attachment":"scroll","background-type":"","background-media":"","overlay-type":"","overlay-color":"","overlay-opacity":"","overlay-gradient":""}},"footnotes":""},"class_list":["post-13498","page","type-page","status-publish","hentry"],"post_mailing_queue_ids":[],"_links":{"self":[{"href":"https:\/\/agora.xtec.cat\/ceipheroisdelbruc\/wp-json\/wp\/v2\/pages\/13498","targetHints":{"allow":["GET"]}}],"collection":[{"href":"https:\/\/agora.xtec.cat\/ceipheroisdelbruc\/wp-json\/wp\/v2\/pages"}],"about":[{"href":"https:\/\/agora.xtec.cat\/ceipheroisdelbruc\/wp-json\/wp\/v2\/types\/page"}],"author":[{"embeddable":true,"href":"https:\/\/agora.xtec.cat\/ceipheroisdelbruc\/wp-json\/wp\/v2\/users\/1"}],"replies":[{"embeddable":true,"href":"https:\/\/agora.xtec.cat\/ceipheroisdelbruc\/wp-json\/wp\/v2\/comments?post=13498"}],"version-history":[{"count":2,"href":"https:\/\/agora.xtec.cat\/ceipheroisdelbruc\/wp-json\/wp\/v2\/pages\/13498\/revisions"}],"predecessor-version":[{"id":13705,"href":"https:\/\/agora.xtec.cat\/ceipheroisdelbruc\/wp-json\/wp\/v2\/pages\/13498\/revisions\/13705"}],"wp:attachment":[{"href":"https:\/\/agora.xtec.cat\/ceipheroisdelbruc\/wp-json\/wp\/v2\/media?parent=13498"}],"curies":[{"name":"wp","href":"https:\/\/api.w.org\/{rel}","templated":true}]}}

<p>Els suports intensius per a l’escolarització inclusiva (SIEI), abans USEE; són dotacions extraordinàries de professionals que s’incorporen a les plantilles d’escoles i instituts com a recursos intensius per atendre els alumnes amb necessitats educatives especials que ho necessitin.</p>
<p>El SIEI és un recurs per al centre, que se suma als suports universals i addicionals per a la inclusió.</p>
<p>A qui s&#8217;adreça el suport:</p>
<p>Als alumnes amb necessitats educatives especials derivades de limitacions molt significatives, tant en el funcionament intel·lectual com en la conducta adaptativa, els quals requereixen al llarg de tota l’escolaritat mesures i suports intensius per poder relacionar-se, participar i aprendre.</p>
<p>L’atenció dels alumnes que reben aquest suport és responsabilitat de tot l’equip docent i en concret del tutor del grup de referència,  l’alumne ha d’anar al seu grup de referència, i és aquest espai que ha d’adaptar-se a la necessitat de l’alumne</p>
<p>La proposta d’escolarització respon a l’informe de reconeixement de necessitats específiques de suport educatives elaborat per l’EAP per als alumnes escolaritzats des de de 2n cicle educació infantil fins  4rt ESO, al llarg de l’escolarització i en qualsevol etapa</p>
<p>-Documentació administrativa i expedient acadèmic dels alumnes. Els alumnes que reben el suport SIEI han disposar del dictamen i/o informe de reconeixement de necessitats educatives especials elaborat per l’EAP i el Pla de suport individualitzat (PI). La documentació administrativa restant serà la mateixa per a la de l’alumne en general.</p>
<p>-Avaluació. Els alumnes amb pla de suport  individualitzat han de ser avaluats, en les comissions d’avaluació del seu grup-classe o grup d’alumnes, en referència als criteris d’avaluació descrits en el seu PI.</p>

<p>Els suports intensius per a l’escolarització inclusiva (SIEI), abans USEE; són dotacions extraordinàries de professionals que s’incorporen a les plantilles d’escoles i instituts com a recursos intensius per atendre els alumnes amb necessitats educatives especials que ho necessitin. El SIEI és un recurs per al centre, que se suma als suports universals i addicionals per [&hellip;]</p>
