{"id":5733,"date":"2022-03-03T21:07:34","date_gmt":"2022-03-03T20:07:34","guid":{"rendered":"https:\/\/agora.xtec.cat\/ceipguilleries\/?page_id=5733"},"modified":"2023-09-03T18:34:38","modified_gmt":"2023-09-03T16:34:38","slug":"associacio-de-families-de-lescola","status":"publish","type":"page","link":"https:\/\/agora.xtec.cat\/ceipguilleries\/associacio-de-families-de-lescola\/","title":{"rendered":"Associaci\u00f3 de Fam\u00edlies de l&#8217;Escola"},"content":{"rendered":"<div><\/div>\n<p>Podeu contactar amb nosaltres a trav\u00e9s de les seg\u00fcents maneres:<\/p>\n<div>\n<p>Per correu electr\u00f2nic:\u00a0<span class=\"qu\" tabindex=\"-1\" role=\"gridcell\" translate=\"no\"><span class=\"go\"><b>afa@escolaguilleries.cat<\/b><\/span><\/span><\/p>\n<p>Tamb\u00e9 ens trobareu a les xarxes:<\/p>\n<\/div>\n<div>\n<p>Instagram:\u00a0<b>@afa_escolaguilleries<br \/>\n<\/b>Facebook: <b>www.facebook.com\/afaguilleries\/<\/b><\/p>\n<p><strong>ACOLLIDA MATINAL<\/strong><\/p>\n<\/div>\n<p><img loading=\"lazy\" decoding=\"async\" class=\"wp-image-7229 alignleft\" src=\"https:\/\/agora.xtec.cat\/ceipguilleries\/wp-content\/uploads\/usu1226\/2023\/09\/matinal-1024x1024.jpeg\" alt=\"\" width=\"225\" height=\"225\" srcset=\"https:\/\/agora.xtec.cat\/ceipguilleries\/wp-content\/uploads\/usu1226\/2023\/09\/matinal-1024x1024.jpeg 1024w, https:\/\/agora.xtec.cat\/ceipguilleries\/wp-content\/uploads\/usu1226\/2023\/09\/matinal-300x300.jpeg 300w, https:\/\/agora.xtec.cat\/ceipguilleries\/wp-content\/uploads\/usu1226\/2023\/09\/matinal-150x150.jpeg 150w, https:\/\/agora.xtec.cat\/ceipguilleries\/wp-content\/uploads\/usu1226\/2023\/09\/matinal-768x768.jpeg 768w, https:\/\/agora.xtec.cat\/ceipguilleries\/wp-content\/uploads\/usu1226\/2023\/09\/matinal.jpeg 1080w\" sizes=\"auto, (max-width: 225px) 100vw, 225px\" \/><\/p>\n<p>De 8 a 9 h amb la Pili<\/p>\n<p>Preu mensual: 32\u20ac<br \/>\nSegon germ\u00e0\/na: 24\u20ac<br \/>\nDia espor\u00e0dic: 4\u20ac<\/p>\n<p><a href=\"https:\/\/docs.google.com\/forms\/d\/e\/1FAIpQLScPYptopytzsy88PDq7w0i6m2qA_JZytmAkgXsC9awxXVYuqw\/viewform\" target=\"_blank\" rel=\"noopener\">Inscripcions aqu\u00ed<\/a><\/p>\n<p>&nbsp;<\/p>\n<p>&nbsp;<\/p>\n<p><strong>ACOLLIDA DE TARDES<\/strong><\/p>\n<p><img loading=\"lazy\" decoding=\"async\" class=\"wp-image-7230 alignleft\" src=\"https:\/\/agora.xtec.cat\/ceipguilleries\/wp-content\/uploads\/usu1226\/2023\/09\/tardes-1024x1024.jpeg\" alt=\"\" width=\"228\" height=\"228\" srcset=\"https:\/\/agora.xtec.cat\/ceipguilleries\/wp-content\/uploads\/usu1226\/2023\/09\/tardes-1024x1024.jpeg 1024w, https:\/\/agora.xtec.cat\/ceipguilleries\/wp-content\/uploads\/usu1226\/2023\/09\/tardes-300x300.jpeg 300w, https:\/\/agora.xtec.cat\/ceipguilleries\/wp-content\/uploads\/usu1226\/2023\/09\/tardes-150x150.jpeg 150w, https:\/\/agora.xtec.cat\/ceipguilleries\/wp-content\/uploads\/usu1226\/2023\/09\/tardes-768x768.jpeg 768w, https:\/\/agora.xtec.cat\/ceipguilleries\/wp-content\/uploads\/usu1226\/2023\/09\/tardes.jpeg 1080w\" sizes=\"auto, (max-width: 228px) 100vw, 228px\" \/><\/p>\n<p>Igual que l&#8217;acollida matinal, \u00e9s un servei que s&#8217;ofereix a tota la mainada de l&#8217;escola, tots junts en un mateix grup.<br \/>\nCada sessi\u00f3 de 1,5h es dividir\u00e0 en dues parts: de 16.30-16.50 h es berenar\u00e0, i de 16.50-18h es far\u00e0 una activitat. Cada dia de la setmana tindr\u00e0 una estructura diferenciada de la resta.<br \/>\nPodeu trobar tota la informaci\u00f3 al pdf adjunt.<\/p>\n<p>1 tarda a la setmana: 22\u20ac<br \/>\n2 tarda a la setmana: 38\u20ac<br \/>\n3 tarda a la setmana: 55\u20ac<br \/>\n4 tarda a la setmana: 75\u20ac<br \/>\n5 tarda a la setmana: 92\u20ac<\/p>\n<p><a href=\"https:\/\/forms.gle\/LHzUwDj3ddu1YHtq7\" target=\"_blank\" rel=\"noopener\">Inscripcions aqu\u00ed<\/a><\/p>\n<p><strong>ANGL\u00c8S AMB KIDS&amp;US<\/strong><\/p>\n<p><img loading=\"lazy\" decoding=\"async\" class=\"wp-image-7231 alignleft\" src=\"https:\/\/agora.xtec.cat\/ceipguilleries\/wp-content\/uploads\/usu1226\/2023\/09\/kids.png\" alt=\"\" width=\"224\" height=\"234\" srcset=\"https:\/\/agora.xtec.cat\/ceipguilleries\/wp-content\/uploads\/usu1226\/2023\/09\/kids.png 832w, https:\/\/agora.xtec.cat\/ceipguilleries\/wp-content\/uploads\/usu1226\/2023\/09\/kids-286x300.png 286w, https:\/\/agora.xtec.cat\/ceipguilleries\/wp-content\/uploads\/usu1226\/2023\/09\/kids-768x805.png 768w\" sizes=\"auto, (max-width: 224px) 100vw, 224px\" \/><br \/>\nPodeu posar-vos en contacte directament amb la Carla a l&#8217;adre\u00e7a sc.farners@kidsandus.es<\/p>\n<p>&nbsp;<\/p>\n","protected":false},"excerpt":{"rendered":"<p>Podeu contactar amb nosaltres a trav\u00e9s de les seg\u00fcents maneres: Per correu electr\u00f2nic:\u00a0afa@escolaguilleries.cat Tamb\u00e9 ens trobareu a les xarxes: Instagram:\u00a0@afa_escolaguilleries Facebook: www.facebook.com\/afaguilleries\/ ACOLLIDA MATINAL De 8 a 9 h amb la Pili Preu mensual: 32\u20ac Segon germ\u00e0\/na: 24\u20ac Dia espor\u00e0dic: 4\u20ac Inscripcions aqu\u00ed &nbsp; &nbsp; ACOLLIDA DE TARDES Igual que l&#8217;acollida matinal, \u00e9s un servei [&hellip;]<\/p>\n","protected":false},"author":1,"featured_media":0,"parent":0,"menu_order":0,"comment_status":"closed","ping_status":"closed","template":"","meta":{"_bbp_topic_count":0,"_bbp_reply_count":0,"_bbp_total_topic_count":0,"_bbp_total_reply_count":0,"_bbp_voice_count":0,"_bbp_anonymous_reply_count":0,"_bbp_topic_count_hidden":0,"_bbp_reply_count_hidden":0,"_bbp_forum_subforum_count":0,"site-sidebar-layout":"default","site-content-layout":"","ast-site-content-layout":"","site-content-style":"default","site-sidebar-style":"default","ast-global-header-display":"","ast-banner-title-visibility":"","ast-main-header-display":"","ast-hfb-above-header-display":"","ast-hfb-below-header-display":"","ast-hfb-mobile-header-display":"","site-post-title":"","ast-breadcrumbs-content":"","ast-featured-img":"","footer-sml-layout":"","theme-transparent-header-meta":"","adv-header-id-meta":"","stick-header-meta":"","header-above-stick-meta":"","header-main-stick-meta":"","header-below-stick-meta":"","astra-migrate-meta-layouts":"default","ast-page-background-enabled":"default","ast-page-background-meta":{"desktop":{"background-color":"var(--ast-global-color-4)","background-image":"","background-repeat":"repeat","background-position":"center center","background-size":"auto","background-attachment":"scroll","background-type":"","background-media":"","overlay-type":"","overlay-color":"","overlay-opacity":"","overlay-gradient":""},"tablet":{"background-color":"","background-image":"","background-repeat":"repeat","background-position":"center center","background-size":"auto","background-attachment":"scroll","background-type":"","background-media":"","overlay-type":"","overlay-color":"","overlay-opacity":"","overlay-gradient":""},"mobile":{"background-color":"","background-image":"","background-repeat":"repeat","background-position":"center center","background-size":"auto","background-attachment":"scroll","background-type":"","background-media":"","overlay-type":"","overlay-color":"","overlay-opacity":"","overlay-gradient":""}},"ast-content-background-meta":{"desktop":{"background-color":"var(--ast-global-color-5)","background-image":"","background-repeat":"repeat","background-position":"center center","background-size":"auto","background-attachment":"scroll","background-type":"","background-media":"","overlay-type":"","overlay-color":"","overlay-opacity":"","overlay-gradient":""},"tablet":{"background-color":"var(--ast-global-color-5)","background-image":"","background-repeat":"repeat","background-position":"center center","background-size":"auto","background-attachment":"scroll","background-type":"","background-media":"","overlay-type":"","overlay-color":"","overlay-opacity":"","overlay-gradient":""},"mobile":{"background-color":"var(--ast-global-color-5)","background-image":"","background-repeat":"repeat","background-position":"center center","background-size":"auto","background-attachment":"scroll","background-type":"","background-media":"","overlay-type":"","overlay-color":"","overlay-opacity":"","overlay-gradient":""}},"footnotes":""},"class_list":["post-5733","page","type-page","status-publish","hentry"],"post_mailing_queue_ids":[],"_links":{"self":[{"href":"https:\/\/agora.xtec.cat\/ceipguilleries\/wp-json\/wp\/v2\/pages\/5733","targetHints":{"allow":["GET"]}}],"collection":[{"href":"https:\/\/agora.xtec.cat\/ceipguilleries\/wp-json\/wp\/v2\/pages"}],"about":[{"href":"https:\/\/agora.xtec.cat\/ceipguilleries\/wp-json\/wp\/v2\/types\/page"}],"author":[{"embeddable":true,"href":"https:\/\/agora.xtec.cat\/ceipguilleries\/wp-json\/wp\/v2\/users\/1"}],"replies":[{"embeddable":true,"href":"https:\/\/agora.xtec.cat\/ceipguilleries\/wp-json\/wp\/v2\/comments?post=5733"}],"version-history":[{"count":3,"href":"https:\/\/agora.xtec.cat\/ceipguilleries\/wp-json\/wp\/v2\/pages\/5733\/revisions"}],"predecessor-version":[{"id":7232,"href":"https:\/\/agora.xtec.cat\/ceipguilleries\/wp-json\/wp\/v2\/pages\/5733\/revisions\/7232"}],"wp:attachment":[{"href":"https:\/\/agora.xtec.cat\/ceipguilleries\/wp-json\/wp\/v2\/media?parent=5733"}],"curies":[{"name":"wp","href":"https:\/\/api.w.org\/{rel}","templated":true}]}}