{"id":28,"date":"2014-09-18T12:29:35","date_gmt":"2014-09-18T11:29:35","guid":{"rendered":"http:\/\/agora.xtec.cat\/ceipgueraudeliost\/?page_id=28"},"modified":"2026-03-19T12:13:17","modified_gmt":"2026-03-19T11:13:17","slug":"consell-escolar","status":"publish","type":"page","link":"https:\/\/agora.xtec.cat\/ceipgueraudeliost\/lescola\/consell-escolar\/","title":{"rendered":"Consell escolar"},"content":{"rendered":"<div><span style=\"color: #99cc00;\"><strong><span style=\"font-size: 24pt;\">MEMBRES DEL CONSELL ESCOLAR 2024-2025<br \/>\n<\/span><\/strong><\/span><\/div>\n<div><\/div>\n<div>\n<table style=\"width: 595px;\" width=\"600\" cellspacing=\"0\" cellpadding=\"3\">\n<tbody>\n<tr valign=\"top\">\n<td style=\"width: 332px;\">Sra. Sara Dom\u00ednguez<\/td>\n<td style=\"width: 263px;\">Directora<\/td>\n<\/tr>\n<tr valign=\"top\">\n<td style=\"width: 332px;\">Sra. Mireia Argem\u00ed<\/td>\n<td style=\"width: 263px;\">Cap d\u2019estudis<\/td>\n<\/tr>\n<tr valign=\"top\">\n<td style=\"width: 332px;\">Sr. Sergio Pozo<\/td>\n<td style=\"width: 263px;\">Secretari<\/td>\n<\/tr>\n<tr valign=\"top\">\n<td style=\"width: 332px;\">Sr. Jos\u00e9 Antonio Aguilera<\/td>\n<td style=\"width: 263px;\">Representant Ajuntament<\/td>\n<\/tr>\n<tr valign=\"top\">\n<td style=\"width: 332px;\">Sra. S\u00edlvia Aspa<\/td>\n<td style=\"width: 263px;\">Representant sector mestres<\/td>\n<\/tr>\n<tr valign=\"top\">\n<td style=\"width: 332px;\">Sra. Marina Sola<\/td>\n<td style=\"width: 263px;\">Representant sector mestres<\/td>\n<\/tr>\n<tr valign=\"top\">\n<td style=\"width: 332px;\">Sra. Jenny Mora<\/td>\n<td style=\"width: 263px;\">Representant sector mestres<\/td>\n<\/tr>\n<tr valign=\"top\">\n<td style=\"width: 332px;\">Sra. Laura Pozo<\/td>\n<td style=\"width: 263px;\">Representant sector mestres<\/td>\n<\/tr>\n<tr valign=\"top\">\n<td style=\"width: 332px;\">Sra. Laura Roldan<\/td>\n<td style=\"width: 263px;\">Representant sector mestres<\/td>\n<\/tr>\n<tr valign=\"top\">\n<td style=\"width: 332px;\">Sra. Silvia Navas<\/td>\n<td style=\"width: 263px;\">Representant sector fam\u00edlies<\/td>\n<\/tr>\n<tr valign=\"top\">\n<td style=\"width: 332px;\">Sra. Adolfo Azuar<\/td>\n<td style=\"width: 263px;\">Representant sector fam\u00edlies<\/td>\n<\/tr>\n<tr valign=\"top\">\n<td style=\"width: 332px;\">Sra. Carmen Rubio<\/td>\n<td style=\"width: 263px;\">Representant sector fam\u00edlies<\/td>\n<\/tr>\n<tr valign=\"top\">\n<td style=\"width: 332px;\">Sra. N\u00faria Ros\u00e0s<\/td>\n<td style=\"width: 263px;\">Representant sector fam\u00edlies<\/td>\n<\/tr>\n<tr valign=\"top\">\n<td style=\"width: 332px;\">Sra. Ainoa Ba\u00f1os<\/td>\n<td style=\"width: 263px;\">Representant AFA<\/td>\n<\/tr>\n<tr valign=\"top\">\n<td style=\"width: 332px;\">Sra. Marta Cort\u00e9s<\/td>\n<td style=\"width: 263px;\">Representant sector PAS<\/td>\n<\/tr>\n<\/tbody>\n<\/table>\n<p>Constituci\u00f3 del Consell Escolar &#8211; 8 de gener de 2024<\/p>\n<p><strong><span style=\"font-size: 24pt; color: #99cc00;\">CORREU ELECTR\u00d2NIC DE CONTACTE<\/span><\/strong><\/p>\n<p>Si vol posar-vos en contacte amb els representants del Consell Escolar, podeu fer-ho a trav\u00e9s de l&#8217;adre\u00e7a electr\u00f2nica: <span style=\"font-size: 18pt;\">escola@gdl.cat<\/span><\/p>\n<p><strong><span style=\"font-size: 24pt; color: #99cc00;\">ORGANIGRAMA<\/span><\/strong><\/p>\n<\/div>\n<p><a href=\"http:\/\/agora.xtec.cat\/ceipgueraudeliost\/wp-content\/uploads\/usu1436\/2014\/09\/Captura-de-pantalla-2017-07-25-a-les-9.46.32.png\"><img loading=\"lazy\" decoding=\"async\" class=\"aligncenter wp-image-1899 size-large\" src=\"http:\/\/agora.xtec.cat\/ceipgueraudeliost\/wp-content\/uploads\/usu1436\/2014\/09\/Captura-de-pantalla-2017-07-25-a-les-9.46.32-1024x382.png\" alt=\"\" width=\"1024\" height=\"382\" srcset=\"https:\/\/agora.xtec.cat\/ceipgueraudeliost\/wp-content\/uploads\/usu1436\/2014\/09\/Captura-de-pantalla-2017-07-25-a-les-9.46.32-1024x382.png 1024w, https:\/\/agora.xtec.cat\/ceipgueraudeliost\/wp-content\/uploads\/usu1436\/2014\/09\/Captura-de-pantalla-2017-07-25-a-les-9.46.32-300x112.png 300w, https:\/\/agora.xtec.cat\/ceipgueraudeliost\/wp-content\/uploads\/usu1436\/2014\/09\/Captura-de-pantalla-2017-07-25-a-les-9.46.32-768x287.png 768w, https:\/\/agora.xtec.cat\/ceipgueraudeliost\/wp-content\/uploads\/usu1436\/2014\/09\/Captura-de-pantalla-2017-07-25-a-les-9.46.32.png 1278w\" sizes=\"auto, (max-width: 1024px) 100vw, 1024px\" \/><\/a><\/p>\n<p>&nbsp;<\/p>\n<p><strong><span style=\"font-size: 24pt; color: #99cc00;\">EL CONSELL INFORMA (2024-2025)<\/span><\/strong><\/p>\n<table style=\"border-collapse: collapse; width: 100%;\">\n<tbody>\n<tr>\n<td style=\"width: 50%;\"><a href=\"https:\/\/agora.xtec.cat\/ceipgueraudeliost\/wp-content\/uploads\/usu1436\/2025\/01\/Consell-Informa.jpg\"><img loading=\"lazy\" decoding=\"async\" class=\"aligncenter wp-image-20295\" src=\"https:\/\/agora.xtec.cat\/ceipgueraudeliost\/wp-content\/uploads\/usu1436\/2025\/01\/Consell-Informa.jpg\" alt=\"\" width=\"612\" height=\"887\" srcset=\"https:\/\/agora.xtec.cat\/ceipgueraudeliost\/wp-content\/uploads\/usu1436\/2025\/01\/Consell-Informa.jpg 589w, https:\/\/agora.xtec.cat\/ceipgueraudeliost\/wp-content\/uploads\/usu1436\/2025\/01\/Consell-Informa-207x300.jpg 207w\" sizes=\"auto, (max-width: 612px) 100vw, 612px\" \/><\/a><\/td>\n<td style=\"width: 50%;\"><\/td>\n<\/tr>\n<\/tbody>\n<\/table>\n<table style=\"border-collapse: collapse; width: 100%; height: 10px;\">\n<tbody>\n<tr style=\"height: 10px;\">\n<td style=\"width: 50%; height: 10px;\"><a href=\"https:\/\/agora.xtec.cat\/ceipgueraudeliost\/wp-content\/uploads\/usu1436\/2023\/10\/Captura-de-pantalla-2023-10-05-114650.jpg\"><img loading=\"lazy\" decoding=\"async\" class=\"alignnone size-full wp-image-17083\" src=\"https:\/\/agora.xtec.cat\/ceipgueraudeliost\/wp-content\/uploads\/usu1436\/2023\/10\/Captura-de-pantalla-2023-10-05-114650.jpg\" alt=\"\" width=\"624\" height=\"848\" srcset=\"https:\/\/agora.xtec.cat\/ceipgueraudeliost\/wp-content\/uploads\/usu1436\/2023\/10\/Captura-de-pantalla-2023-10-05-114650.jpg 624w, https:\/\/agora.xtec.cat\/ceipgueraudeliost\/wp-content\/uploads\/usu1436\/2023\/10\/Captura-de-pantalla-2023-10-05-114650-221x300.jpg 221w\" sizes=\"auto, (max-width: 624px) 100vw, 624px\" \/><\/a><\/td>\n<td style=\"width: 50%; height: 10px;\"><a href=\"https:\/\/agora.xtec.cat\/ceipgueraudeliost\/wp-content\/uploads\/usu1436\/2024\/03\/El-Consell-Informa-22-01-24.png\"><img loading=\"lazy\" decoding=\"async\" class=\"alignnone wp-image-18447\" src=\"https:\/\/agora.xtec.cat\/ceipgueraudeliost\/wp-content\/uploads\/usu1436\/2024\/03\/El-Consell-Informa-22-01-24.png\" alt=\"\" width=\"599\" height=\"847\" srcset=\"https:\/\/agora.xtec.cat\/ceipgueraudeliost\/wp-content\/uploads\/usu1436\/2024\/03\/El-Consell-Informa-22-01-24.png 1587w, https:\/\/agora.xtec.cat\/ceipgueraudeliost\/wp-content\/uploads\/usu1436\/2024\/03\/El-Consell-Informa-22-01-24-212x300.png 212w, https:\/\/agora.xtec.cat\/ceipgueraudeliost\/wp-content\/uploads\/usu1436\/2024\/03\/El-Consell-Informa-22-01-24-724x1024.png 724w, https:\/\/agora.xtec.cat\/ceipgueraudeliost\/wp-content\/uploads\/usu1436\/2024\/03\/El-Consell-Informa-22-01-24-768x1086.png 768w, https:\/\/agora.xtec.cat\/ceipgueraudeliost\/wp-content\/uploads\/usu1436\/2024\/03\/El-Consell-Informa-22-01-24-1086x1536.png 1086w, https:\/\/agora.xtec.cat\/ceipgueraudeliost\/wp-content\/uploads\/usu1436\/2024\/03\/El-Consell-Informa-22-01-24-1448x2048.png 1448w\" sizes=\"auto, (max-width: 599px) 100vw, 599px\" \/><\/a><\/td>\n<\/tr>\n<\/tbody>\n<\/table>\n<p>&nbsp;<\/p>\n","protected":false},"excerpt":{"rendered":"<p>MEMBRES DEL CONSELL ESCOLAR 2024-2025<\/p>\n<p>Sra. Sara Dom\u00ednguez<br \/>\nDirectora<\/p>\n<p>Sra. Mireia Argem\u00ed<br \/>\nCap d\u2019estudis<\/p>\n<p>Sr. Sergio Pozo<br \/>\nSecretari<\/p>\n<p>Sr. Jos\u00e9 Antonio Aguilera<br \/>\nRepresentant Ajuntament<\/p>\n<p>Sra. S\u00edlvia Aspa<br \/>\nRepresentant sector mestres<\/p>\n<p>Sra. Marina Sola<br \/>\nRepresentant sector mestres<\/p>\n<p>Sra. Jenny Mora<br \/>\nRepresentant sector mestres<\/p>\n<p>Sra. Laura Pozo<br \/>\nRepresentant sector mestres<\/p>\n<p>Sra. Laura Roldan<br \/>\nRepresentant sector mestres<\/p>\n<p>Sra. Silvia Navas<br \/>\nRepresentant sector fam\u00edlies<\/p>\n<p>Sra. Adolfo Azuar<br \/>\nRepresentant sector fam\u00edlies<\/p>\n<p>Sra. Carmen&hellip;  <a href=\"https:\/\/agora.xtec.cat\/ceipgueraudeliost\/lescola\/consell-escolar\/\" title=\"Read Consell escolar\">Llegeix m\u00e9s\u00bb<\/a><\/p>\n","protected":false},"author":1,"featured_media":0,"parent":22,"menu_order":30,"comment_status":"closed","ping_status":"closed","template":"page-templates\/side-menu.php","meta":{"_bbp_topic_count":0,"_bbp_reply_count":0,"_bbp_total_topic_count":0,"_bbp_total_reply_count":0,"_bbp_voice_count":0,"_bbp_anonymous_reply_count":0,"_bbp_topic_count_hidden":0,"_bbp_reply_count_hidden":0,"_bbp_forum_subforum_count":0,"footnotes":""},"class_list":["post-28","page","type-page","status-publish","hentry"],"post_mailing_queue_ids":[],"_links":{"self":[{"href":"https:\/\/agora.xtec.cat\/ceipgueraudeliost\/wp-json\/wp\/v2\/pages\/28","targetHints":{"allow":["GET"]}}],"collection":[{"href":"https:\/\/agora.xtec.cat\/ceipgueraudeliost\/wp-json\/wp\/v2\/pages"}],"about":[{"href":"https:\/\/agora.xtec.cat\/ceipgueraudeliost\/wp-json\/wp\/v2\/types\/page"}],"author":[{"embeddable":true,"href":"https:\/\/agora.xtec.cat\/ceipgueraudeliost\/wp-json\/wp\/v2\/users\/1"}],"replies":[{"embeddable":true,"href":"https:\/\/agora.xtec.cat\/ceipgueraudeliost\/wp-json\/wp\/v2\/comments?post=28"}],"version-history":[{"count":7,"href":"https:\/\/agora.xtec.cat\/ceipgueraudeliost\/wp-json\/wp\/v2\/pages\/28\/revisions"}],"predecessor-version":[{"id":22690,"href":"https:\/\/agora.xtec.cat\/ceipgueraudeliost\/wp-json\/wp\/v2\/pages\/28\/revisions\/22690"}],"up":[{"embeddable":true,"href":"https:\/\/agora.xtec.cat\/ceipgueraudeliost\/wp-json\/wp\/v2\/pages\/22"}],"wp:attachment":[{"href":"https:\/\/agora.xtec.cat\/ceipgueraudeliost\/wp-json\/wp\/v2\/media?parent=28"}],"curies":[{"name":"wp","href":"https:\/\/api.w.org\/{rel}","templated":true}]}}