{"id":20533,"date":"2025-02-26T10:16:29","date_gmt":"2025-02-26T09:16:29","guid":{"rendered":"https:\/\/agora.xtec.cat\/ceipgueraudeliost\/?page_id=20533"},"modified":"2026-03-19T12:21:11","modified_gmt":"2026-03-19T11:21:11","slug":"documentacio-del-centre","status":"publish","type":"page","link":"https:\/\/agora.xtec.cat\/ceipgueraudeliost\/lescola\/documentacio-del-centre\/","title":{"rendered":"Documentaci\u00f3 del Centre"},"content":{"rendered":"<p>PER ACCEDIR A LA DOCUMENTACI\u00d3 D&#8217;ESCOLA CLIQUEU AQU\u00cd: <a href=\"https:\/\/sites.google.com\/xtec.cat\/documentsgueraudeliost\/p%C3%A0gina-principal\" target=\"_blank\" rel=\"noopener\">DOCUMENTACI\u00d3 D&#8217;ESCOLA<\/a><\/p>\n<p><a href=\"https:\/\/sites.google.com\/xtec.cat\/documentsgueraudeliost?usp=sharing\"><img loading=\"lazy\" decoding=\"async\" class=\"aligncenter size-full wp-image-20535\" src=\"https:\/\/agora.xtec.cat\/ceipgueraudeliost\/wp-content\/uploads\/usu1436\/2025\/02\/Imatge-Sites.jpg\" alt=\"\" width=\"1498\" height=\"778\" srcset=\"https:\/\/agora.xtec.cat\/ceipgueraudeliost\/wp-content\/uploads\/usu1436\/2025\/02\/Imatge-Sites.jpg 1498w, https:\/\/agora.xtec.cat\/ceipgueraudeliost\/wp-content\/uploads\/usu1436\/2025\/02\/Imatge-Sites-300x156.jpg 300w, https:\/\/agora.xtec.cat\/ceipgueraudeliost\/wp-content\/uploads\/usu1436\/2025\/02\/Imatge-Sites-1024x532.jpg 1024w, https:\/\/agora.xtec.cat\/ceipgueraudeliost\/wp-content\/uploads\/usu1436\/2025\/02\/Imatge-Sites-768x399.jpg 768w\" sizes=\"auto, (max-width: 1498px) 100vw, 1498px\" \/><\/a><\/p>\n","protected":false},"excerpt":{"rendered":"<p>PER ACCEDIR A LA DOCUMENTACI\u00d3 D&#8217;ESCOLA CLIQUEU AQU\u00cd: <a href=\"https:\/\/sites.google.com\/xtec.cat\/documentsgueraudeliost\/p%C3%A0gina-principal\" target=\"_blank\" rel=\"noopener\">DOCUMENTACI\u00d3 D&#8217;ESCOLA<\/a><br \/>\n<a href=\"https:\/\/sites.google.com\/xtec.cat\/documentsgueraudeliost?usp=sharing\"><\/a><\/p>\n","protected":false},"author":1,"featured_media":0,"parent":22,"menu_order":70,"comment_status":"closed","ping_status":"closed","template":"page-templates\/side-menu.php","meta":{"_bbp_topic_count":0,"_bbp_reply_count":0,"_bbp_total_topic_count":0,"_bbp_total_reply_count":0,"_bbp_voice_count":0,"_bbp_anonymous_reply_count":0,"_bbp_topic_count_hidden":0,"_bbp_reply_count_hidden":0,"_bbp_forum_subforum_count":0,"footnotes":""},"class_list":["post-20533","page","type-page","status-publish","hentry"],"post_mailing_queue_ids":[],"_links":{"self":[{"href":"https:\/\/agora.xtec.cat\/ceipgueraudeliost\/wp-json\/wp\/v2\/pages\/20533","targetHints":{"allow":["GET"]}}],"collection":[{"href":"https:\/\/agora.xtec.cat\/ceipgueraudeliost\/wp-json\/wp\/v2\/pages"}],"about":[{"href":"https:\/\/agora.xtec.cat\/ceipgueraudeliost\/wp-json\/wp\/v2\/types\/page"}],"author":[{"embeddable":true,"href":"https:\/\/agora.xtec.cat\/ceipgueraudeliost\/wp-json\/wp\/v2\/users\/1"}],"replies":[{"embeddable":true,"href":"https:\/\/agora.xtec.cat\/ceipgueraudeliost\/wp-json\/wp\/v2\/comments?post=20533"}],"version-history":[{"count":3,"href":"https:\/\/agora.xtec.cat\/ceipgueraudeliost\/wp-json\/wp\/v2\/pages\/20533\/revisions"}],"predecessor-version":[{"id":22691,"href":"https:\/\/agora.xtec.cat\/ceipgueraudeliost\/wp-json\/wp\/v2\/pages\/20533\/revisions\/22691"}],"up":[{"embeddable":true,"href":"https:\/\/agora.xtec.cat\/ceipgueraudeliost\/wp-json\/wp\/v2\/pages\/22"}],"wp:attachment":[{"href":"https:\/\/agora.xtec.cat\/ceipgueraudeliost\/wp-json\/wp\/v2\/media?parent=20533"}],"curies":[{"name":"wp","href":"https:\/\/api.w.org\/{rel}","templated":true}]}}