{"id":742,"date":"2018-05-01T12:58:23","date_gmt":"2018-05-01T10:58:23","guid":{"rendered":"http:\/\/agora.xtec.cat\/ceipgrasisoler\/?page_id=742"},"modified":"2025-03-25T15:42:22","modified_gmt":"2025-03-25T14:42:22","slug":"els-nostres-projectes","status":"publish","type":"page","link":"https:\/\/agora.xtec.cat\/ceipgrasisoler\/els-nostres-projectes\/","title":{"rendered":"Els nostres projectes"},"content":{"rendered":"<p>Volem innovar, aprendre, cr\u00e9ixer, repensar-nos&#8230; i per a fer-ho ens proposem col\u00b7laborar amb diferents projectes i anar fent xarxa, alguns d&#8217;aquests projectes els pensem dins l&#8217;escola i s\u00f3n decidits per l&#8217;equip docent i en algun cas, tamb\u00e9 per l&#8217;alumnat, altres ens v\u00e9nen proposats per altres entitats externes i ens els fem nostres amb tota l&#8217;energia i esperan\u00e7a posada en que seran propostes que repercutiran en el creixement dels nostres infants. Molts ja formen part del nostre dia a dia, altres els incorporem de nou. L&#8217;equip hum\u00e0 del Gras i Soler, tirem a munt les m\u00e0nigues i ens hi posem amb forces i il\u00b7lusi\u00f3, sense aquesta feina i aquest treball en equip, res no seria possible.<\/p>\n<p>A continuaci\u00f3 podreu con\u00e8ixer els nostres projectes. Piqueu a les pestanyes que teniu a la banda esquerra\u00a0 i hi trobareu la informaci\u00f3.<\/p>\n<p>&nbsp;<\/p>\n<p>&nbsp;<\/p>\n<p>&nbsp;<\/p>\n","protected":false},"excerpt":{"rendered":"<p>Volem innovar, aprendre, cr\u00e9ixer, repensar-nos&#8230; i per a fer-ho ens proposem col\u00b7laborar amb diferents projectes i anar fent xarxa, alguns d&#8217;aquests projectes els pensem dins l&#8217;escola i s\u00f3n decidits per l&#8217;equip docent i en algun cas, tamb\u00e9 per l&#8217;alumnat, altres ens v\u00e9nen proposats per altres&hellip;  <a href=\"https:\/\/agora.xtec.cat\/ceipgrasisoler\/els-nostres-projectes\/\" title=\"Read Els nostres projectes\">Llegeix m\u00e9s\u00bb<\/a><\/p>\n","protected":false},"author":3,"featured_media":0,"parent":0,"menu_order":0,"comment_status":"closed","ping_status":"closed","template":"page-templates\/side-menu.php","meta":{"_bbp_topic_count":0,"_bbp_reply_count":0,"_bbp_total_topic_count":0,"_bbp_total_reply_count":0,"_bbp_voice_count":0,"_bbp_anonymous_reply_count":0,"_bbp_topic_count_hidden":0,"_bbp_reply_count_hidden":0,"_bbp_forum_subforum_count":0,"footnotes":""},"class_list":["post-742","page","type-page","status-publish","hentry"],"post_mailing_queue_ids":[],"_links":{"self":[{"href":"https:\/\/agora.xtec.cat\/ceipgrasisoler\/wp-json\/wp\/v2\/pages\/742","targetHints":{"allow":["GET"]}}],"collection":[{"href":"https:\/\/agora.xtec.cat\/ceipgrasisoler\/wp-json\/wp\/v2\/pages"}],"about":[{"href":"https:\/\/agora.xtec.cat\/ceipgrasisoler\/wp-json\/wp\/v2\/types\/page"}],"author":[{"embeddable":true,"href":"https:\/\/agora.xtec.cat\/ceipgrasisoler\/wp-json\/wp\/v2\/users\/3"}],"replies":[{"embeddable":true,"href":"https:\/\/agora.xtec.cat\/ceipgrasisoler\/wp-json\/wp\/v2\/comments?post=742"}],"version-history":[{"count":6,"href":"https:\/\/agora.xtec.cat\/ceipgrasisoler\/wp-json\/wp\/v2\/pages\/742\/revisions"}],"predecessor-version":[{"id":7920,"href":"https:\/\/agora.xtec.cat\/ceipgrasisoler\/wp-json\/wp\/v2\/pages\/742\/revisions\/7920"}],"wp:attachment":[{"href":"https:\/\/agora.xtec.cat\/ceipgrasisoler\/wp-json\/wp\/v2\/media?parent=742"}],"curies":[{"name":"wp","href":"https:\/\/api.w.org\/{rel}","templated":true}]}}