{"id":706,"date":"2018-04-22T18:59:38","date_gmt":"2018-04-22T16:59:38","guid":{"rendered":"http:\/\/agora.xtec.cat\/ceipgrasisoler\/?page_id=706"},"modified":"2026-04-07T15:20:03","modified_gmt":"2026-04-07T13:20:03","slug":"menu","status":"publish","type":"page","link":"https:\/\/agora.xtec.cat\/ceipgrasisoler\/serveis\/menjador\/menu\/","title":{"rendered":"Men\u00fa"},"content":{"rendered":"<p>&nbsp;<\/p>\n<h2 style=\"text-align: center;\">Curs 2025-2026<\/h2>\n<p>S&#8217;ofereixen men\u00fas adaptats a les necessitats de l&#8217;alumnat. Si \u00e9s per un tema de salut, caldr\u00e0 el corresponent certificat del metge.<\/p>\n<p>ABRIL<\/p>\n<p><a href=\"https:\/\/drive.google.com\/file\/d\/1Nu5Nr2HJ4nQAZhiQ3650BfwSkiww8Qzj\/view?usp=sharing\" target=\"_blank\" rel=\"noopener\">Basal<\/a><\/p>\n<p><a href=\"https:\/\/drive.google.com\/file\/d\/1VDo6neYfPpLTIOGzFZnHxOEtNQKpZToy\/view?usp=sharing\" target=\"_blank\" rel=\"noopener\">Sense carn<\/a><\/p>\n<p><a href=\"https:\/\/drive.google.com\/file\/d\/1At2BWp9a72i1QUbxu8CjIHYorm2ndU5A\/view?usp=sharing\" target=\"_blank\" rel=\"noopener\">Sense gluten<\/a><\/p>\n<p><a href=\"https:\/\/drive.google.com\/file\/d\/1FiLqhOO7yd9LVO72iy14CusYqaSSIzIO\/view?usp=sharing\">Sense ou<\/a><\/p>\n<p><a href=\"https:\/\/drive.google.com\/file\/d\/161lLJx2c1rKSDI-P4_L49DXMfVdVokxm\/view?usp=sharing\" target=\"_blank\" rel=\"noopener\">Sense PLV<\/a><\/p>\n<p><a href=\"https:\/\/drive.google.com\/file\/d\/1U4A_xvAX6KDsb7-zSUPKeXabmERaBwjV\/view?usp=sharing\" target=\"_blank\" rel=\"noopener\">Sense porc<\/a><\/p>\n<p><a href=\"https:\/\/drive.google.com\/file\/d\/1AF3BbOuFGkoRzkG3V1Ryakj86C3Wuu1A\/view?usp=sharing\" target=\"_blank\" rel=\"noopener\">Sense peix<\/a><\/p>\n","protected":false},"excerpt":{"rendered":"<p>&nbsp;<br \/>\nCurs 2025-2026<br \/>\nS&#8217;ofereixen men\u00fas adaptats a les necessitats de l&#8217;alumnat. Si \u00e9s per un tema de salut, caldr\u00e0 el corresponent certificat del metge.<br \/>\nABRIL<br \/>\n<a href=\"https:\/\/drive.google.com\/file\/d\/1Nu5Nr2HJ4nQAZhiQ3650BfwSkiww8Qzj\/view?usp=sharing\" target=\"_blank\" rel=\"noopener\">Basal<\/a><br \/>\n<a href=\"https:\/\/drive.google.com\/file\/d\/1VDo6neYfPpLTIOGzFZnHxOEtNQKpZToy\/view?usp=sharing\" target=\"_blank\" rel=\"noopener\">Sense carn<\/a><br \/>\n<a href=\"https:\/\/drive.google.com\/file\/d\/1At2BWp9a72i1QUbxu8CjIHYorm2ndU5A\/view?usp=sharing\" target=\"_blank\" rel=\"noopener\">Sense gluten<\/a><br \/>\n<a href=\"https:\/\/drive.google.com\/file\/d\/1FiLqhOO7yd9LVO72iy14CusYqaSSIzIO\/view?usp=sharing\">Sense ou<\/a><br \/>\n<a href=\"https:\/\/drive.google.com\/file\/d\/161lLJx2c1rKSDI-P4_L49DXMfVdVokxm\/view?usp=sharing\" target=\"_blank\" rel=\"noopener\">Sense PLV<\/a><br \/>\n<a href=\"https:\/\/drive.google.com\/file\/d\/1U4A_xvAX6KDsb7-zSUPKeXabmERaBwjV\/view?usp=sharing\" target=\"_blank\" rel=\"noopener\">Sense porc<\/a><br \/>\n<a href=\"https:\/\/drive.google.com\/file\/d\/1AF3BbOuFGkoRzkG3V1Ryakj86C3Wuu1A\/view?usp=sharing\" target=\"_blank\"&hellip;  <a href=\"https:\/\/agora.xtec.cat\/ceipgrasisoler\/serveis\/menjador\/menu\/\" title=\"Read Men\u00fa\">Llegeix m\u00e9s\u00bb<\/a><\/p>\n","protected":false},"author":1,"featured_media":0,"parent":639,"menu_order":0,"comment_status":"closed","ping_status":"closed","template":"page-templates\/side-menu.php","meta":{"_bbp_topic_count":0,"_bbp_reply_count":0,"_bbp_total_topic_count":0,"_bbp_total_reply_count":0,"_bbp_voice_count":0,"_bbp_anonymous_reply_count":0,"_bbp_topic_count_hidden":0,"_bbp_reply_count_hidden":0,"_bbp_forum_subforum_count":0,"footnotes":""},"class_list":["post-706","page","type-page","status-publish","hentry"],"post_mailing_queue_ids":[],"_links":{"self":[{"href":"https:\/\/agora.xtec.cat\/ceipgrasisoler\/wp-json\/wp\/v2\/pages\/706","targetHints":{"allow":["GET"]}}],"collection":[{"href":"https:\/\/agora.xtec.cat\/ceipgrasisoler\/wp-json\/wp\/v2\/pages"}],"about":[{"href":"https:\/\/agora.xtec.cat\/ceipgrasisoler\/wp-json\/wp\/v2\/types\/page"}],"author":[{"embeddable":true,"href":"https:\/\/agora.xtec.cat\/ceipgrasisoler\/wp-json\/wp\/v2\/users\/1"}],"replies":[{"embeddable":true,"href":"https:\/\/agora.xtec.cat\/ceipgrasisoler\/wp-json\/wp\/v2\/comments?post=706"}],"version-history":[{"count":7,"href":"https:\/\/agora.xtec.cat\/ceipgrasisoler\/wp-json\/wp\/v2\/pages\/706\/revisions"}],"predecessor-version":[{"id":9547,"href":"https:\/\/agora.xtec.cat\/ceipgrasisoler\/wp-json\/wp\/v2\/pages\/706\/revisions\/9547"}],"up":[{"embeddable":true,"href":"https:\/\/agora.xtec.cat\/ceipgrasisoler\/wp-json\/wp\/v2\/pages\/639"}],"wp:attachment":[{"href":"https:\/\/agora.xtec.cat\/ceipgrasisoler\/wp-json\/wp\/v2\/media?parent=706"}],"curies":[{"name":"wp","href":"https:\/\/api.w.org\/{rel}","templated":true}]}}