{"id":5860,"date":"2024-01-19T13:03:05","date_gmt":"2024-01-19T12:03:05","guid":{"rendered":"https:\/\/agora.xtec.cat\/ceipgrasisoler\/?page_id=5860"},"modified":"2024-04-11T15:44:47","modified_gmt":"2024-04-11T13:44:47","slug":"radio","status":"publish","type":"page","link":"https:\/\/agora.xtec.cat\/ceipgrasisoler\/els-nostres-projectes\/radio\/","title":{"rendered":"R\u00e0dio Gras"},"content":{"rendered":"<p>La r\u00e0dio a l&#8217;escola \u00e9s una eina excel\u00b7lent en qualsevol etapa educativa. Permet treballar la comprensi\u00f3 lectora, l&#8217;expressi\u00f3 escrita i<br \/>\nla comunicaci\u00f3 oral d&#8217;una forma plenament vivencial. Desperta l&#8217;inter\u00e8s i la curiositat d&#8217;infants i joves i permet vehicular els propis interessos educatius de l&#8217;alumnat. Tamb\u00e9 potencia l&#8217;autonomia, el treball en equip i l&#8217;an\u00e0lisi cr\u00edtic de l&#8217;entorn. <img loading=\"lazy\" decoding=\"async\" class=\"wp-image-5931 alignright\" src=\"https:\/\/agora.xtec.cat\/ceipgrasisoler\/wp-content\/uploads\/usu1692\/2024\/01\/Screenshot_2024-01-31-20-37-09-447.jpg\" alt=\"\" width=\"331\" height=\"326\" srcset=\"https:\/\/agora.xtec.cat\/ceipgrasisoler\/wp-content\/uploads\/usu1692\/2024\/01\/Screenshot_2024-01-31-20-37-09-447.jpg 533w, https:\/\/agora.xtec.cat\/ceipgrasisoler\/wp-content\/uploads\/usu1692\/2024\/01\/Screenshot_2024-01-31-20-37-09-447-300x295.jpg 300w\" sizes=\"auto, (max-width: 331px) 100vw, 331px\" \/><\/p>\n<p>OBJECTIUS GENERALS D\u2019ESCOLA<\/p>\n<p>\u25cf Promoure l&#8217;\u00fas del catal\u00e0, el castell\u00e0 i l\u2019angl\u00e8s.<br \/>\n\u25cf Potenciar l\u2019\u00fas de la llengua oral, la llengua escrita i la comprensi\u00f3 lectora.<br \/>\n\u25cf Treballar la lectura en veu alta en tots els seus \u00e0mbits: vocalitzaci\u00f3, comunicaci\u00f3 (context, signes de puntuaci\u00f3, claredat,<br \/>\nl\u00e8xic&#8230;), interpretaci\u00f3, ritme i velocitat, postura, pron\u00fancia i entonaci\u00f3.<br \/>\n\u25cf Fer de la r\u00e0dio una eina m\u00e9s en la implementaci\u00f3 de les lleng<br \/>\n\u25cf Crear consci\u00e8ncia de la necessitat del treball en xarxa, posant en com\u00fa les<br \/>\nexperi\u00e8ncies dels centres escolars per fomentar la col\u00b7laboraci\u00f3 i<br \/>\nl\u2019autoaprenentatge.Promoure la capacitat de direcci\u00f3, gesti\u00f3 i elaboraci\u00f3 de continguts<br \/>\neducatius per part dels alumnes i docents dels centres escolars, incrementat<br \/>\nles sinergies en el treball creatiu i participatiu dins l&#8217;aula.<br \/>\n\u25cf Educar en l&#8217;aprenentatge participatiu escolar en xarxa a trav\u00e9s dels diferents<br \/>\nprojectes radiof\u00f2nics.<br \/>\n\u25cf Promoure l&#8217;educaci\u00f3 en valors atenent els interessos infantils i juvenils per<br \/>\nincitar i incentivar la seva participaci\u00f3 en la r\u00e0dio escolar.<br \/>\n\u25cf Ajudar a la inclusi\u00f3 de l&#8217;alumnat amb necessitats educatives especials.<br \/>\n\u25cf Treballar diferents<\/p>\n<p><img loading=\"lazy\" decoding=\"async\" class=\"wp-image-5930 alignright\" src=\"https:\/\/agora.xtec.cat\/ceipgrasisoler\/wp-content\/uploads\/usu1692\/2024\/01\/Screenshot_2024-01-31-20-37-14-559.jpg\" alt=\"\" width=\"257\" height=\"311\" srcset=\"https:\/\/agora.xtec.cat\/ceipgrasisoler\/wp-content\/uploads\/usu1692\/2024\/01\/Screenshot_2024-01-31-20-37-14-559.jpg 412w, https:\/\/agora.xtec.cat\/ceipgrasisoler\/wp-content\/uploads\/usu1692\/2024\/01\/Screenshot_2024-01-31-20-37-14-559-247x300.jpg 247w\" sizes=\"auto, (max-width: 257px) 100vw, 257px\" \/><\/p>\n<p>QU\u00c8 ENS PROPORCIONA?<br \/>\nEl treball radiof\u00f2nic resulta un est\u00edmul que potencia les activitats escolars a<br \/>\ndiferents perspectives:<br \/>\nRefor\u00e7a el treball en equip.<br \/>\nFomenta el debat i profunditat dels temes.<br \/>\nEstimula l&#8217;\u00fas de la comunicaci\u00f3 oral, ensenya a utilitzar la veu, amplia el<br \/>\nvocabulari, ensenya -en definitiva- a saber expressar-se.<\/p>\n<p>Incita a la reflexi\u00f3 i al respecte per l&#8217;interlocutor.<br \/>\nResponsabilitza els nois i noies en una tasca que va m\u00e9s enll\u00e0 de l&#8217;activitat<br \/>\nescolar. A m\u00e9s, altres nens i adults poden avaluar el seu treball.<br \/>\nPossibilita l&#8217;estudi, la reflexi\u00f3 i el debat a partir d&#8217;una f\u00f3rmula divertida.<\/p>\n<p>&nbsp;<\/p>\n<p><img loading=\"lazy\" decoding=\"async\" class=\"wp-image-5926 aligncenter\" src=\"https:\/\/agora.xtec.cat\/ceipgrasisoler\/wp-content\/uploads\/usu1692\/2024\/01\/Screenshot_2024-01-31-20-26-08-970.jpg\" alt=\"\" width=\"524\" height=\"289\" srcset=\"https:\/\/agora.xtec.cat\/ceipgrasisoler\/wp-content\/uploads\/usu1692\/2024\/01\/Screenshot_2024-01-31-20-26-08-970.jpg 625w, https:\/\/agora.xtec.cat\/ceipgrasisoler\/wp-content\/uploads\/usu1692\/2024\/01\/Screenshot_2024-01-31-20-26-08-970-300x166.jpg 300w\" sizes=\"auto, (max-width: 524px) 100vw, 524px\" \/><\/p>\n","protected":false},"excerpt":{"rendered":"<p>La r\u00e0dio a l&#8217;escola \u00e9s una eina excel\u00b7lent en qualsevol etapa educativa. Permet treballar la comprensi\u00f3 lectora, l&#8217;expressi\u00f3 escrita i<br \/>\nla comunicaci\u00f3 oral d&#8217;una forma plenament vivencial. Desperta l&#8217;inter\u00e8s i la curiositat d&#8217;infants i joves i permet vehicular els propis interessos educatius de l&#8217;alumnat. Tamb\u00e9 potencia&hellip;  <a href=\"https:\/\/agora.xtec.cat\/ceipgrasisoler\/els-nostres-projectes\/radio\/\" title=\"Read R\u00e0dio Gras\">Llegeix m\u00e9s\u00bb<\/a><\/p>\n","protected":false},"author":3,"featured_media":0,"parent":742,"menu_order":5,"comment_status":"closed","ping_status":"closed","template":"page-templates\/side-menu.php","meta":{"_bbp_topic_count":0,"_bbp_reply_count":0,"_bbp_total_topic_count":0,"_bbp_total_reply_count":0,"_bbp_voice_count":0,"_bbp_anonymous_reply_count":0,"_bbp_topic_count_hidden":0,"_bbp_reply_count_hidden":0,"_bbp_forum_subforum_count":0,"footnotes":""},"class_list":["post-5860","page","type-page","status-publish","hentry"],"post_mailing_queue_ids":[],"_links":{"self":[{"href":"https:\/\/agora.xtec.cat\/ceipgrasisoler\/wp-json\/wp\/v2\/pages\/5860","targetHints":{"allow":["GET"]}}],"collection":[{"href":"https:\/\/agora.xtec.cat\/ceipgrasisoler\/wp-json\/wp\/v2\/pages"}],"about":[{"href":"https:\/\/agora.xtec.cat\/ceipgrasisoler\/wp-json\/wp\/v2\/types\/page"}],"author":[{"embeddable":true,"href":"https:\/\/agora.xtec.cat\/ceipgrasisoler\/wp-json\/wp\/v2\/users\/3"}],"replies":[{"embeddable":true,"href":"https:\/\/agora.xtec.cat\/ceipgrasisoler\/wp-json\/wp\/v2\/comments?post=5860"}],"version-history":[{"count":6,"href":"https:\/\/agora.xtec.cat\/ceipgrasisoler\/wp-json\/wp\/v2\/pages\/5860\/revisions"}],"predecessor-version":[{"id":5935,"href":"https:\/\/agora.xtec.cat\/ceipgrasisoler\/wp-json\/wp\/v2\/pages\/5860\/revisions\/5935"}],"up":[{"embeddable":true,"href":"https:\/\/agora.xtec.cat\/ceipgrasisoler\/wp-json\/wp\/v2\/pages\/742"}],"wp:attachment":[{"href":"https:\/\/agora.xtec.cat\/ceipgrasisoler\/wp-json\/wp\/v2\/media?parent=5860"}],"curies":[{"name":"wp","href":"https:\/\/api.w.org\/{rel}","templated":true}]}}