{"id":5525,"date":"2023-08-10T16:45:43","date_gmt":"2023-08-10T14:45:43","guid":{"rendered":"https:\/\/agora.xtec.cat\/ceipgrasisoler\/?page_id=5525"},"modified":"2025-07-17T16:33:09","modified_gmt":"2025-07-17T14:33:09","slug":"novetats-curs-2023-2024","status":"publish","type":"page","link":"https:\/\/agora.xtec.cat\/ceipgrasisoler\/novetats-curs-2023-2024\/","title":{"rendered":"Novetats curs 2025-2026"},"content":{"rendered":"<p>-El programa d&#8217;alimentaci\u00f3 saludable INFADIMED avan\u00e7a i aquest curs el realitzar\u00e0 el grup d&#8217;I3, I4, I5 i 1r. L&#8217;organitza i porta fins a les aules l&#8217;equip de salut del CAP Llu\u00eds Millet.<\/p>\n<p>-Disposarem d&#8217;un vetllador, igual que el curs passat, per\u00f2 amb ampliaci\u00f3 hor\u00e0ria 20h\/setmana en horari lectiu.<\/p>\n<p>-Tindrem dotaci\u00f3 d&#8217;Aula d&#8217;Acollida, en jornada completa, per atendre alumnat nouvingut.<\/p>\n<p>-Tenim adjudicada una auxiliar de conversa en llengua anglesa, durant 14 hores a la setmana. La seva tutora ser\u00e0 la mestra especialista en angl\u00e8s i les seves tasques seran les de potenciar la llengua anglesa a nivell oral i el coneixement de la cultura i les tradicions del seu pa\u00eds d&#8217;origen, EEUU.<\/p>\n<p>-Comen\u00e7arem curs estrenant mobiliari al menjador, entre l&#8217;escola,\u00a0 l&#8217;AFA i l&#8217;empresa &#8220;Com a Casa&#8221; s&#8217;han canviar les taules i les cadires del menjador, assegurant la seguretat dels infants i reduint el soroll que provocaven les cadires quan s&#8217;arrossegaven.<\/p>\n<p>-S&#8217;ha insonoritzar una aula de prim\u00e0ria. L&#8217;aula tenia una qualitat ac\u00fastica molt dolenta i ressonaven tots els sorolls, veus&#8230;amb la instal\u00b7laci\u00f3 de plaques penjants\u00a0 al sostre disminuirem substancialment els decibels.<\/p>\n","protected":false},"excerpt":{"rendered":"<p>-El programa d&#8217;alimentaci\u00f3 saludable INFADIMED avan\u00e7a i aquest curs el realitzar\u00e0 el grup d&#8217;I3, I4, I5 i 1r. L&#8217;organitza i porta fins a les aules l&#8217;equip de salut del CAP Llu\u00eds Millet.<br \/>\n-Disposarem d&#8217;un vetllador, igual que el curs passat, per\u00f2 amb ampliaci\u00f3 hor\u00e0ria 20h\/setmana en&hellip;  <a href=\"https:\/\/agora.xtec.cat\/ceipgrasisoler\/novetats-curs-2023-2024\/\" title=\"Read Novetats curs 2025-2026\">Llegeix m\u00e9s\u00bb<\/a><\/p>\n","protected":false},"author":6,"featured_media":0,"parent":0,"menu_order":0,"comment_status":"closed","ping_status":"closed","template":"","meta":{"_bbp_topic_count":0,"_bbp_reply_count":0,"_bbp_total_topic_count":0,"_bbp_total_reply_count":0,"_bbp_voice_count":0,"_bbp_anonymous_reply_count":0,"_bbp_topic_count_hidden":0,"_bbp_reply_count_hidden":0,"_bbp_forum_subforum_count":0,"footnotes":""},"class_list":["post-5525","page","type-page","status-publish","hentry"],"post_mailing_queue_ids":[],"_links":{"self":[{"href":"https:\/\/agora.xtec.cat\/ceipgrasisoler\/wp-json\/wp\/v2\/pages\/5525","targetHints":{"allow":["GET"]}}],"collection":[{"href":"https:\/\/agora.xtec.cat\/ceipgrasisoler\/wp-json\/wp\/v2\/pages"}],"about":[{"href":"https:\/\/agora.xtec.cat\/ceipgrasisoler\/wp-json\/wp\/v2\/types\/page"}],"author":[{"embeddable":true,"href":"https:\/\/agora.xtec.cat\/ceipgrasisoler\/wp-json\/wp\/v2\/users\/6"}],"replies":[{"embeddable":true,"href":"https:\/\/agora.xtec.cat\/ceipgrasisoler\/wp-json\/wp\/v2\/comments?post=5525"}],"version-history":[{"count":5,"href":"https:\/\/agora.xtec.cat\/ceipgrasisoler\/wp-json\/wp\/v2\/pages\/5525\/revisions"}],"predecessor-version":[{"id":8450,"href":"https:\/\/agora.xtec.cat\/ceipgrasisoler\/wp-json\/wp\/v2\/pages\/5525\/revisions\/8450"}],"wp:attachment":[{"href":"https:\/\/agora.xtec.cat\/ceipgrasisoler\/wp-json\/wp\/v2\/media?parent=5525"}],"curies":[{"name":"wp","href":"https:\/\/api.w.org\/{rel}","templated":true}]}}