{"id":3831,"date":"2023-06-16T14:51:08","date_gmt":"2023-06-16T12:51:08","guid":{"rendered":"https:\/\/agora.xtec.cat\/ceipgranullarius\/?page_id=3831"},"modified":"2023-12-04T13:54:20","modified_gmt":"2023-12-04T12:54:20","slug":"projecte-cueme","status":"publish","type":"page","link":"https:\/\/agora.xtec.cat\/ceipgranullarius\/projecte-educatiu\/projecte-cueme\/","title":{"rendered":"Projecte CuEmE"},"content":{"rendered":"<p><img loading=\"lazy\" decoding=\"async\" class=\"aligncenter wp-image-3952 size-medium\" src=\"https:\/\/agora.xtec.cat\/ceipgranullarius\/wp-content\/uploads\/usu769\/2023\/11\/baixa-300x49.png\" alt=\"\" width=\"300\" height=\"49\" srcset=\"https:\/\/agora.xtec.cat\/ceipgranullarius\/wp-content\/uploads\/usu769\/2023\/11\/baixa-300x49.png 300w, https:\/\/agora.xtec.cat\/ceipgranullarius\/wp-content\/uploads\/usu769\/2023\/11\/baixa.png 556w\" sizes=\"auto, (max-width: 300px) 100vw, 300px\" \/><\/p>\n<p style=\"text-align: justify;\"><span style=\"color: #000000;\">El programa <strong>Cultura emprenedora a l&#8217;escola<\/strong> fomenta la cultura emprenedora i les compet\u00e8ncies b\u00e0siques en el cicle superior d\u2019educaci\u00f3 prim\u00e0ria. Durant un curs escolar, l\u2019alumnat crea i gestiona una cooperativa escolar amb el suport de l\u2019escola, l\u2019administraci\u00f3 local, les empreses i altres entitats de la seva localitat.<\/span><\/p>\n<p style=\"text-align: justify;\"><span style=\"color: #000000;\">El programa est\u00e0 alineat amb els <a href=\"https:\/\/www.diba.cat\/web\/ods\"><strong>Objectius de Desenvolupament Sostenible de l&#8217;Agenda 2030<\/strong><\/a><\/span>\u00a0<span style=\"color: #000000;\">i comparteix els principis de la<\/span> <a href=\"https:\/\/www.edcities.org\/ca\/carta-de-ciutats-educadores\/\"><strong>Carta de Ciutats educadores<\/strong><\/a> <span style=\"color: #000000;\">per fer front als principals reptes de les societats contempor\u00e0nies:<\/span><\/p>\n<ul>\n<li><span style=\"color: #000000;\">Invertir en l\u2019educaci\u00f3 de les persones, perqu\u00e8 siguin cada cop m\u00e9s capaces de reflexionar, expressar, afirmar i desenvolupar el seu propi potencial hum\u00e0 amb singularitat, creativitat i responsabilitat;<\/span><\/li>\n<li><span style=\"color: #000000;\">Promoure les condicions de plena igualtat perqu\u00e8 totes les persones es puguin sentir respectades i ser respectuoses, capaces de dialogar i d\u2019escoltar activament;<\/span><\/li>\n<li><span style=\"color: #000000;\">Conjugar tots els factors possibles per construir, ciutat a ciutat, poble a poble, una veritable societat del coneixement sense exclusions;<\/span><\/li>\n<li><span style=\"color: #000000;\">Aprendre i desenvolupar consci\u00e8ncia comunit\u00e0ria i habilitats per organitzar la vida en com\u00fa en condicions d\u2019igualtat i just\u00edcia.<\/span><\/li>\n<\/ul>\n<p style=\"text-align: justify;\"><span style=\"color: #000000;\">CuEmE utilitza la metodologia del treball per projectes, amb la qual l\u2019alumnat apr\u00e8n a trav\u00e9s de l\u2019acci\u00f3 i posa en pr\u00e0ctica coneixements, habilitats i actituds en un context real.<\/span><\/p>\n<p style=\"text-align: justify;\"><span style=\"color: #000000;\">El programa treballa totes les compet\u00e8ncies clau del curr\u00edculum \u2013 ling\u00fc\u00edstica, matem\u00e0tica, art\u00edstica, social, m\u00f3n f\u00edsic, digital, i aprendre a aprendre \u2013 a partir de la compet\u00e8ncia emprenedora, d\u2019autonomia i iniciativa personal.<\/span><\/p>\n","protected":false},"excerpt":{"rendered":"<p>El programa Cultura emprenedora a l&#8217;escola fomenta la cultura emprenedora i les compet\u00e8ncies b\u00e0siques en el cicle superior d\u2019educaci\u00f3 prim\u00e0ria. Durant un curs escolar, l\u2019alumnat crea i gestiona una cooperativa escolar amb el suport de l\u2019escola, l\u2019administraci\u00f3 local, les empreses i altres entitats de la&hellip;  <a href=\"https:\/\/agora.xtec.cat\/ceipgranullarius\/projecte-educatiu\/projecte-cueme\/\" title=\"Read Projecte CuEmE\">Llegeix m\u00e9s\u00bb<\/a><\/p>\n","protected":false},"author":1,"featured_media":0,"parent":64,"menu_order":9,"comment_status":"closed","ping_status":"closed","template":"page-templates\/side-menu.php","meta":{"_bbp_topic_count":0,"_bbp_reply_count":0,"_bbp_total_topic_count":0,"_bbp_total_reply_count":0,"_bbp_voice_count":0,"_bbp_anonymous_reply_count":0,"_bbp_topic_count_hidden":0,"_bbp_reply_count_hidden":0,"_bbp_forum_subforum_count":0,"footnotes":""},"class_list":["post-3831","page","type-page","status-publish","hentry"],"post_mailing_queue_ids":[],"_links":{"self":[{"href":"https:\/\/agora.xtec.cat\/ceipgranullarius\/wp-json\/wp\/v2\/pages\/3831","targetHints":{"allow":["GET"]}}],"collection":[{"href":"https:\/\/agora.xtec.cat\/ceipgranullarius\/wp-json\/wp\/v2\/pages"}],"about":[{"href":"https:\/\/agora.xtec.cat\/ceipgranullarius\/wp-json\/wp\/v2\/types\/page"}],"author":[{"embeddable":true,"href":"https:\/\/agora.xtec.cat\/ceipgranullarius\/wp-json\/wp\/v2\/users\/1"}],"replies":[{"embeddable":true,"href":"https:\/\/agora.xtec.cat\/ceipgranullarius\/wp-json\/wp\/v2\/comments?post=3831"}],"version-history":[{"count":6,"href":"https:\/\/agora.xtec.cat\/ceipgranullarius\/wp-json\/wp\/v2\/pages\/3831\/revisions"}],"predecessor-version":[{"id":3956,"href":"https:\/\/agora.xtec.cat\/ceipgranullarius\/wp-json\/wp\/v2\/pages\/3831\/revisions\/3956"}],"up":[{"embeddable":true,"href":"https:\/\/agora.xtec.cat\/ceipgranullarius\/wp-json\/wp\/v2\/pages\/64"}],"wp:attachment":[{"href":"https:\/\/agora.xtec.cat\/ceipgranullarius\/wp-json\/wp\/v2\/media?parent=3831"}],"curies":[{"name":"wp","href":"https:\/\/api.w.org\/{rel}","templated":true}]}}

<p><img loading="lazy" decoding="async" class="aligncenter wp-image-3952 size-medium" src="https://agora.xtec.cat/ceipgranullarius/wp-content/uploads/usu769/2023/11/baixa-300x49.png" alt="" width="300" height="49" srcset="https://agora.xtec.cat/ceipgranullarius/wp-content/uploads/usu769/2023/11/baixa-300x49.png 300w, https://agora.xtec.cat/ceipgranullarius/wp-content/uploads/usu769/2023/11/baixa.png 556w" sizes="auto, (max-width: 300px) 100vw, 300px" /></p>
<p style="text-align: justify;"><span style="color: #000000;">El programa <strong>Cultura emprenedora a l&#8217;escola</strong> fomenta la cultura emprenedora i les competències bàsiques en el cicle superior d’educació primària. Durant un curs escolar, l’alumnat crea i gestiona una cooperativa escolar amb el suport de l’escola, l’administració local, les empreses i altres entitats de la seva localitat.</span></p>
<p style="text-align: justify;"><span style="color: #000000;">El programa està alineat amb els <a href="https://www.diba.cat/web/ods"><strong>Objectius de Desenvolupament Sostenible de l&#8217;Agenda 2030</strong></a></span> <span style="color: #000000;">i comparteix els principis de la</span> <a href="https://www.edcities.org/ca/carta-de-ciutats-educadores/"><strong>Carta de Ciutats educadores</strong></a> <span style="color: #000000;">per fer front als principals reptes de les societats contemporànies:</span></p>
<ul>
<li><span style="color: #000000;">Invertir en l’educació de les persones, perquè siguin cada cop més capaces de reflexionar, expressar, afirmar i desenvolupar el seu propi potencial humà amb singularitat, creativitat i responsabilitat;</span></li>
<li><span style="color: #000000;">Promoure les condicions de plena igualtat perquè totes les persones es puguin sentir respectades i ser respectuoses, capaces de dialogar i d’escoltar activament;</span></li>
<li><span style="color: #000000;">Conjugar tots els factors possibles per construir, ciutat a ciutat, poble a poble, una veritable societat del coneixement sense exclusions;</span></li>
<li><span style="color: #000000;">Aprendre i desenvolupar consciència comunitària i habilitats per organitzar la vida en comú en condicions d’igualtat i justícia.</span></li>
</ul>
<p style="text-align: justify;"><span style="color: #000000;">CuEmE utilitza la metodologia del treball per projectes, amb la qual l’alumnat aprèn a través de l’acció i posa en pràctica coneixements, habilitats i actituds en un context real.</span></p>
<p style="text-align: justify;"><span style="color: #000000;">El programa treballa totes les competències clau del currículum – lingüística, matemàtica, artística, social, món físic, digital, i aprendre a aprendre – a partir de la competència emprenedora, d’autonomia i iniciativa personal.</span></p>

<p>El programa Cultura emprenedora a l&#8217;escola fomenta la cultura emprenedora i les competències bàsiques en el cicle superior d’educació primària. Durant un curs escolar, l’alumnat crea i gestiona una cooperativa escolar amb el suport de l’escola, l’administració local, les empreses i altres entitats de la&hellip;  <a href="https://agora.xtec.cat/ceipgranullarius/projecte-educatiu/projecte-cueme/" title="Read Projecte CuEmE">Llegeix més»</a></p>
