{"id":3749,"date":"2023-05-26T13:16:53","date_gmt":"2023-05-26T11:16:53","guid":{"rendered":"https:\/\/agora.xtec.cat\/ceipgranullarius\/?page_id=3749"},"modified":"2023-09-22T09:27:22","modified_gmt":"2023-09-22T07:27:22","slug":"avaluacio-i-millora","status":"publish","type":"page","link":"https:\/\/agora.xtec.cat\/ceipgranullarius\/projecte-educatiu\/estrategia-digital-de-centre\/part-estrategica\/avaluacio-i-millora\/","title":{"rendered":"Avaluaci\u00f3 i millora"},"content":{"rendered":"<p><span style=\"font-weight: 400;\"><br \/>\n<\/span><\/p>\n<table>\n<tbody>\n<tr>\n<td colspan=\"6\"><b>GRAELLA DE SEGUIMENT, AVALUACI\u00d3 I MILLORA DELS OBJECTIUS DE L&#8217;EDC<\/b><\/td>\n<\/tr>\n<tr>\n<td><b>OBJECTIUS I ACTIVITATS<\/b><\/td>\n<td colspan=\"2\"><b>INDICADORS I CRITERI D&#8217;\u00c8XIT<\/b><\/td>\n<td><b>Punt de partida<\/b><\/td>\n<td><b>Nivell Assolit<\/b><\/td>\n<td><b>% \u00c8xit<\/b><\/td>\n<\/tr>\n<tr>\n<td rowspan=\"2\"><b>OBJECTIU 1: Actualitzar i dissenyar la documentaci\u00f3 de centre: el pla de comunicaci\u00f3 del centre, protocol d\u2019acollida de la comunitat educativa, i documentaci\u00f3 referida a serveis de centre (cultura digital).<\/b><\/td>\n<td colspan=\"2\" rowspan=\"2\"><span style=\"font-weight: 400;\">Nombre de documents elaborats i aprovats: 1 per curs <\/span><i><span style=\"font-weight: 400;\">(Elaboraci\u00f3 del Pla Comunicaci\u00f3 de Centre o el Protocol d\u2019Acollida)<\/span><\/i><\/p>\n<p><span style=\"font-weight: 400;\">Nombre de documents actualitzats:\u00a0 3 per curs <\/span><i><span style=\"font-weight: 400;\">(PEC, PGA i NOFC)<\/span><\/i><\/td>\n<td><\/td>\n<td rowspan=\"2\"><\/td>\n<td rowspan=\"2\"><\/td>\n<\/tr>\n<tr>\n<td><\/td>\n<\/tr>\n<tr>\n<td><b>Activitat 1. <\/b><span style=\"font-weight: 400;\">Elaboraci\u00f3 i aprovaci\u00f3 del Pla de Comunicaci\u00f3 del centre.<\/span><\/td>\n<td colspan=\"2\"><span style=\"font-weight: 400;\">Aprovat per claustre i Consell Escolar i publicat a la web el juny del 2024.<\/span><\/td>\n<td><\/td>\n<td><\/td>\n<td><\/td>\n<\/tr>\n<tr>\n<td><b>Activitat 2.<\/b><span style=\"font-weight: 400;\"> Elaboraci\u00f3 i aprovaci\u00f3 el Pla d\u2019Acollida del centre.<\/span><\/td>\n<td colspan=\"2\"><span style=\"font-weight: 400;\">Aprovat per claustre i Consell Escolar i publicat a la web el juny del 2025.<\/span><\/td>\n<td><\/td>\n<td><\/td>\n<td><\/td>\n<\/tr>\n<tr>\n<td><b>Activitat 3.<\/b><span style=\"font-weight: 400;\"> Actualitzaci\u00f3 de la documentaci\u00f3 de centre amb la informaci\u00f3 referida a la cultura digital de centre: PEC, PGA i NOFC.<\/span><\/td>\n<td colspan=\"2\"><span style=\"font-weight: 400;\">Aprovat per claustre i Consell Escolar i publicat a la web el juny del 2025.<\/span><\/td>\n<td><\/td>\n<td><\/td>\n<td><\/td>\n<\/tr>\n<\/tbody>\n<\/table>\n<p>&nbsp;<\/p>\n<table>\n<tbody>\n<tr>\n<td colspan=\"6\"><b>GRAELLA DE SEGUIMENT, AVALUACI\u00d3 I MILLORA DELS OBJECTIUS DE L&#8217;EDC<\/b><\/td>\n<\/tr>\n<tr>\n<td><b>OBJECTIUS I ACTIVITATS<\/b><\/td>\n<td colspan=\"2\"><b>INDICADORS I CRITERI D&#8217;\u00c8XIT<\/b><\/td>\n<td><b>Punt de partida<\/b><\/td>\n<td><b>Nivell Assolit<\/b><\/td>\n<td><b>% \u00c8xit<\/b><\/td>\n<\/tr>\n<tr>\n<td rowspan=\"2\"><b>OBJECTIU 2: Afavorir la implementaci\u00f3 i la consolidaci\u00f3 de l\u2019EDC amb la implicaci\u00f3 del claustre aprofitant els recursos del centre i les potencialitats individuals dels docents.<\/b><\/td>\n<td colspan=\"2\" rowspan=\"2\"><span style=\"font-weight: 400;\">&#8211; 1 docent per cada cicle implicat a la Comissi\u00f3 Digital.<\/span><\/p>\n<p><span style=\"font-weight: 400;\">&#8211; Una reuni\u00f3 quinzenal de la Comissi\u00f3 Digital.<\/span><\/p>\n<p><span style=\"font-weight: 400;\">&#8211; Grau de satisfacci\u00f3 superior a 8 en una escala de l\u20191 al 10<\/span><\/td>\n<td><\/td>\n<td rowspan=\"2\"><\/td>\n<td rowspan=\"2\"><\/td>\n<\/tr>\n<tr>\n<td><\/td>\n<\/tr>\n<tr>\n<td><b>Activitat 1<\/b><span style=\"font-weight: 400;\">. Organitzaci\u00f3 interna del centre per tal de garantir la viabilitat de la comissi\u00f3.<\/span><\/td>\n<td colspan=\"2\"><span style=\"font-weight: 400;\">S&#8217;ha presentat en claustre el calendari i la programaci\u00f3 de tasques i els mestres responsables per aquell curs l&#8217;octubre de 2023.<\/span><\/td>\n<td><\/td>\n<td><\/td>\n<td><\/td>\n<\/tr>\n<tr>\n<td><b>Activitat 2<\/b><span style=\"font-weight: 400;\">.<\/span><span style=\"font-weight: 400;\"> Feedback amb claustre per arribar a acords en els diferents moments del proc\u00e9s de les actuacions emmarcades dins el Pla EDC.<\/span><\/td>\n<td colspan=\"2\"><span style=\"font-weight: 400;\">Valoraci\u00f3 global de m\u00ednim 7 en una escala de 0 a 10.<\/span><\/td>\n<td><\/td>\n<td><\/td>\n<td><\/td>\n<\/tr>\n<\/tbody>\n<\/table>\n<p>&nbsp;<\/p>\n<table>\n<tbody>\n<tr>\n<td colspan=\"6\"><b>GRAELLA DE SEGUIMENT, AVALUACI\u00d3 I MILLORA DELS OBJECTIUS DE L&#8217;EDC<\/b><\/td>\n<\/tr>\n<tr>\n<td><b>OBJECTIUS I ACTIVITATS<\/b><\/td>\n<td colspan=\"2\"><b>INDICADORS I CRITERI D&#8217;\u00c8XIT<\/b><\/td>\n<td><b>Punt de partida<\/b><\/td>\n<td><b>Nivell Assolit<\/b><\/td>\n<td><b>% \u00c8xit<\/b><\/td>\n<\/tr>\n<tr>\n<td rowspan=\"2\"><b>OBJECTIU 3: Actualitzar la rob\u00f2tica als diferents nivells de centre.<\/b><\/td>\n<td colspan=\"2\" rowspan=\"2\"><span style=\"font-weight: 400;\">1 projecte\/curs al EI<\/span><\/p>\n<p><span style=\"font-weight: 400;\">1 projecte\/curs al CI<\/span><\/p>\n<p><span style=\"font-weight: 400;\">2 projectes\/curs al CM i CS<\/span><\/td>\n<td><\/td>\n<td rowspan=\"2\"><\/td>\n<td rowspan=\"2\"><\/td>\n<\/tr>\n<tr>\n<td><\/td>\n<\/tr>\n<tr>\n<td><b>Activitat 1. <\/b><span style=\"font-weight: 400;\">Assessorament al grup impulsor per iniciar la programaci\u00f3 de rob\u00f2tica.<\/span><\/td>\n<td colspan=\"2\"><span style=\"font-weight: 400;\">S&#8217;han realitzat totes les sessions d&#8217;assessorament planificades per fer durant el curs 2023-2024.<\/span><\/td>\n<td><\/td>\n<td><\/td>\n<td><\/td>\n<\/tr>\n<tr>\n<td><b>Activitat 2.<\/b><span style=\"font-weight: 400;\"> Seq\u00fcenciaci\u00f3 de la programaci\u00f3 de rob\u00f2tica de tots els nivells de prim\u00e0ria.<\/span><\/td>\n<td colspan=\"2\"><span style=\"font-weight: 400;\">S&#8217;han actualitzat totes les programacions de rob\u00f2tica de cadascun dels nivells.<\/span><\/td>\n<td><\/td>\n<td><\/td>\n<td><\/td>\n<\/tr>\n<tr>\n<td><b>Activitat 3.<\/b><span style=\"font-weight: 400;\"> Feedback que reculli el grau de satisfacci\u00f3 de l\u2019alumnat respecte a les activitats\/projectes de rob\u00f2tica al final de cada curs.<\/span><\/td>\n<td colspan=\"2\"><span style=\"font-weight: 400;\">Valoraci\u00f3 d&#8217;una mitjana de 7 en una escala de 0 a 10.<\/span><\/td>\n<td><\/td>\n<td><\/td>\n<td><\/td>\n<\/tr>\n<\/tbody>\n<\/table>\n<p>&nbsp;<\/p>\n<table>\n<tbody>\n<tr>\n<td colspan=\"6\"><b>GRAELLA DE SEGUIMENT, AVALUACI\u00d3 I MILLORA DELS OBJECTIUS DE L&#8217;EDC<\/b><\/td>\n<\/tr>\n<tr>\n<td><b>OBJECTIUS I ACTIVITATS<\/b><\/td>\n<td colspan=\"2\"><b>INDICADORS I CRITERI D&#8217;\u00c8XIT<\/b><\/td>\n<td><b>Punt de partida<\/b><\/td>\n<td><b>Nivell Assolit<\/b><\/td>\n<td><b>% \u00c8xit<\/b><\/td>\n<\/tr>\n<tr>\n<td rowspan=\"2\"><b>OBJECTIU 4: Millorar la compet\u00e8ncia digital de l\u2019alumnat amb activitats que queden recollides a la programaci\u00f3 dels diferents nivells de l\u2019escola.<\/b><\/td>\n<td colspan=\"2\" rowspan=\"2\"><span style=\"font-weight: 400;\">2 activitats\/trimestre a EI<\/span><\/p>\n<p><span style=\"font-weight: 400;\">5 activitats\/trimestre al CI<\/span><\/p>\n<p><span style=\"font-weight: 400;\">8 activitats\/trimestre al CM<\/span><\/p>\n<p><span style=\"font-weight: 400;\">12 activitats\/trimestre al CS<\/span><\/td>\n<td><\/td>\n<td rowspan=\"2\"><\/td>\n<td rowspan=\"2\"><\/td>\n<\/tr>\n<tr>\n<td><\/td>\n<\/tr>\n<tr>\n<td><b>Activitat 1<\/b><span style=\"font-weight: 400;\">. Seq\u00fcenciaci\u00f3 i graduaci\u00f3 de la compet\u00e8ncia digitals de tots els nivells de prim\u00e0ria.<\/span><\/td>\n<td colspan=\"2\"><span style=\"font-weight: 400;\">S&#8217;ha elaborat la seq\u00fcenciaci\u00f3 de sabers per a cada nivell i les activitats amb les quals es desenvolupen.<\/span><\/td>\n<td><\/td>\n<td><\/td>\n<td><\/td>\n<\/tr>\n<tr>\n<td><b>Activitat 2.<\/b><span style=\"font-weight: 400;\"> Creaci\u00f3 d&#8217;activitats de les compet\u00e8ncies digitals.<\/span><\/td>\n<td colspan=\"2\"><span style=\"font-weight: 400;\">Activitats digitals integrades a les programacions de centre de cada nivell\/etapa.<\/span><\/td>\n<td><\/td>\n<td><\/td>\n<td><\/td>\n<\/tr>\n<tr>\n<td><b>Activitat 3.<\/b><span style=\"font-weight: 400;\"> Creaci\u00f3 de r\u00fabriques d&#8217;avaluaci\u00f3 de les compet\u00e8ncies digitals.<\/span><\/td>\n<td colspan=\"2\"><span style=\"font-weight: 400;\">R\u00fabriques d\u2019avaluaci\u00f3 integrades a les programacions de centre de cada nivell\/etapa.<\/span><\/td>\n<td><\/td>\n<td><\/td>\n<td><\/td>\n<\/tr>\n<tr>\n<td><b>Activitat 4.<\/b><span style=\"font-weight: 400;\"> Feedback que reculli el grau de satisfacci\u00f3 de l\u2019alumnat respecte a les activitats digitals al final de cada curs.<\/span><\/td>\n<td colspan=\"2\"><span style=\"font-weight: 400;\">Valoraci\u00f3 d&#8217;una mitjana de 7 en una escala de 0 a 10.<\/span><\/td>\n<td><\/td>\n<td><\/td>\n<td><\/td>\n<\/tr>\n<\/tbody>\n<\/table>\n<p>&nbsp;<\/p>\n<table>\n<tbody>\n<tr>\n<td colspan=\"6\"><b>GRAELLA DE SEGUIMENT, AVALUACI\u00d3 I MILLORA DELS OBJECTIUS DE L&#8217;EDC<\/b><\/td>\n<\/tr>\n<tr>\n<td><b>OBJECTIUS I ACTIVITATS<\/b><\/td>\n<td colspan=\"2\"><b>INDICADORS I CRITERI D&#8217;\u00c8XIT<\/b><\/td>\n<td><b>Punt de partida<\/b><\/td>\n<td><b>Nivell Assolit<\/b><\/td>\n<td><b>% \u00c8xit<\/b><\/td>\n<\/tr>\n<tr>\n<td rowspan=\"2\"><b>OBJECTIU 5: Establir c\u00e0psules formatives per consensuar i compartir recursos, experi\u00e8ncies i estrat\u00e8gies digitals per resoldre inquietuds i dubtes del claustre.<\/b><\/td>\n<td colspan=\"2\" rowspan=\"2\"><span style=\"font-weight: 400;\">&#8211; Ha respost el formulari el 85% del claustre<\/span><\/p>\n<p><span style=\"font-weight: 400;\">&#8211; Nombre de c\u00e0psules: 1 per curs com a m\u00ednim.<\/span><\/p>\n<p><span style=\"font-weight: 400;\">&#8211; Nombre de recursos aplicats a l\u2019aula: 1 per grup al curs<\/span><\/p>\n<p><span style=\"font-weight: 400;\">&#8211; Grau de satisfacci\u00f3 superior a 7 en una escala de l\u20191 al 10<\/span><\/td>\n<td><\/td>\n<td rowspan=\"2\"><\/td>\n<td rowspan=\"2\"><\/td>\n<\/tr>\n<tr>\n<td><\/td>\n<\/tr>\n<tr>\n<td><b>Activitat 1.<\/b><span style=\"font-weight: 400;\"> Elaboraci\u00f3 d&#8217;un formulari que reculli les necessitats i les potencialitats digitals dels membres del claustre i elaborar el calendari de les sessions de treball.<\/span><\/td>\n<td colspan=\"2\"><span style=\"font-weight: 400;\">Ha respost el formulari el 85% del claustre.<\/span><\/p>\n<p><span style=\"font-weight: 400;\">Realitzaci\u00f3 d&#8217;una c\u00e0psula formativa per trimestre.<\/span><\/td>\n<td><\/td>\n<td><\/td>\n<td><\/td>\n<\/tr>\n<tr>\n<td><b>Activitat 2.<\/b><span style=\"font-weight: 400;\"> Feedforward amb el claustre sobre cada c\u00e0psula digital.<\/span><\/td>\n<td colspan=\"2\"><span style=\"font-weight: 400;\">Valoraci\u00f3 d&#8217;una mitjana de 7 en una escala de 0 a 10<\/span><\/p>\n<p><span style=\"font-weight: 400;\">Aplicaci\u00f3 d&#8217;un recurs per docent per curs.<\/span><\/td>\n<td><\/td>\n<td><\/td>\n<td><\/td>\n<\/tr>\n<tr>\n<td><b>Activitat 3.<\/b><span style=\"font-weight: 400;\"> Actualitzaci\u00f3 de les programacions de centre amb les activitats dissenyades.<\/span><\/td>\n<td colspan=\"2\"><span style=\"font-weight: 400;\">100 % activitats integrades a les programacions de centre,<\/span><\/td>\n<td><\/td>\n<td><\/td>\n<td><\/td>\n<\/tr>\n<\/tbody>\n<\/table>\n<p>&nbsp;<\/p>\n","protected":false},"excerpt":{"rendered":"<p>GRAELLA DE SEGUIMENT, AVALUACI\u00d3 I MILLORA DELS OBJECTIUS DE L&#8217;EDC<\/p>\n<p>OBJECTIUS I ACTIVITATS<br \/>\nINDICADORS I CRITERI D&#8217;\u00c8XIT<br \/>\nPunt de partida<br \/>\nNivell Assolit<br \/>\n% \u00c8xit<\/p>\n<p>OBJECTIU 1: Actualitzar i dissenyar la documentaci\u00f3 de centre: el pla de comunicaci\u00f3 del centre, protocol d\u2019acollida de la comunitat educativa, i documentaci\u00f3 referida a serveis de&hellip;  <a href=\"https:\/\/agora.xtec.cat\/ceipgranullarius\/projecte-educatiu\/estrategia-digital-de-centre\/part-estrategica\/avaluacio-i-millora\/\" title=\"Read Avaluaci\u00f3 i millora\">Llegeix m\u00e9s\u00bb<\/a><\/p>\n","protected":false},"author":1,"featured_media":0,"parent":3738,"menu_order":0,"comment_status":"closed","ping_status":"closed","template":"page-templates\/side-menu.php","meta":{"_bbp_topic_count":0,"_bbp_reply_count":0,"_bbp_total_topic_count":0,"_bbp_total_reply_count":0,"_bbp_voice_count":0,"_bbp_anonymous_reply_count":0,"_bbp_topic_count_hidden":0,"_bbp_reply_count_hidden":0,"_bbp_forum_subforum_count":0,"footnotes":""},"class_list":["post-3749","page","type-page","status-publish","hentry"],"post_mailing_queue_ids":[],"_links":{"self":[{"href":"https:\/\/agora.xtec.cat\/ceipgranullarius\/wp-json\/wp\/v2\/pages\/3749","targetHints":{"allow":["GET"]}}],"collection":[{"href":"https:\/\/agora.xtec.cat\/ceipgranullarius\/wp-json\/wp\/v2\/pages"}],"about":[{"href":"https:\/\/agora.xtec.cat\/ceipgranullarius\/wp-json\/wp\/v2\/types\/page"}],"author":[{"embeddable":true,"href":"https:\/\/agora.xtec.cat\/ceipgranullarius\/wp-json\/wp\/v2\/users\/1"}],"replies":[{"embeddable":true,"href":"https:\/\/agora.xtec.cat\/ceipgranullarius\/wp-json\/wp\/v2\/comments?post=3749"}],"version-history":[{"count":2,"href":"https:\/\/agora.xtec.cat\/ceipgranullarius\/wp-json\/wp\/v2\/pages\/3749\/revisions"}],"predecessor-version":[{"id":3884,"href":"https:\/\/agora.xtec.cat\/ceipgranullarius\/wp-json\/wp\/v2\/pages\/3749\/revisions\/3884"}],"up":[{"embeddable":true,"href":"https:\/\/agora.xtec.cat\/ceipgranullarius\/wp-json\/wp\/v2\/pages\/3738"}],"wp:attachment":[{"href":"https:\/\/agora.xtec.cat\/ceipgranullarius\/wp-json\/wp\/v2\/media?parent=3749"}],"curies":[{"name":"wp","href":"https:\/\/api.w.org\/{rel}","templated":true}]}}