{"id":3747,"date":"2023-05-26T13:16:34","date_gmt":"2023-05-26T11:16:34","guid":{"rendered":"https:\/\/agora.xtec.cat\/ceipgranullarius\/?page_id=3747"},"modified":"2023-09-22T09:34:40","modified_gmt":"2023-09-22T07:34:40","slug":"activitats","status":"publish","type":"page","link":"https:\/\/agora.xtec.cat\/ceipgranullarius\/projecte-educatiu\/estrategia-digital-de-centre\/part-estrategica\/activitats\/","title":{"rendered":"Activitats"},"content":{"rendered":"<table>\n<tbody>\n<tr>\n<td rowspan=\"2\"><span style=\"color: #de3170;\"><b>OBJECTIU 1: Actualitzar i dissenyar la documentaci\u00f3 de centre: el pla de comunicaci\u00f3 del centre, protocol d\u2019acollida de la comunitat educativa, i documentaci\u00f3 referida a serveis de centre (cultura digital).<\/b><\/span><\/td>\n<td colspan=\"3\"><b>CURS: 23\/24<\/b><\/td>\n<td colspan=\"3\"><b>CURS: 24\/25<\/b><\/td>\n<td colspan=\"3\"><b>CURS: 25\/26<\/b><\/td>\n<\/tr>\n<tr>\n<td><b>1R TRIM<\/b><\/td>\n<td><b>2N TRIM<\/b><\/td>\n<td><b>3R TRIM<\/b><\/td>\n<td><b>1R TRIM<\/b><\/td>\n<td><b>2N TRIM<\/b><\/td>\n<td><b>3R TRIM<\/b><\/td>\n<td><b>1R TRIM<\/b><\/td>\n<td><b>2N TRIM<\/b><\/td>\n<td><b>3R TRIM<\/b><\/td>\n<\/tr>\n<tr>\n<td><b>Activitat 1. <\/b><span style=\"font-weight: 400;\">Elaboraci\u00f3 i aprovaci\u00f3 el Pla de Comunicaci\u00f3 del centre.<\/span><\/td>\n<td><b>X<\/b><\/td>\n<td><b>X<\/b><\/td>\n<td><b>X<\/b><\/td>\n<td><\/td>\n<td><\/td>\n<td><\/td>\n<td><\/td>\n<td><\/td>\n<td><span style=\"font-weight: 400;\">x<\/span><\/td>\n<\/tr>\n<tr>\n<td><b>Activitat 2.<\/b><span style=\"font-weight: 400;\"> Elaboraci\u00f3 i aprovaci\u00f3 el Pla d\u2019Acollida del centre.<\/span><\/td>\n<td><\/td>\n<td><\/td>\n<td><\/td>\n<td><b>X<\/b><\/td>\n<td><b>X<\/b><\/td>\n<td><b>X<\/b><\/td>\n<td><\/td>\n<td><\/td>\n<td><span style=\"font-weight: 400;\">x<\/span><\/td>\n<\/tr>\n<tr>\n<td><b>Activitat 3.<\/b><span style=\"font-weight: 400;\"> Actualitzaci\u00f3 de la documentaci\u00f3 de centre amb la informaci\u00f3 referida a la cultura digital de centre: PEC, PGA i NOFC.<\/span><\/td>\n<td><b>X<\/b><\/td>\n<td><b>X<\/b><\/td>\n<td><b>X<\/b><\/td>\n<td><\/td>\n<td><\/td>\n<td><\/td>\n<td><\/td>\n<td><\/td>\n<td><span style=\"font-weight: 400;\">x<\/span><\/td>\n<\/tr>\n<\/tbody>\n<\/table>\n<p>&nbsp;<\/p>\n<table style=\"width: 100%;\">\n<tbody>\n<tr>\n<td style=\"width: 29.7297%;\" rowspan=\"2\"><span style=\"color: #de3170;\"><b>OBJECTIU 2: Afavorir la implementaci\u00f3 i la consolidaci\u00f3 de l\u2019EDC amb la implicaci\u00f3 del claustre aprofitant els recursos del centre i les potencialitats individuals dels docents.<\/b><\/span><\/td>\n<td style=\"width: 22.2973%;\" colspan=\"3\"><b>CURS: 23\/24<\/b><\/td>\n<td style=\"width: 22.2973%;\" colspan=\"3\"><b>CURS: 24\/25<\/b><\/td>\n<td style=\"width: 22.2973%;\" colspan=\"3\"><b>CURS: 25\/26<\/b><\/td>\n<\/tr>\n<tr>\n<td style=\"width: 7.43243%;\"><b>1R TRIM<\/b><\/td>\n<td style=\"width: 7.43243%;\"><b>2N TRIM<\/b><\/td>\n<td style=\"width: 7.43243%;\"><b>3R TRIM<\/b><\/td>\n<td style=\"width: 7.43243%;\"><b>1R TRIM<\/b><\/td>\n<td style=\"width: 7.43243%;\"><b>2N TRIM<\/b><\/td>\n<td style=\"width: 7.43243%;\"><b>3R TRIM<\/b><\/td>\n<td style=\"width: 7.43243%;\"><b>1R TRIM<\/b><\/td>\n<td style=\"width: 7.43243%;\"><b>2N TRIM<\/b><\/td>\n<td style=\"width: 7.43243%;\"><b>3R TRIM<\/b><\/td>\n<\/tr>\n<tr>\n<td style=\"width: 29.7297%;\"><b>Activitat 1<\/b><span style=\"font-weight: 400;\">.<\/span><span style=\"font-weight: 400;\"> Organitzaci\u00f3 interna del centre per tal de garantir la viabilitat de la comissi\u00f3.<\/span><\/td>\n<td style=\"width: 7.43243%;\"><b>X<\/b><\/td>\n<td style=\"width: 7.43243%;\"><\/td>\n<td style=\"width: 7.43243%;\"><\/td>\n<td style=\"width: 7.43243%;\"><\/td>\n<td style=\"width: 7.43243%;\"><\/td>\n<td style=\"width: 7.43243%;\"><\/td>\n<td style=\"width: 7.43243%;\"><\/td>\n<td style=\"width: 7.43243%;\"><\/td>\n<td style=\"width: 7.43243%;\"><\/td>\n<\/tr>\n<tr>\n<td style=\"width: 29.7297%;\"><b>Activitat 2<\/b><span style=\"font-weight: 400;\">.<\/span><span style=\"font-weight: 400;\"> Feedback amb claustre per arribar a acords en els diferents moments del proc\u00e9s de les actuacions emmarcades dins el Pla EDC.<\/span><\/td>\n<td style=\"width: 7.43243%;\"><\/td>\n<td style=\"width: 7.43243%;\"><\/td>\n<td style=\"width: 7.43243%;\"><b>X<\/b><\/td>\n<td style=\"width: 7.43243%;\"><\/td>\n<td style=\"width: 7.43243%;\"><\/td>\n<td style=\"width: 7.43243%;\"><b>X<\/b><\/td>\n<td style=\"width: 7.43243%;\"><\/td>\n<td style=\"width: 7.43243%;\"><\/td>\n<td style=\"width: 7.43243%;\"><b>X<\/b><\/td>\n<\/tr>\n<\/tbody>\n<\/table>\n<p>&nbsp;<\/p>\n<table>\n<tbody>\n<tr>\n<td rowspan=\"2\"><span style=\"color: #de3170;\"><b>OBJECTIU 3: Actualitzar la rob\u00f2tica als diferents nivells de centre.<\/b><\/span><\/td>\n<td colspan=\"3\"><b>CURS: 23\/24<\/b><\/td>\n<td colspan=\"3\"><b>CURS: 24\/25<\/b><\/td>\n<td colspan=\"3\"><b>CURS: 25\/26<\/b><\/td>\n<\/tr>\n<tr>\n<td><b>1R TRIM<\/b><\/td>\n<td><b>2N TRIM<\/b><\/td>\n<td><b>3R TRIM<\/b><\/td>\n<td><b>1R TRIM<\/b><\/td>\n<td><b>2N TRIM<\/b><\/td>\n<td><b>3R TRIM<\/b><\/td>\n<td><b>1R TRIM<\/b><\/td>\n<td><b>2N TRIM<\/b><\/td>\n<td><b>3R TRIM<\/b><\/td>\n<\/tr>\n<tr>\n<td><b>Activitat 1. <\/b><span style=\"font-weight: 400;\">Assessorament al grup impulsor per iniciar la programaci\u00f3 de rob\u00f2tica<\/span><\/td>\n<td><b>X<\/b><\/td>\n<td><b>X<\/b><\/td>\n<td><b>X<\/b><\/td>\n<td><\/td>\n<td><\/td>\n<td><\/td>\n<td><\/td>\n<td><\/td>\n<td><\/td>\n<\/tr>\n<tr>\n<td><b>Activitat 2.<\/b><span style=\"font-weight: 400;\"> Seq\u00fcenciaci\u00f3 de la programaci\u00f3 de rob\u00f2tica de tots els nivells de prim\u00e0ria.<\/span><\/td>\n<td><b>X<\/b><\/td>\n<td><b>X<\/b><\/td>\n<td><b>X<\/b><\/td>\n<td><\/td>\n<td><\/td>\n<td><\/td>\n<td><\/td>\n<td><\/td>\n<td><\/td>\n<\/tr>\n<tr>\n<td><b>Activitat 3.<\/b><span style=\"font-weight: 400;\"> Feedback que reculli el grau de satisfacci\u00f3 de l\u2019alumnat respecte a les activitats\/projectes de rob\u00f2tica al final de cada curs.<\/span><\/td>\n<td><\/td>\n<td><\/td>\n<td><b>X<\/b><\/td>\n<td><\/td>\n<td><\/td>\n<td><b>X<\/b><\/td>\n<td><\/td>\n<td><\/td>\n<td><b>X<\/b><\/td>\n<\/tr>\n<\/tbody>\n<\/table>\n<table>\n<tbody>\n<tr>\n<td rowspan=\"2\"><span style=\"color: #de3170;\"><b>OBJECTIU 4: Millorar la compet\u00e8ncia digital de l\u2019alumnat amb activitats que queden recollides a la programaci\u00f3 dels diferents nivells de l\u2019escola.<\/b><\/span><\/td>\n<td colspan=\"3\"><b>CURS: 23\/24<\/b><\/td>\n<td colspan=\"3\"><b>CURS: 24\/25<\/b><\/td>\n<td colspan=\"3\"><b>CURS: 25\/26<\/b><\/td>\n<\/tr>\n<tr>\n<td><b>1R TRIM<\/b><\/td>\n<td><b>2N TRIM<\/b><\/td>\n<td><b>3R TRIM<\/b><\/td>\n<td><b>1R TRIM<\/b><\/td>\n<td><b>2N TRIM<\/b><\/td>\n<td><b>3R TRIM<\/b><\/td>\n<td><b>1R TRIM<\/b><\/td>\n<td><b>2N TRIM<\/b><\/td>\n<td><b>3R TRIM<\/b><\/td>\n<\/tr>\n<tr>\n<td><b>Activitat 1<\/b><span style=\"font-weight: 400;\">.<\/span><span style=\"font-weight: 400;\"> Seq\u00fcenciaci\u00f3 i graduaci\u00f3 de la compet\u00e8ncia digitals de tots els nivells de prim\u00e0ria.<\/span><\/td>\n<td><b>X<\/b><\/td>\n<td><b>X<\/b><\/td>\n<td><b>X<\/b><\/td>\n<td><b>X<\/b><\/td>\n<td><b>X<\/b><\/td>\n<td><b>X<\/b><\/td>\n<td><\/td>\n<td><\/td>\n<td><\/td>\n<\/tr>\n<tr>\n<td><b>Activitat 2.<\/b><span style=\"font-weight: 400;\"> Creaci\u00f3 d&#8217;activitats de les compet\u00e8ncies digitals<\/span><\/td>\n<td><\/td>\n<td><\/td>\n<td><\/td>\n<td><b>X<\/b><\/td>\n<td><b>X<\/b><\/td>\n<td><b>X<\/b><\/td>\n<td><b>X<\/b><\/td>\n<td><b>X<\/b><\/td>\n<td><b>X<\/b><\/td>\n<\/tr>\n<tr>\n<td><b>Activitat 3.<\/b><span style=\"font-weight: 400;\"> Creaci\u00f3 de r\u00fabriques d&#8217;avaluaci\u00f3 de les compet\u00e8ncies digitals.<\/span><\/td>\n<td><\/td>\n<td><\/td>\n<td><\/td>\n<td><b>X<\/b><\/td>\n<td><b>X<\/b><\/td>\n<td><b>X<\/b><\/td>\n<td><b>X<\/b><\/td>\n<td><b>X<\/b><\/td>\n<td><b>X<\/b><\/td>\n<\/tr>\n<tr>\n<td><b>Activitat 4.<\/b><span style=\"font-weight: 400;\"> Feedback que reculli el grau de satisfacci\u00f3 de l\u2019alumnat respecte a les activitats digitals al final de cada curs.<\/span><\/td>\n<td><\/td>\n<td><\/td>\n<td><b>X<\/b><\/td>\n<td><\/td>\n<td><\/td>\n<td><b>X<\/b><\/td>\n<td><\/td>\n<td><\/td>\n<td><b>X<\/b><\/td>\n<\/tr>\n<\/tbody>\n<\/table>\n<p>&nbsp;<\/p>\n<table>\n<tbody>\n<tr>\n<td rowspan=\"2\"><span style=\"color: #de3170;\"><b>OBJECTIU 5: Establir c\u00e0psules formatives per consensuar i compartir recursos, experi\u00e8ncies i estrat\u00e8gies digitals per resoldre inquietuds i dubtes del claustre.<\/b><\/span><\/td>\n<td colspan=\"3\"><b>CURS: 23\/24<\/b><\/td>\n<td colspan=\"3\"><b>CURS: 24\/25<\/b><\/td>\n<td colspan=\"3\"><b>CURS: 25\/26<\/b><\/td>\n<\/tr>\n<tr>\n<td><b>1TRIM<\/b><\/td>\n<td><b>2TRIM<\/b><\/td>\n<td><b>3TRIM<\/b><\/td>\n<td><b>1TRIM<\/b><\/td>\n<td><b>2TRIM<\/b><\/td>\n<td><b>3TRIM<\/b><\/td>\n<td><b>1TRIM<\/b><\/td>\n<td><b>2TRIM<\/b><\/td>\n<td><b>3TRIM<\/b><\/td>\n<\/tr>\n<tr>\n<td><b>Activitat 1.<\/b><span style=\"font-weight: 400;\"> Elaboraci\u00f3 d&#8217;un formulari que reculli les necessitats i les potencialitats digitals dels membres del claustre i elaborar el calendari de les sessions de treball.<\/span><\/td>\n<td><b>X<\/b><\/td>\n<td><\/td>\n<td><\/td>\n<td><b>X<\/b><\/td>\n<td><\/td>\n<td><\/td>\n<td><b>X<\/b><\/td>\n<td><\/td>\n<td><\/td>\n<\/tr>\n<tr>\n<td><b>Activitat 2.<\/b><span style=\"font-weight: 400;\"> Feedforward amb el claustre sobre cada c\u00e0psula digital.<\/span><\/td>\n<td><\/td>\n<td><\/td>\n<td><b>X<\/b><\/td>\n<td><\/td>\n<td><\/td>\n<td><b>X<\/b><\/td>\n<td><\/td>\n<td><\/td>\n<td><b>X<\/b><\/td>\n<\/tr>\n<tr>\n<td><b>Activitat 3.<\/b><span style=\"font-weight: 400;\"> Actualitzaci\u00f3 de les programacions de centre amb les activitats dissenyades<\/span><\/td>\n<td><\/td>\n<td><\/td>\n<td><b>X<\/b><\/td>\n<td><\/td>\n<td><\/td>\n<td><b>X<\/b><\/td>\n<td><\/td>\n<td><\/td>\n<td><b>X<\/b><\/td>\n<\/tr>\n<\/tbody>\n<\/table>\n<p>&nbsp;<\/p>\n","protected":false},"excerpt":{"rendered":"<p>OBJECTIU 1: Actualitzar i dissenyar la documentaci\u00f3 de centre: el pla de comunicaci\u00f3 del centre, protocol d\u2019acollida de la comunitat educativa, i documentaci\u00f3 referida a serveis de centre (cultura digital).<br \/>\nCURS: 23\/24<br \/>\nCURS: 24\/25<br \/>\nCURS: 25\/26<\/p>\n<p>1R TRIM<br \/>\n2N TRIM<br \/>\n3R TRIM<br \/>\n1R TRIM<br \/>\n2N TRIM<br \/>\n3R TRIM<br \/>\n1R TRIM<br \/>\n2N TRIM<br \/>\n3R TRIM<\/p>\n<p>Activitat 1. Elaboraci\u00f3 i&hellip;  <a href=\"https:\/\/agora.xtec.cat\/ceipgranullarius\/projecte-educatiu\/estrategia-digital-de-centre\/part-estrategica\/activitats\/\" title=\"Read Activitats\">Llegeix m\u00e9s\u00bb<\/a><\/p>\n","protected":false},"author":1,"featured_media":0,"parent":3738,"menu_order":0,"comment_status":"closed","ping_status":"closed","template":"page-templates\/side-menu.php","meta":{"_bbp_topic_count":0,"_bbp_reply_count":0,"_bbp_total_topic_count":0,"_bbp_total_reply_count":0,"_bbp_voice_count":0,"_bbp_anonymous_reply_count":0,"_bbp_topic_count_hidden":0,"_bbp_reply_count_hidden":0,"_bbp_forum_subforum_count":0,"footnotes":""},"class_list":["post-3747","page","type-page","status-publish","hentry"],"post_mailing_queue_ids":[],"_links":{"self":[{"href":"https:\/\/agora.xtec.cat\/ceipgranullarius\/wp-json\/wp\/v2\/pages\/3747","targetHints":{"allow":["GET"]}}],"collection":[{"href":"https:\/\/agora.xtec.cat\/ceipgranullarius\/wp-json\/wp\/v2\/pages"}],"about":[{"href":"https:\/\/agora.xtec.cat\/ceipgranullarius\/wp-json\/wp\/v2\/types\/page"}],"author":[{"embeddable":true,"href":"https:\/\/agora.xtec.cat\/ceipgranullarius\/wp-json\/wp\/v2\/users\/1"}],"replies":[{"embeddable":true,"href":"https:\/\/agora.xtec.cat\/ceipgranullarius\/wp-json\/wp\/v2\/comments?post=3747"}],"version-history":[{"count":3,"href":"https:\/\/agora.xtec.cat\/ceipgranullarius\/wp-json\/wp\/v2\/pages\/3747\/revisions"}],"predecessor-version":[{"id":3886,"href":"https:\/\/agora.xtec.cat\/ceipgranullarius\/wp-json\/wp\/v2\/pages\/3747\/revisions\/3886"}],"up":[{"embeddable":true,"href":"https:\/\/agora.xtec.cat\/ceipgranullarius\/wp-json\/wp\/v2\/pages\/3738"}],"wp:attachment":[{"href":"https:\/\/agora.xtec.cat\/ceipgranullarius\/wp-json\/wp\/v2\/media?parent=3747"}],"curies":[{"name":"wp","href":"https:\/\/api.w.org\/{rel}","templated":true}]}}