{"id":3745,"date":"2023-05-26T13:16:03","date_gmt":"2023-05-26T11:16:03","guid":{"rendered":"https:\/\/agora.xtec.cat\/ceipgranullarius\/?page_id=3745"},"modified":"2023-09-22T09:25:25","modified_gmt":"2023-09-22T07:25:25","slug":"objectius","status":"publish","type":"page","link":"https:\/\/agora.xtec.cat\/ceipgranullarius\/projecte-educatiu\/estrategia-digital-de-centre\/part-estrategica\/objectius\/","title":{"rendered":"Objectius"},"content":{"rendered":"<h2><span style=\"font-weight: 400; color: #de237a;\">Objectius de l&#8217;Estrat\u00e8gia Digital de Centre<\/span><\/h2>\n<p><span style=\"font-weight: 400;\">A partir de la diagnosi, els membres de la comissi\u00f3 van proposar una pluja d&#8217;objectius amb l&#8217;enfocament de ser clars, ambiciosos i alhora assolibles, i que es poguessin mesurar mitjan\u00e7ant indicadors concrets. Posteriorment, es va procedir a realitzar una selecci\u00f3 tenint en compte diversos criteris com la necessitat, la viabilitat, els recursos disponibles i el grau d&#8217;impacte. A partir d&#8217;aquest proc\u00e9s, es va crear una llista prioritzada d&#8217;objectius que van donar lloc als objectius derivats de la diagnosi del centre.<\/span><\/p>\n<p><span style=\"font-weight: 400;\">El centre t\u00e9 com a objectiu vetllar per assolir que el centre, fam\u00edlies, alumnat i docents s\u2019esdevinguin digitalment competents per poder abordar la inclusi\u00f3 i afavorir l\u2019aprenentatge de l\u2019alumnat.<\/span><\/p>\n<p><span style=\"font-weight: 400;\">A m\u00e9s de la diagnosi de centre, s\u2019ha tingut en compte en la redacci\u00f3 dels objectius de l\u2019EDC, els seg\u00fcents documents:\u00a0<\/span><\/p>\n<p><span style=\"font-weight: 400;\">El centre est\u00e0 elaborant el PEC on contempla els objectius del present document de l\u2019Estrat\u00e8gia Digital de Centre\u00a0\u00a0\u00a0<\/span><\/p>\n<p><span style=\"font-weight: 400;\">I a m\u00e9s, la visi\u00f3 de centre de Direcci\u00f3 del centre estableix com a l\u00ednies de treball referents a l\u2019\u00e0rea digital:<\/span><\/p>\n<ul>\n<li style=\"font-weight: 400;\" aria-level=\"1\"><span style=\"font-weight: 400;\">Reorganitzaci\u00f3 i estructuraci\u00f3 de la Comissi\u00f3 Digital. Dintre de la Comissi\u00f3 digital s\u2019ha de contemplar els seg\u00fcents aspectes:<\/span>\n<ul>\n<li style=\"font-weight: 400;\" aria-level=\"2\"><span style=\"font-weight: 400;\">Protocols de comunicaci\u00f3 a la web i xarxes socials<\/span><\/li>\n<li style=\"font-weight: 400;\" aria-level=\"2\"><span style=\"font-weight: 400;\">Estat de la infraestructura i equips del centre<\/span><\/li>\n<li style=\"font-weight: 400;\" aria-level=\"2\"><span style=\"font-weight: 400;\">Cal reprendre el projecte Steam-Rob\u00f2tica<\/span><\/li>\n<li style=\"font-weight: 400;\" aria-level=\"2\"><span style=\"font-weight: 400;\">Desplegament de la compet\u00e8ncia digital de l\u2019alumnat<\/span><\/li>\n<li style=\"font-weight: 400;\" aria-level=\"2\"><span style=\"font-weight: 400;\">Formaci\u00f3 interna de centre: taller\/ sessions de bones pr\u00e0ctiques<\/span><\/li>\n<li style=\"font-weight: 400;\" aria-level=\"2\"><span style=\"font-weight: 400;\">Potenciar la comunicaci\u00f3 amb fam\u00edlies a trav\u00e9s de l\u2019APP Digital (comunicAPP EDU)<\/span><\/li>\n<\/ul>\n<\/li>\n<li style=\"font-weight: 400;\" aria-level=\"1\"><span style=\"font-weight: 400;\">Implementaci\u00f3 d\u2019un equip t\u00e8cnic per organitzar els aspectes t\u00e8cnics i crear protocols efectius en la resoluci\u00f3 d\u2019incid\u00e8ncies, definint les funcions dels nous membres de l\u2019equip t\u00e8cnic.<\/span><\/li>\n<li style=\"font-weight: 400;\" aria-level=\"1\"><span style=\"font-weight: 400;\">Treballar amb l\u2019alumnat i docent la Seguretat a les Xarxes i Internet<\/span><\/li>\n<\/ul>\n<p><span style=\"font-weight: 400;\">S\u2019ha consultat el Pla TAC, per\u00f2 queda obsolet i no es pot recollir cap aspecte rellevant per l\u2019actual EDC.<\/span><\/p>\n<p><span style=\"font-weight: 400;\">S\u2019ha tingut en compte els resultats de les compet\u00e8ncies digitals en finalitzar l\u2019etapa de prim\u00e0ria de l\u2019alumnat. Els resultats s\u00f3n satisfactoris, no obstant aix\u00f2, es vol millorar l\u2019aprenentatge a trav\u00e9s del desplegament de l\u2019EDC al centre.<\/span><\/p>\n<p><span style=\"color: #de237a;\">OBJECTIUS<\/span><\/p>\n<ol>\n<li style=\"list-style-type: none;\">\n<ol>\n<li style=\"text-align: justify;\">Actualitzar i dissenyar la documentaci\u00f3 de centre: el pla de comunicaci\u00f3 del centre, protocol d\u2019acollida de la comunitat educativa, i documentaci\u00f3 referida a serveis de centre (cultura digital).<\/li>\n<li style=\"text-align: justify;\">Afavorir la implementaci\u00f3 i la consolidaci\u00f3 de l\u2019EDC amb la implicaci\u00f3 del claustre aprofitant els recursos del centre i les potencialitats individuals dels docents.<\/li>\n<li style=\"text-align: justify;\">Actualitzar la rob\u00f2tica als diferents nivells de centre.<\/li>\n<li style=\"text-align: justify;\">Millorar la compet\u00e8ncia digital de l\u2019alumnat amb activitats que queden recollides a la programaci\u00f3 dels diferents nivells de l\u2019escola.<\/li>\n<li>\n<p style=\"text-align: justify;\">Establir c\u00e0psules formatives per consensuar i compartir recursos, experi\u00e8ncies i estrat\u00e8gies digitals per resoldre inquietuds i dubtes del claustre.<\/p>\n<\/li>\n<\/ol>\n<\/li>\n<\/ol>\n","protected":false},"excerpt":{"rendered":"<p>Objectius de l&#8217;Estrat\u00e8gia Digital de Centre<br \/>\nA partir de la diagnosi, els membres de la comissi\u00f3 van proposar una pluja d&#8217;objectius amb l&#8217;enfocament de ser clars, ambiciosos i alhora assolibles, i que es poguessin mesurar mitjan\u00e7ant indicadors concrets. Posteriorment, es va procedir a realitzar una selecci\u00f3&hellip;  <a href=\"https:\/\/agora.xtec.cat\/ceipgranullarius\/projecte-educatiu\/estrategia-digital-de-centre\/part-estrategica\/objectius\/\" title=\"Read Objectius\">Llegeix m\u00e9s\u00bb<\/a><\/p>\n","protected":false},"author":1,"featured_media":0,"parent":3738,"menu_order":0,"comment_status":"closed","ping_status":"closed","template":"page-templates\/side-menu.php","meta":{"_bbp_topic_count":0,"_bbp_reply_count":0,"_bbp_total_topic_count":0,"_bbp_total_reply_count":0,"_bbp_voice_count":0,"_bbp_anonymous_reply_count":0,"_bbp_topic_count_hidden":0,"_bbp_reply_count_hidden":0,"_bbp_forum_subforum_count":0,"footnotes":""},"class_list":["post-3745","page","type-page","status-publish","hentry"],"post_mailing_queue_ids":[],"_links":{"self":[{"href":"https:\/\/agora.xtec.cat\/ceipgranullarius\/wp-json\/wp\/v2\/pages\/3745","targetHints":{"allow":["GET"]}}],"collection":[{"href":"https:\/\/agora.xtec.cat\/ceipgranullarius\/wp-json\/wp\/v2\/pages"}],"about":[{"href":"https:\/\/agora.xtec.cat\/ceipgranullarius\/wp-json\/wp\/v2\/types\/page"}],"author":[{"embeddable":true,"href":"https:\/\/agora.xtec.cat\/ceipgranullarius\/wp-json\/wp\/v2\/users\/1"}],"replies":[{"embeddable":true,"href":"https:\/\/agora.xtec.cat\/ceipgranullarius\/wp-json\/wp\/v2\/comments?post=3745"}],"version-history":[{"count":3,"href":"https:\/\/agora.xtec.cat\/ceipgranullarius\/wp-json\/wp\/v2\/pages\/3745\/revisions"}],"predecessor-version":[{"id":3883,"href":"https:\/\/agora.xtec.cat\/ceipgranullarius\/wp-json\/wp\/v2\/pages\/3745\/revisions\/3883"}],"up":[{"embeddable":true,"href":"https:\/\/agora.xtec.cat\/ceipgranullarius\/wp-json\/wp\/v2\/pages\/3738"}],"wp:attachment":[{"href":"https:\/\/agora.xtec.cat\/ceipgranullarius\/wp-json\/wp\/v2\/media?parent=3745"}],"curies":[{"name":"wp","href":"https:\/\/api.w.org\/{rel}","templated":true}]}}

<h2><span style="font-weight: 400; color: #de237a;">Objectius de l&#8217;Estratègia Digital de Centre</span></h2>
<p><span style="font-weight: 400;">A partir de la diagnosi, els membres de la comissió van proposar una pluja d&#8217;objectius amb l&#8217;enfocament de ser clars, ambiciosos i alhora assolibles, i que es poguessin mesurar mitjançant indicadors concrets. Posteriorment, es va procedir a realitzar una selecció tenint en compte diversos criteris com la necessitat, la viabilitat, els recursos disponibles i el grau d&#8217;impacte. A partir d&#8217;aquest procés, es va crear una llista prioritzada d&#8217;objectius que van donar lloc als objectius derivats de la diagnosi del centre.</span></p>
<p><span style="font-weight: 400;">El centre té com a objectiu vetllar per assolir que el centre, famílies, alumnat i docents s’esdevinguin digitalment competents per poder abordar la inclusió i afavorir l’aprenentatge de l’alumnat.</span></p>
<p><span style="font-weight: 400;">A més de la diagnosi de centre, s’ha tingut en compte en la redacció dels objectius de l’EDC, els següents documents: </span></p>
<p><span style="font-weight: 400;">El centre està elaborant el PEC on contempla els objectius del present document de l’Estratègia Digital de Centre   </span></p>
<p><span style="font-weight: 400;">I a més, la visió de centre de Direcció del centre estableix com a línies de treball referents a l’àrea digital:</span></p>
<ul>
<li style="font-weight: 400;" aria-level="1"><span style="font-weight: 400;">Reorganització i estructuració de la Comissió Digital. Dintre de la Comissió digital s’ha de contemplar els següents aspectes:</span>
<ul>
<li style="font-weight: 400;" aria-level="2"><span style="font-weight: 400;">Protocols de comunicació a la web i xarxes socials</span></li>
<li style="font-weight: 400;" aria-level="2"><span style="font-weight: 400;">Estat de la infraestructura i equips del centre</span></li>
<li style="font-weight: 400;" aria-level="2"><span style="font-weight: 400;">Cal reprendre el projecte Steam-Robòtica</span></li>
<li style="font-weight: 400;" aria-level="2"><span style="font-weight: 400;">Desplegament de la competència digital de l’alumnat</span></li>
<li style="font-weight: 400;" aria-level="2"><span style="font-weight: 400;">Formació interna de centre: taller/ sessions de bones pràctiques</span></li>
<li style="font-weight: 400;" aria-level="2"><span style="font-weight: 400;">Potenciar la comunicació amb famílies a través de l’APP Digital (comunicAPP EDU)</span></li>
</ul>
</li>
<li style="font-weight: 400;" aria-level="1"><span style="font-weight: 400;">Implementació d’un equip tècnic per organitzar els aspectes tècnics i crear protocols efectius en la resolució d’incidències, definint les funcions dels nous membres de l’equip tècnic.</span></li>
<li style="font-weight: 400;" aria-level="1"><span style="font-weight: 400;">Treballar amb l’alumnat i docent la Seguretat a les Xarxes i Internet</span></li>
</ul>
<p><span style="font-weight: 400;">S’ha consultat el Pla TAC, però queda obsolet i no es pot recollir cap aspecte rellevant per l’actual EDC.</span></p>
<p><span style="font-weight: 400;">S’ha tingut en compte els resultats de les competències digitals en finalitzar l’etapa de primària de l’alumnat. Els resultats són satisfactoris, no obstant això, es vol millorar l’aprenentatge a través del desplegament de l’EDC al centre.</span></p>
<p><span style="color: #de237a;">OBJECTIUS</span></p>
<ol>
<li style="list-style-type: none;">
<ol>
<li style="text-align: justify;">Actualitzar i dissenyar la documentació de centre: el pla de comunicació del centre, protocol d’acollida de la comunitat educativa, i documentació referida a serveis de centre (cultura digital).</li>
<li style="text-align: justify;">Afavorir la implementació i la consolidació de l’EDC amb la implicació del claustre aprofitant els recursos del centre i les potencialitats individuals dels docents.</li>
<li style="text-align: justify;">Actualitzar la robòtica als diferents nivells de centre.</li>
<li style="text-align: justify;">Millorar la competència digital de l’alumnat amb activitats que queden recollides a la programació dels diferents nivells de l’escola.</li>
<li>
<p style="text-align: justify;">Establir càpsules formatives per consensuar i compartir recursos, experiències i estratègies digitals per resoldre inquietuds i dubtes del claustre.</p>
</li>
</ol>
</li>
</ol>

<p>Objectius de l&#8217;Estratègia Digital de Centre<br />
A partir de la diagnosi, els membres de la comissió van proposar una pluja d&#8217;objectius amb l&#8217;enfocament de ser clars, ambiciosos i alhora assolibles, i que es poguessin mesurar mitjançant indicadors concrets. Posteriorment, es va procedir a realitzar una selecció&hellip;  <a href="https://agora.xtec.cat/ceipgranullarius/projecte-educatiu/estrategia-digital-de-centre/part-estrategica/objectius/" title="Read Objectius">Llegeix més»</a></p>
