{"id":3475,"date":"2023-02-25T10:48:57","date_gmt":"2023-02-25T09:48:57","guid":{"rendered":"https:\/\/agora.xtec.cat\/ceipgranullarius\/?page_id=3475"},"modified":"2023-02-25T11:54:43","modified_gmt":"2023-02-25T10:54:43","slug":"el-nostre-pati","status":"publish","type":"page","link":"https:\/\/agora.xtec.cat\/ceipgranullarius\/el-nostre-pati\/","title":{"rendered":"El Nostre Pati"},"content":{"rendered":"<p>Benvolgudes Fam\u00edlies,<\/p>\n<p>Ens complau explicar-vos, com ja sabeu, el benestar dels nostres infants \u00e9s una prioritat en el nostre projecte educatiu, per aquest motiu posem atenci\u00f3 i intenci\u00f3 en l&#8217;entorn de trobada de lleure dels infants i ho hem aconseguit! Guanyadors del projecte &#8220;<a href=\"https:\/\/el9nou.cat\/valles-oriental\/actualitat\/granollers-transformara-els-patis-de-dues-escoles-amb-els-pressupostos-participatius\/\">El 9 nou<\/a>&#8220;, &#8220;<a href=\"https:\/\/www.somgranollers.cat\/noticia\/81030\/escollits-els-13-projectes-que-sexecutaran-a-partir-dels-pressupostos-participatius\">Som Granollers<\/a>&#8221; i millora del pati en el <a href=\"https:\/\/participa311-granollers.diba.cat\/processes\/pressupostosparticipatius-2019-23\/f\/3122\/budgets\/217\/projects\">Pressupost Participatiu<\/a>.<\/p>\n<p>Aquest estiu comencem amb les obres del nou projecte!! Impacients de crear el nou espai!<\/p>\n<p><img loading=\"lazy\" decoding=\"async\" class=\"aligncenter wp-image-3476\" src=\"https:\/\/agora.xtec.cat\/ceipgranullarius\/wp-content\/uploads\/usu769\/2023\/02\/CARTELL-PATIS-724x1024-2.png\" alt=\"\" width=\"302\" height=\"428\" srcset=\"https:\/\/agora.xtec.cat\/ceipgranullarius\/wp-content\/uploads\/usu769\/2023\/02\/CARTELL-PATIS-724x1024-2.png 724w, https:\/\/agora.xtec.cat\/ceipgranullarius\/wp-content\/uploads\/usu769\/2023\/02\/CARTELL-PATIS-724x1024-2-212x300.png 212w\" sizes=\"auto, (max-width: 302px) 100vw, 302px\" \/><\/p>\n<p style=\"text-align: center;\"><strong>CONSTRUINT UN PATI AMB VALORS!<\/strong><\/p>\n","protected":false},"excerpt":{"rendered":"<p>Benvolgudes Fam\u00edlies,<br \/>\nEns complau explicar-vos, com ja sabeu, el benestar dels nostres infants \u00e9s una prioritat en el nostre projecte educatiu, per aquest motiu posem atenci\u00f3 i intenci\u00f3 en l&#8217;entorn de trobada de lleure dels infants i ho hem aconseguit! Guanyadors del projecte &#8220;<a href=\"https:\/\/el9nou.cat\/valles-oriental\/actualitat\/granollers-transformara-els-patis-de-dues-escoles-amb-els-pressupostos-participatius\/\">El 9&hellip;  <a href=\"https:\/\/agora.xtec.cat\/ceipgranullarius\/el-nostre-pati\/\" title=\"Read El Nostre Pati\">Llegeix m\u00e9s\u00bb<\/a><\/p>\n","protected":false},"author":1,"featured_media":0,"parent":0,"menu_order":0,"comment_status":"closed","ping_status":"closed","template":"","meta":{"_bbp_topic_count":0,"_bbp_reply_count":0,"_bbp_total_topic_count":0,"_bbp_total_reply_count":0,"_bbp_voice_count":0,"_bbp_anonymous_reply_count":0,"_bbp_topic_count_hidden":0,"_bbp_reply_count_hidden":0,"_bbp_forum_subforum_count":0,"footnotes":""},"class_list":["post-3475","page","type-page","status-publish","hentry"],"post_mailing_queue_ids":[],"_links":{"self":[{"href":"https:\/\/agora.xtec.cat\/ceipgranullarius\/wp-json\/wp\/v2\/pages\/3475","targetHints":{"allow":["GET"]}}],"collection":[{"href":"https:\/\/agora.xtec.cat\/ceipgranullarius\/wp-json\/wp\/v2\/pages"}],"about":[{"href":"https:\/\/agora.xtec.cat\/ceipgranullarius\/wp-json\/wp\/v2\/types\/page"}],"author":[{"embeddable":true,"href":"https:\/\/agora.xtec.cat\/ceipgranullarius\/wp-json\/wp\/v2\/users\/1"}],"replies":[{"embeddable":true,"href":"https:\/\/agora.xtec.cat\/ceipgranullarius\/wp-json\/wp\/v2\/comments?post=3475"}],"version-history":[{"count":3,"href":"https:\/\/agora.xtec.cat\/ceipgranullarius\/wp-json\/wp\/v2\/pages\/3475\/revisions"}],"predecessor-version":[{"id":3490,"href":"https:\/\/agora.xtec.cat\/ceipgranullarius\/wp-json\/wp\/v2\/pages\/3475\/revisions\/3490"}],"wp:attachment":[{"href":"https:\/\/agora.xtec.cat\/ceipgranullarius\/wp-json\/wp\/v2\/media?parent=3475"}],"curies":[{"name":"wp","href":"https:\/\/api.w.org\/{rel}","templated":true}]}}