{"id":3454,"date":"2023-02-20T20:25:48","date_gmt":"2023-02-20T19:25:48","guid":{"rendered":"https:\/\/agora.xtec.cat\/ceipgranullarius\/?page_id=3454"},"modified":"2025-03-12T13:42:51","modified_gmt":"2025-03-12T12:42:51","slug":"preinscripcio-2023-24","status":"publish","type":"page","link":"https:\/\/agora.xtec.cat\/ceipgranullarius\/lescola\/secretaria\/preinscripcio-2023-24\/","title":{"rendered":"Preinscripci\u00f3 2025-26"},"content":{"rendered":"<h4><b>INFORMACI\u00d3 PREINSCRIPCI\u00d3<\/b><\/h4>\n<h4><b>\u00a0<\/b><\/h4>\n<h2><strong>PREINSCRIPCI\u00d3 2025-2026<\/strong><\/h2>\n<p><a href=\"https:\/\/agora.xtec.cat\/ceipgranullarius\/wp-content\/uploads\/usu769\/2025\/03\/INFORME_OFERTA_OME_INFORME_OFERTA-10.pdf\">Oferta inicial de places<\/a><\/p>\n<p>Del\u00a0<strong>12 al 26 de mar\u00e7:<\/strong>\u00a0<strong>presentaci\u00f3 de sol\u00b7licituds<\/strong>\u00a0telem\u00e0tiques.<\/p>\n<p><strong>24 d\u2019abril<\/strong>: publicaci\u00f3 de la llista de\u00a0<strong>sol\u00b7licituds amb la puntuaci\u00f3 provisional.<\/strong><\/p>\n<p>Del\u00a0<strong>24 al 29 d\u2019abril<\/strong>: termini per presentar\u00a0<strong>reclamacions<\/strong>.<\/p>\n<p><strong>8 de maig<\/strong>: sorteig del\u00a0<strong>n\u00famero de desempat<\/strong>.<\/p>\n<p><strong>9 de maig<\/strong>: publicaci\u00f3 de la\u00a0<strong>llista ordenada<\/strong><\/p>\n<p><strong>16 de juny<\/strong>: publicaci\u00f3 de les llistes d\u2019alumnes amb\u00a0<strong>pla\u00e7a assignada.<\/strong><\/p>\n<p>Per a m\u00e9s informaci\u00f3, podeu consultar la\u00a0<a href=\"https:\/\/preinscripcio.gencat.cat\/ca\/inici\/\">web<\/a>\u00a0del\u00a0<em>Departament d\u2019Educaci\u00f3 i Formaci\u00f3 Professional.<\/em><\/p>\n","protected":false},"excerpt":{"rendered":"<p>INFORMACI\u00d3 PREINSCRIPCI\u00d3<br \/>\n\u00a0<br \/>\nPREINSCRIPCI\u00d3 2025-2026<br \/>\n<a href=\"https:\/\/agora.xtec.cat\/ceipgranullarius\/wp-content\/uploads\/usu769\/2025\/03\/INFORME_OFERTA_OME_INFORME_OFERTA-10.pdf\">Oferta inicial de places<\/a><br \/>\nDel\u00a012 al 26 de mar\u00e7:\u00a0presentaci\u00f3 de sol\u00b7licituds\u00a0telem\u00e0tiques.<br \/>\n24 d\u2019abril: publicaci\u00f3 de la llista de\u00a0sol\u00b7licituds amb la puntuaci\u00f3 provisional.<br \/>\nDel\u00a024 al 29 d\u2019abril: termini per presentar\u00a0reclamacions.<br \/>\n8 de maig: sorteig del\u00a0n\u00famero de desempat.<br \/>\n9 de maig: publicaci\u00f3 de la\u00a0llista ordenada<br \/>\n16 de juny: publicaci\u00f3 de&hellip;  <a href=\"https:\/\/agora.xtec.cat\/ceipgranullarius\/lescola\/secretaria\/preinscripcio-2023-24\/\" title=\"Read Preinscripci\u00f3 2025-26\">Llegeix m\u00e9s\u00bb<\/a><\/p>\n","protected":false},"author":1,"featured_media":0,"parent":3450,"menu_order":0,"comment_status":"closed","ping_status":"closed","template":"","meta":{"_bbp_topic_count":0,"_bbp_reply_count":0,"_bbp_total_topic_count":0,"_bbp_total_reply_count":0,"_bbp_voice_count":0,"_bbp_anonymous_reply_count":0,"_bbp_topic_count_hidden":0,"_bbp_reply_count_hidden":0,"_bbp_forum_subforum_count":0,"footnotes":""},"class_list":["post-3454","page","type-page","status-publish","hentry"],"post_mailing_queue_ids":[],"_links":{"self":[{"href":"https:\/\/agora.xtec.cat\/ceipgranullarius\/wp-json\/wp\/v2\/pages\/3454","targetHints":{"allow":["GET"]}}],"collection":[{"href":"https:\/\/agora.xtec.cat\/ceipgranullarius\/wp-json\/wp\/v2\/pages"}],"about":[{"href":"https:\/\/agora.xtec.cat\/ceipgranullarius\/wp-json\/wp\/v2\/types\/page"}],"author":[{"embeddable":true,"href":"https:\/\/agora.xtec.cat\/ceipgranullarius\/wp-json\/wp\/v2\/users\/1"}],"replies":[{"embeddable":true,"href":"https:\/\/agora.xtec.cat\/ceipgranullarius\/wp-json\/wp\/v2\/comments?post=3454"}],"version-history":[{"count":4,"href":"https:\/\/agora.xtec.cat\/ceipgranullarius\/wp-json\/wp\/v2\/pages\/3454\/revisions"}],"predecessor-version":[{"id":4535,"href":"https:\/\/agora.xtec.cat\/ceipgranullarius\/wp-json\/wp\/v2\/pages\/3454\/revisions\/4535"}],"up":[{"embeddable":true,"href":"https:\/\/agora.xtec.cat\/ceipgranullarius\/wp-json\/wp\/v2\/pages\/3450"}],"wp:attachment":[{"href":"https:\/\/agora.xtec.cat\/ceipgranullarius\/wp-json\/wp\/v2\/media?parent=3454"}],"curies":[{"name":"wp","href":"https:\/\/api.w.org\/{rel}","templated":true}]}}

Preinscripció 2025-26

<h4><b>INFORMACIÓ PREINSCRIPCIÓ</b></h4>
<h4><b> </b></h4>
<h2><strong>PREINSCRIPCIÓ 2025-2026</strong></h2>
<p><a href="https://agora.xtec.cat/ceipgranullarius/wp-content/uploads/usu769/2025/03/INFORME_OFERTA_OME_INFORME_OFERTA-10.pdf">Oferta inicial de places</a></p>
<p>Del <strong>12 al 26 de març:</strong> <strong>presentació de sol·licituds</strong> telemàtiques.</p>
<p><strong>24 d’abril</strong>: publicació de la llista de <strong>sol·licituds amb la puntuació provisional.</strong></p>
<p>Del <strong>24 al 29 d’abril</strong>: termini per presentar <strong>reclamacions</strong>.</p>
<p><strong>8 de maig</strong>: sorteig del <strong>número de desempat</strong>.</p>
<p><strong>9 de maig</strong>: publicació de la <strong>llista ordenada</strong></p>
<p><strong>16 de juny</strong>: publicació de les llistes d’alumnes amb <strong>plaça assignada.</strong></p>
<p>Per a més informació, podeu consultar la <a href="https://preinscripcio.gencat.cat/ca/inici/">web</a> del <em>Departament d’Educació i Formació Professional.</em></p>

<p>INFORMACIÓ PREINSCRIPCIÓ<br />
 <br />
PREINSCRIPCIÓ 2025-2026<br />
<a href="https://agora.xtec.cat/ceipgranullarius/wp-content/uploads/usu769/2025/03/INFORME_OFERTA_OME_INFORME_OFERTA-10.pdf">Oferta inicial de places</a><br />
Del 12 al 26 de març: presentació de sol·licituds telemàtiques.<br />
24 d’abril: publicació de la llista de sol·licituds amb la puntuació provisional.<br />
Del 24 al 29 d’abril: termini per presentar reclamacions.<br />
8 de maig: sorteig del número de desempat.<br />
9 de maig: publicació de la llista ordenada<br />
16 de juny: publicació de&hellip;  <a href="https://agora.xtec.cat/ceipgranullarius/lescola/secretaria/preinscripcio-2023-24/" title="Read Preinscripció 2025-26">Llegeix més»</a></p>
