{"id":188,"date":"2016-06-17T13:04:22","date_gmt":"2016-06-17T12:04:22","guid":{"rendered":"http:\/\/agora.xtec.cat\/ceipgranullarius\/?page_id=188"},"modified":"2023-02-20T19:59:49","modified_gmt":"2023-02-20T18:59:49","slug":"ampa","status":"publish","type":"page","link":"https:\/\/agora.xtec.cat\/ceipgranullarius\/ampa\/","title":{"rendered":"AFA"},"content":{"rendered":"<p>Des de la visi\u00f3 de l&#8217;AMPA, creiem que tenim una escola privilegiada, per la zona on est\u00e0 situada, ja que no ens trobem tancats dins el nucli urb\u00e0 de Granollers, sin\u00f3 a la perif\u00e8ria, una zona oberta des del punt de vista\u00a0espacial, tranquil\u00b7la i amb poc soroll.<\/p>\n<p>Tamb\u00e9 pensem que \u00e9s privilegiada pels amplis espais que t\u00e9 l&#8217;edifici i pels diferents patis dels quals gaudeixen els nostres fills\/es.<\/p>\n<p>\u00c9s una escola que ja t\u00e9 anys, per\u00f2 actualment est\u00e0 vivint un projecte de reformes i adequaci\u00f3 dels espais, del qual n&#8217;estem contents.<\/p>\n<p>L&#8217;AMPA se sent recolzada per l&#8217;Equip Directiu i el professorat en totes les activitats que gestionem i portem a terme: les activitats extraescolars, el servei d&#8217;acollida matinal, els casals del mes de juny, i el projecte de socialitzaci\u00f3 i reutilitzaci\u00f3 dels llibres de text.<\/p>\n<p>Mantenim reunions peri\u00f2diques amb la direcci\u00f3 de l&#8217;escola per atendre les peticions que hi ha d&#8217;ambdues parts (fam\u00edlies i escola).<\/p>\n<p>I, finalment i per acabar, us fem cinc c\u00e8ntims d&#8217;altres funcions de l&#8217;AMPA:<\/p>\n<ul>\n<li>Dona\u00a0suport a pares i mares, mestres i alumnes en tot all\u00f2 que contribueixi a la millora de la qualitat de l&#8217;ensenyament que reben els nois i les noies.<\/li>\n<li>Promou la participaci\u00f3 dels pares i mares a la comunitat educativa potenciant la seva implicaci\u00f3 en el funcionament del centre.<\/li>\n<li>\u00c9s\u00a0un espai de reflexi\u00f3 que permet als pares i a les mares reflexionar i opinar sobre el funcionament quotidi\u00e0 de l&#8217;escola i sobre temes educatius d&#8217;abast m\u00e9s general.<\/li>\n<\/ul>\n<p><a href=\"https:\/\/sites.google.com\/site\/ampagranullarius\/\">Per m\u00e9s informaci\u00f3 adreceu-vos a la web de l&#8217;AMPA.<\/a><\/p>\n","protected":false},"excerpt":{"rendered":"<p>Des de la visi\u00f3 de l&#8217;AMPA, creiem que tenim una escola privilegiada, per la zona on est\u00e0 situada, ja que no ens trobem tancats dins el nucli urb\u00e0 de Granollers, sin\u00f3 a la perif\u00e8ria, una zona oberta des del punt de vista\u00a0espacial, tranquil\u00b7la i amb&hellip;  <a href=\"https:\/\/agora.xtec.cat\/ceipgranullarius\/ampa\/\" title=\"Read AFA\">Llegeix m\u00e9s\u00bb<\/a><\/p>\n","protected":false},"author":1,"featured_media":0,"parent":0,"menu_order":0,"comment_status":"closed","ping_status":"closed","template":"page-templates\/side-menu.php","meta":{"_bbp_topic_count":0,"_bbp_reply_count":0,"_bbp_total_topic_count":0,"_bbp_total_reply_count":0,"_bbp_voice_count":0,"_bbp_anonymous_reply_count":0,"_bbp_topic_count_hidden":0,"_bbp_reply_count_hidden":0,"_bbp_forum_subforum_count":0,"footnotes":""},"class_list":["post-188","page","type-page","status-publish","hentry"],"post_mailing_queue_ids":[],"_links":{"self":[{"href":"https:\/\/agora.xtec.cat\/ceipgranullarius\/wp-json\/wp\/v2\/pages\/188","targetHints":{"allow":["GET"]}}],"collection":[{"href":"https:\/\/agora.xtec.cat\/ceipgranullarius\/wp-json\/wp\/v2\/pages"}],"about":[{"href":"https:\/\/agora.xtec.cat\/ceipgranullarius\/wp-json\/wp\/v2\/types\/page"}],"author":[{"embeddable":true,"href":"https:\/\/agora.xtec.cat\/ceipgranullarius\/wp-json\/wp\/v2\/users\/1"}],"replies":[{"embeddable":true,"href":"https:\/\/agora.xtec.cat\/ceipgranullarius\/wp-json\/wp\/v2\/comments?post=188"}],"version-history":[{"count":3,"href":"https:\/\/agora.xtec.cat\/ceipgranullarius\/wp-json\/wp\/v2\/pages\/188\/revisions"}],"predecessor-version":[{"id":3431,"href":"https:\/\/agora.xtec.cat\/ceipgranullarius\/wp-json\/wp\/v2\/pages\/188\/revisions\/3431"}],"wp:attachment":[{"href":"https:\/\/agora.xtec.cat\/ceipgranullarius\/wp-json\/wp\/v2\/media?parent=188"}],"curies":[{"name":"wp","href":"https:\/\/api.w.org\/{rel}","templated":true}]}}

<p>Des de la visió de l&#8217;AMPA, creiem que tenim una escola privilegiada, per la zona on està situada, ja que no ens trobem tancats dins el nucli urbà de Granollers, sinó a la perifèria, una zona oberta des del punt de vista espacial, tranquil·la i amb poc soroll.</p>
<p>També pensem que és privilegiada pels amplis espais que té l&#8217;edifici i pels diferents patis dels quals gaudeixen els nostres fills/es.</p>
<p>És una escola que ja té anys, però actualment està vivint un projecte de reformes i adequació dels espais, del qual n&#8217;estem contents.</p>
<p>L&#8217;AMPA se sent recolzada per l&#8217;Equip Directiu i el professorat en totes les activitats que gestionem i portem a terme: les activitats extraescolars, el servei d&#8217;acollida matinal, els casals del mes de juny, i el projecte de socialització i reutilització dels llibres de text.</p>
<p>Mantenim reunions periòdiques amb la direcció de l&#8217;escola per atendre les peticions que hi ha d&#8217;ambdues parts (famílies i escola).</p>
<p>I, finalment i per acabar, us fem cinc cèntims d&#8217;altres funcions de l&#8217;AMPA:</p>
<ul>
<li>Dona suport a pares i mares, mestres i alumnes en tot allò que contribueixi a la millora de la qualitat de l&#8217;ensenyament que reben els nois i les noies.</li>
<li>Promou la participació dels pares i mares a la comunitat educativa potenciant la seva implicació en el funcionament del centre.</li>
<li>És un espai de reflexió que permet als pares i a les mares reflexionar i opinar sobre el funcionament quotidià de l&#8217;escola i sobre temes educatius d&#8217;abast més general.</li>
</ul>
<p><a href="https://sites.google.com/site/ampagranullarius/">Per més informació adreceu-vos a la web de l&#8217;AMPA.</a></p>

<p>Des de la visió de l&#8217;AMPA, creiem que tenim una escola privilegiada, per la zona on està situada, ja que no ens trobem tancats dins el nucli urbà de Granollers, sinó a la perifèria, una zona oberta des del punt de vista espacial, tranquil·la i amb&hellip;  <a href="https://agora.xtec.cat/ceipgranullarius/ampa/" title="Read AFA">Llegeix més»</a></p>
