{"id":64,"date":"2014-09-18T12:39:08","date_gmt":"2014-09-18T12:39:08","guid":{"rendered":"http:\/\/agora.xtec.cat\/ceipgranes\/?page_id=64"},"modified":"2020-02-01T21:11:08","modified_gmt":"2020-02-01T20:11:08","slug":"projecte-educatiu","status":"publish","type":"page","link":"https:\/\/agora.xtec.cat\/ceipgranes\/lescola\/projecte-educatiu\/","title":{"rendered":"La nostra identitat"},"content":{"rendered":"<p>L\u2019escola Ramon Macip-Dolors Gran\u00e9s, \u00e9s hereva i continuadora de la primera escola p\u00fablica\u00a0 de Cardedeu. \u00a0\u00c9s l\u2019escola m\u00e9s antiga del poble, amb una llarga hist\u00f2ria que tot just ara es troba en un moment de canvi i amb un esperit renovadament jove.<\/p>\n<p>L&#8217;escola \u00e9s de doble l\u00ednia i en l&#8217;actualitat compta amb 6 aules d&#8217;educaci\u00f3 infantil i 12 d&#8217;educaci\u00f3 prim\u00e0ria. La seva plantilla fixa \u00e9s de 26 mestres, dos vetlladors, una TEI, un bibliotecari contractat per l\u2019AMPA, una administrativa i la figura de la conserge. Tamb\u00e9 compta amb una empresa (Casolem) que s&#8217;encarrega d&#8217;organitzar i dinamitzar l&#8217;espai de migdia i amb una AMPA molta activa que gestiona extraescolars, acollida, tallers familiars i altres serveis.<\/p>\n<p><strong><em>Trets\u00a0 generals <\/em><\/strong><\/p>\n<p>La nostra \u00e9s una escola oberta a tothom, acollidora i\u00a0 inclusiva, basada en els principis de respecte i compromesa amb la societat i la seva realitat. Que valora i potencia la multiculturalitat i la diversitat.<\/p>\n<p>Prepara i dona eines a l&#8217;alumne per integrar-se i desenvolupar-se de manera responsable per la societat en la que vivim.<\/p>\n<p>Es fomenta el consum responsable i sostenible, mitjan\u00e7ant el desenvolupament de diferents projectes escolars relacionats amb el consum sostenible, el respecte al medi ambient i l&#8217;escola verda.<\/p>\n<p><strong><em>Trets d\u2019identitat<\/em><\/strong><\/p>\n<ul>\n<li>L\u2019escola t\u00e9 com objectiu principal l\u2019educaci\u00f3 integral dels seus alumnes dins un marc de toler\u00e0ncia, responsabilitat i respecte a l\u2019individu, considerant molt especialment l\u2019educaci\u00f3 en valors i, en conseq\u00fc\u00e8ncia, la prevenci\u00f3 de conductes de risc.<\/li>\n<\/ul>\n<ul>\n<li>L\u2019escolaritzaci\u00f3 inclusiva de l\u2019alumnat s&#8217;at\u00e9n des d\u2019un plantejament global tenint en compte les necessitats educatives de cada infant i prioritzant, sempre que sigui possible i adequat, la m\u00e0xima participaci\u00f3 de tot l\u2019alumnat en els entorns escolars ordinaris.<\/li>\n<\/ul>\n<ul>\n<li>L\u2019\u00fas de la llengua catalana com a llengua d\u2019aprenentatge i de comunicaci\u00f3 en les actuacions docents i administratives del centre.<\/li>\n<\/ul>\n<ul>\n<li>L\u2019impuls d\u2019un projecte educatiu pluriling\u00fce en el qual el catal\u00e0, com a eix vertebrador, s\u2019articuli de manera coherent amb l\u2019ensenyament de les altres lleng\u00fces i la resta del curr\u00edculum.<\/li>\n<\/ul>\n<ul>\n<li>Escola aconfessional i pluralista en la que es respecte les diferents maners de pensar i oberta a tothom. Eduquem per la llibertat, la responsabilitat i l\u2019adquisici\u00f3 de bons d\u2019h\u00e0bits i conductes.<\/li>\n<\/ul>\n<ul>\n<li>Escola coeducadora i no sexista en la que un dels principis fonamentals es regeix sobre la educaci\u00f3 per la conviv\u00e8ncia i respecte als altres, sense cap mena de discriminaci\u00f3 per ra\u00f3 de sexe, situaci\u00f3 social o proced\u00e8ncia. Eduquem per la just\u00edcia i la cohesi\u00f3 social.<\/li>\n<\/ul>\n<ul>\n<li>La nostra escola educa en el treball i promou una formaci\u00f3 acad\u00e8mica competent. Valorem les aptituds de cadasc\u00fa i desenvolupem les capacitats personals tot ensenyant a respectar les dels altres.<\/li>\n<\/ul>\n<ul>\n<li>Fomentem el desenvolupament de l\u2019autoestima. La comunitat educativa estimula i potencia el seu desenvolupament integral tenint en compte les caracter\u00edstiques personals que fan \u00fanic\/a a cada alumne\/a.<\/li>\n<\/ul>\n<ul>\n<li>Eduquem en les estrat\u00e8gies per resoldre les dificultats i per conscienciar dels drets i deures que comporta la vida en societat, fugint de l\u2019estricta competitivitat.<\/li>\n<\/ul>\n<ul>\n<li>Cerquem f\u00f3rmules diverses d\u2019actuaci\u00f3, que si b\u00e9 inclouen la competici\u00f3, ho fem de manera no prioritzada i sempre vetllant perqu\u00e8 es donin les adequades condicions de respecte entre els companys i companyes.<\/li>\n<\/ul>\n<ul>\n<li>Afavorim el di\u00e0leg, mantenint una relaci\u00f3 real i afectiva entre pares, mestres, alumnes i altres professionals implicats dins de la comunitat escolar, per mitj\u00e0 dels representants elegits per cada un dels estaments.<\/li>\n<\/ul>\n<ul>\n<li>Ensenyament personalitzat i de qualitat Pretenem ensenyar a aprendre i adaptar-se a la constant evoluci\u00f3 social, potenciant l\u2019aprenentatge significatiu.<\/li>\n<\/ul>\n<ul>\n<li>Valorem com a fonamental i promovem la participaci\u00f3 activa dels nostres alumnes en les tasques d\u2019aprenentatge i en les diferents activitats que els proposem.<\/li>\n<\/ul>\n<ul>\n<li>Fomentem tan el treball individual com en equip i cooperatiu. Facilitem que el professorat, pares, personal no docent i alumnes participin en la gesti\u00f3 i en activitats diverses del centre, segons la legislaci\u00f3 vigent.<\/li>\n<\/ul>\n<ul>\n<li>Volem que l\u2019escola sigui un reflex de la societat actual, estimulant els valors d\u2019una societat democr\u00e0tica. La comunitat educativa pot donar la seva opini\u00f3 personal sense adoctrinar.<\/li>\n<\/ul>\n<ul>\n<li>Escola respectuosa amb l\u2019entorn i compromesa amb el medi ambient. Treballem a favor de la sostenibilitat. Promovem la gesti\u00f3 correcta dels residus que es produeixen a l\u2019escola i vetllem per optimitzar l\u2019\u00fas responsable dels recursos que tenim. Afavorim una mobilitat respectuosa i responsable dins i fora de l\u2019escola.<\/li>\n<\/ul>\n<ul>\n<li>L\u2019escola vol aconseguir que es valorin els fets amb una visi\u00f3 cr\u00edtica, fomentant l\u2019observaci\u00f3, la investigaci\u00f3, l\u2019an\u00e0lisi, la s\u00edntesi, l\u2019autoavaluaci\u00f3 i l\u2019 aprenentatge a trav\u00e9s del propi error.<\/li>\n<\/ul>\n<p><strong><em>Projectes<\/em><\/strong><\/p>\n<p>L\u2019escola Gran\u00e9s defineix com a eixos principals dels seu projecte educatiu, que l\u2019infant se senti lliure i feli\u00e7 per\u00f2 amb uns l\u00edmits clars, es defineix com una escola acollidora pel que fa a diversitat i respecte per la individualitat de cada infant, sentim un gran comprom\u00eds amb l\u2019entorn i les fam\u00edlies i es troba en continua reflexi\u00f3 i innovaci\u00f3 pedag\u00f2gica. En definitiva, volem que els nens es formin com a individus tant a nivell acad\u00e8mic com personal i per aix\u00f2 els hi oferim eines per crear els seus propis aprenentatges i perqu\u00e8 s\u2019integrin a la pr\u00f2pia societat que \u00e9s la que els hi tocar\u00e0 viure.<\/p>\n<p>La r\u00e0dio, el teatre, l\u2019hort, l\u2019Attelier, el laboratori, etc., s\u00f3n alguns projectes de cicle i d\u2019escola, que sorgeixen de la investigaci\u00f3 permanent i d\u2019enfocar noves maneres de fer per complementar tot el qu\u00e8 passa a l&#8217;aula, entenent la innovaci\u00f3 com una recerca de propostes motivadores amb una finalitat molt clara, que actu\u00efn sempre seguint el curr\u00edculum de cada nivell.<\/p>\n","protected":false},"excerpt":{"rendered":"<p>L\u2019escola Ramon Macip-Dolors Gran\u00e9s, \u00e9s hereva i continuadora de la primera escola p\u00fablica\u00a0 de Cardedeu. \u00a0\u00c9s l\u2019escola m\u00e9s antiga del poble, amb una llarga hist\u00f2ria que tot just ara es troba en un moment de canvi i amb un esperit renovadament jove.<br \/>\nL&#8217;escola \u00e9s de doble&hellip;  <a href=\"https:\/\/agora.xtec.cat\/ceipgranes\/lescola\/projecte-educatiu\/\" title=\"Read La nostra identitat\">Llegeix m\u00e9s\u00bb<\/a><\/p>\n","protected":false},"author":2,"featured_media":0,"parent":22,"menu_order":0,"comment_status":"closed","ping_status":"closed","template":"page-templates\/side-menu.php","meta":{"_bbp_topic_count":0,"_bbp_reply_count":0,"_bbp_total_topic_count":0,"_bbp_total_reply_count":0,"_bbp_voice_count":0,"_bbp_anonymous_reply_count":0,"_bbp_topic_count_hidden":0,"_bbp_reply_count_hidden":0,"_bbp_forum_subforum_count":0,"footnotes":""},"class_list":["post-64","page","type-page","status-publish","hentry"],"post_mailing_queue_ids":[],"_links":{"self":[{"href":"https:\/\/agora.xtec.cat\/ceipgranes\/wp-json\/wp\/v2\/pages\/64","targetHints":{"allow":["GET"]}}],"collection":[{"href":"https:\/\/agora.xtec.cat\/ceipgranes\/wp-json\/wp\/v2\/pages"}],"about":[{"href":"https:\/\/agora.xtec.cat\/ceipgranes\/wp-json\/wp\/v2\/types\/page"}],"author":[{"embeddable":true,"href":"https:\/\/agora.xtec.cat\/ceipgranes\/wp-json\/wp\/v2\/users\/2"}],"replies":[{"embeddable":true,"href":"https:\/\/agora.xtec.cat\/ceipgranes\/wp-json\/wp\/v2\/comments?post=64"}],"version-history":[{"count":3,"href":"https:\/\/agora.xtec.cat\/ceipgranes\/wp-json\/wp\/v2\/pages\/64\/revisions"}],"predecessor-version":[{"id":1311,"href":"https:\/\/agora.xtec.cat\/ceipgranes\/wp-json\/wp\/v2\/pages\/64\/revisions\/1311"}],"up":[{"embeddable":true,"href":"https:\/\/agora.xtec.cat\/ceipgranes\/wp-json\/wp\/v2\/pages\/22"}],"wp:attachment":[{"href":"https:\/\/agora.xtec.cat\/ceipgranes\/wp-json\/wp\/v2\/media?parent=64"}],"curies":[{"name":"wp","href":"https:\/\/api.w.org\/{rel}","templated":true}]}}

<p>L’escola Ramon Macip-Dolors Granés, és hereva i continuadora de la primera escola pública  de Cardedeu.  És l’escola més antiga del poble, amb una llarga història que tot just ara es troba en un moment de canvi i amb un esperit renovadament jove.</p>
<p>L&#8217;escola és de doble línia i en l&#8217;actualitat compta amb 6 aules d&#8217;educació infantil i 12 d&#8217;educació primària. La seva plantilla fixa és de 26 mestres, dos vetlladors, una TEI, un bibliotecari contractat per l’AMPA, una administrativa i la figura de la conserge. També compta amb una empresa (Casolem) que s&#8217;encarrega d&#8217;organitzar i dinamitzar l&#8217;espai de migdia i amb una AMPA molta activa que gestiona extraescolars, acollida, tallers familiars i altres serveis.</p>
<p><strong><em>Trets  generals </em></strong></p>
<p>La nostra és una escola oberta a tothom, acollidora i  inclusiva, basada en els principis de respecte i compromesa amb la societat i la seva realitat. Que valora i potencia la multiculturalitat i la diversitat.</p>
<p>Prepara i dona eines a l&#8217;alumne per integrar-se i desenvolupar-se de manera responsable per la societat en la que vivim.</p>
<p>Es fomenta el consum responsable i sostenible, mitjançant el desenvolupament de diferents projectes escolars relacionats amb el consum sostenible, el respecte al medi ambient i l&#8217;escola verda.</p>
<p><strong><em>Trets d’identitat</em></strong></p>
<ul>
<li>L’escola té com objectiu principal l’educació integral dels seus alumnes dins un marc de tolerància, responsabilitat i respecte a l’individu, considerant molt especialment l’educació en valors i, en conseqüència, la prevenció de conductes de risc.</li>
</ul>
<ul>
<li>L’escolarització inclusiva de l’alumnat s&#8217;atén des d’un plantejament global tenint en compte les necessitats educatives de cada infant i prioritzant, sempre que sigui possible i adequat, la màxima participació de tot l’alumnat en els entorns escolars ordinaris.</li>
</ul>
<ul>
<li>L’ús de la llengua catalana com a llengua d’aprenentatge i de comunicació en les actuacions docents i administratives del centre.</li>
</ul>
<ul>
<li>L’impuls d’un projecte educatiu plurilingüe en el qual el català, com a eix vertebrador, s’articuli de manera coherent amb l’ensenyament de les altres llengües i la resta del currículum.</li>
</ul>
<ul>
<li>Escola aconfessional i pluralista en la que es respecte les diferents maners de pensar i oberta a tothom. Eduquem per la llibertat, la responsabilitat i l’adquisició de bons d’hàbits i conductes.</li>
</ul>
<ul>
<li>Escola coeducadora i no sexista en la que un dels principis fonamentals es regeix sobre la educació per la convivència i respecte als altres, sense cap mena de discriminació per raó de sexe, situació social o procedència. Eduquem per la justícia i la cohesió social.</li>
</ul>
<ul>
<li>La nostra escola educa en el treball i promou una formació acadèmica competent. Valorem les aptituds de cadascú i desenvolupem les capacitats personals tot ensenyant a respectar les dels altres.</li>
</ul>
<ul>
<li>Fomentem el desenvolupament de l’autoestima. La comunitat educativa estimula i potencia el seu desenvolupament integral tenint en compte les característiques personals que fan únic/a a cada alumne/a.</li>
</ul>
<ul>
<li>Eduquem en les estratègies per resoldre les dificultats i per conscienciar dels drets i deures que comporta la vida en societat, fugint de l’estricta competitivitat.</li>
</ul>
<ul>
<li>Cerquem fórmules diverses d’actuació, que si bé inclouen la competició, ho fem de manera no prioritzada i sempre vetllant perquè es donin les adequades condicions de respecte entre els companys i companyes.</li>
</ul>
<ul>
<li>Afavorim el diàleg, mantenint una relació real i afectiva entre pares, mestres, alumnes i altres professionals implicats dins de la comunitat escolar, per mitjà dels representants elegits per cada un dels estaments.</li>
</ul>
<ul>
<li>Ensenyament personalitzat i de qualitat Pretenem ensenyar a aprendre i adaptar-se a la constant evolució social, potenciant l’aprenentatge significatiu.</li>
</ul>
<ul>
<li>Valorem com a fonamental i promovem la participació activa dels nostres alumnes en les tasques d’aprenentatge i en les diferents activitats que els proposem.</li>
</ul>
<ul>
<li>Fomentem tan el treball individual com en equip i cooperatiu. Facilitem que el professorat, pares, personal no docent i alumnes participin en la gestió i en activitats diverses del centre, segons la legislació vigent.</li>
</ul>
<ul>
<li>Volem que l’escola sigui un reflex de la societat actual, estimulant els valors d’una societat democràtica. La comunitat educativa pot donar la seva opinió personal sense adoctrinar.</li>
</ul>
<ul>
<li>Escola respectuosa amb l’entorn i compromesa amb el medi ambient. Treballem a favor de la sostenibilitat. Promovem la gestió correcta dels residus que es produeixen a l’escola i vetllem per optimitzar l’ús responsable dels recursos que tenim. Afavorim una mobilitat respectuosa i responsable dins i fora de l’escola.</li>
</ul>
<ul>
<li>L’escola vol aconseguir que es valorin els fets amb una visió crítica, fomentant l’observació, la investigació, l’anàlisi, la síntesi, l’autoavaluació i l’ aprenentatge a través del propi error.</li>
</ul>
<p><strong><em>Projectes</em></strong></p>
<p>L’escola Granés defineix com a eixos principals dels seu projecte educatiu, que l’infant se senti lliure i feliç però amb uns límits clars, es defineix com una escola acollidora pel que fa a diversitat i respecte per la individualitat de cada infant, sentim un gran compromís amb l’entorn i les famílies i es troba en continua reflexió i innovació pedagògica. En definitiva, volem que els nens es formin com a individus tant a nivell acadèmic com personal i per això els hi oferim eines per crear els seus propis aprenentatges i perquè s’integrin a la pròpia societat que és la que els hi tocarà viure.</p>
<p>La ràdio, el teatre, l’hort, l’Attelier, el laboratori, etc., són alguns projectes de cicle i d’escola, que sorgeixen de la investigació permanent i d’enfocar noves maneres de fer per complementar tot el què passa a l&#8217;aula, entenent la innovació com una recerca de propostes motivadores amb una finalitat molt clara, que actuïn sempre seguint el currículum de cada nivell.</p>

<p>L’escola Ramon Macip-Dolors Granés, és hereva i continuadora de la primera escola pública  de Cardedeu.  És l’escola més antiga del poble, amb una llarga història que tot just ara es troba en un moment de canvi i amb un esperit renovadament jove.<br />
L&#8217;escola és de doble&hellip;  <a href="https://agora.xtec.cat/ceipgranes/lescola/projecte-educatiu/" title="Read La nostra identitat">Llegeix més»</a></p>
