{"id":32,"date":"2014-09-18T12:31:33","date_gmt":"2014-09-18T12:31:33","guid":{"rendered":"http:\/\/agora.xtec.cat\/ceipgranes\/?page_id=32"},"modified":"2025-10-03T10:34:31","modified_gmt":"2025-10-03T08:34:31","slug":"calendari-del-curs","status":"publish","type":"page","link":"https:\/\/agora.xtec.cat\/ceipgranes\/lescola\/calendari-del-curs\/","title":{"rendered":"Calendari del curs"},"content":{"rendered":"<h4><a href=\"https:\/\/agora.xtec.cat\/ceipgranes\/lescola\/calendari-del-curs\/attachment\/calendari-escolar-2025-26-7_page-0001\/\" rel=\"attachment wp-att-5483\"><img loading=\"lazy\" decoding=\"async\" class=\"alignleft size-full wp-image-5483\" src=\"https:\/\/agora.xtec.cat\/ceipgranes\/wp-content\/uploads\/usu608\/2025\/10\/CALENDARI-ESCOLAR-2025-26-7_page-0001.jpg\" alt=\"\" width=\"1755\" height=\"1242\" srcset=\"https:\/\/agora.xtec.cat\/ceipgranes\/wp-content\/uploads\/usu608\/2025\/10\/CALENDARI-ESCOLAR-2025-26-7_page-0001.jpg 1755w, https:\/\/agora.xtec.cat\/ceipgranes\/wp-content\/uploads\/usu608\/2025\/10\/CALENDARI-ESCOLAR-2025-26-7_page-0001-300x212.jpg 300w, https:\/\/agora.xtec.cat\/ceipgranes\/wp-content\/uploads\/usu608\/2025\/10\/CALENDARI-ESCOLAR-2025-26-7_page-0001-1024x725.jpg 1024w, https:\/\/agora.xtec.cat\/ceipgranes\/wp-content\/uploads\/usu608\/2025\/10\/CALENDARI-ESCOLAR-2025-26-7_page-0001-768x544.jpg 768w, https:\/\/agora.xtec.cat\/ceipgranes\/wp-content\/uploads\/usu608\/2025\/10\/CALENDARI-ESCOLAR-2025-26-7_page-0001-1536x1087.jpg 1536w\" sizes=\"auto, (max-width: 1755px) 100vw, 1755px\" \/><\/a><\/h4>\n<h4><span style=\"color: #0000ff;\"><strong>Inici de curs:<\/strong><\/span><\/h4>\n<p>8 de setembre de 2025<\/p>\n<h4><span style=\"color: #0000ff;\"><strong>Vacances:<\/strong><\/span><\/h4>\n<p>Del 20 de desembre de 2024 al 7 de gener de 2026 (ambd\u00f3s inclosos)<\/p>\n<p>Del 28 de mar\u00e7 6 d&#8217;abril de 2026 (ambd\u00f3s inclosos)<\/p>\n<p>A partir del 20 de juny de 2026<\/p>\n<h4><span style=\"color: #0000ff;\"><strong>Horari lectiu:<\/strong><\/span><\/h4>\n<p>L\u2019horari lectiu del centre \u00e9s de 9h a 12:30 i de 15h a 16:30.<\/p>\n<h4><span style=\"color: #0000ff;\"><strong>Jornada compactada:<\/strong><\/span><\/h4>\n<p>19 de desembre de 2025<\/p>\n<p>Del 8 al 19 de juny de 2026<\/p>\n<p>Per als alumnes que inicien l\u2019escolaritzaci\u00f3 a I3 s\u2019organitza un breu per\u00edode d\u2019adaptaci\u00f3 que suposa una certa modificaci\u00f3 dels horaris dels primers dies de classe, i que es fa saber a les fam\u00edlies en les reunions pr\u00e8vies corresponents.<\/p>\n<p>&nbsp;<\/p>\n<p>&nbsp;<\/p>\n","protected":false},"excerpt":{"rendered":"<p><a href=\"https:\/\/agora.xtec.cat\/ceipgranes\/lescola\/calendari-del-curs\/attachment\/calendari-escolar-2025-26-7_page-0001\/\" rel=\"attachment wp-att-5483\"><\/a><br \/>\nInici de curs:<br \/>\n8 de setembre de 2025<br \/>\nVacances:<br \/>\nDel 20 de desembre de 2024 al 7 de gener de 2026 (ambd\u00f3s inclosos)<br \/>\nDel 28 de mar\u00e7 6 d&#8217;abril de 2026 (ambd\u00f3s inclosos)<br \/>\nA partir del 20 de juny de 2026<br \/>\nHorari lectiu:<br \/>\nL\u2019horari lectiu del centre \u00e9s de&hellip;  <a href=\"https:\/\/agora.xtec.cat\/ceipgranes\/lescola\/calendari-del-curs\/\" title=\"Read Calendari del curs\">Llegeix m\u00e9s\u00bb<\/a><\/p>\n","protected":false},"author":2,"featured_media":0,"parent":22,"menu_order":50,"comment_status":"closed","ping_status":"closed","template":"page-templates\/side-menu.php","meta":{"_bbp_topic_count":0,"_bbp_reply_count":0,"_bbp_total_topic_count":0,"_bbp_total_reply_count":0,"_bbp_voice_count":0,"_bbp_anonymous_reply_count":0,"_bbp_topic_count_hidden":0,"_bbp_reply_count_hidden":0,"_bbp_forum_subforum_count":0,"footnotes":""},"class_list":["post-32","page","type-page","status-publish","hentry"],"post_mailing_queue_ids":[],"_links":{"self":[{"href":"https:\/\/agora.xtec.cat\/ceipgranes\/wp-json\/wp\/v2\/pages\/32","targetHints":{"allow":["GET"]}}],"collection":[{"href":"https:\/\/agora.xtec.cat\/ceipgranes\/wp-json\/wp\/v2\/pages"}],"about":[{"href":"https:\/\/agora.xtec.cat\/ceipgranes\/wp-json\/wp\/v2\/types\/page"}],"author":[{"embeddable":true,"href":"https:\/\/agora.xtec.cat\/ceipgranes\/wp-json\/wp\/v2\/users\/2"}],"replies":[{"embeddable":true,"href":"https:\/\/agora.xtec.cat\/ceipgranes\/wp-json\/wp\/v2\/comments?post=32"}],"version-history":[{"count":6,"href":"https:\/\/agora.xtec.cat\/ceipgranes\/wp-json\/wp\/v2\/pages\/32\/revisions"}],"predecessor-version":[{"id":5484,"href":"https:\/\/agora.xtec.cat\/ceipgranes\/wp-json\/wp\/v2\/pages\/32\/revisions\/5484"}],"up":[{"embeddable":true,"href":"https:\/\/agora.xtec.cat\/ceipgranes\/wp-json\/wp\/v2\/pages\/22"}],"wp:attachment":[{"href":"https:\/\/agora.xtec.cat\/ceipgranes\/wp-json\/wp\/v2\/media?parent=32"}],"curies":[{"name":"wp","href":"https:\/\/api.w.org\/{rel}","templated":true}]}}

<h4><a href="https://agora.xtec.cat/ceipgranes/lescola/calendari-del-curs/attachment/calendari-escolar-2025-26-7_page-0001/" rel="attachment wp-att-5483"><img loading="lazy" decoding="async" class="alignleft size-full wp-image-5483" src="https://agora.xtec.cat/ceipgranes/wp-content/uploads/usu608/2025/10/CALENDARI-ESCOLAR-2025-26-7_page-0001.jpg" alt="" width="1755" height="1242" srcset="https://agora.xtec.cat/ceipgranes/wp-content/uploads/usu608/2025/10/CALENDARI-ESCOLAR-2025-26-7_page-0001.jpg 1755w, https://agora.xtec.cat/ceipgranes/wp-content/uploads/usu608/2025/10/CALENDARI-ESCOLAR-2025-26-7_page-0001-300x212.jpg 300w, https://agora.xtec.cat/ceipgranes/wp-content/uploads/usu608/2025/10/CALENDARI-ESCOLAR-2025-26-7_page-0001-1024x725.jpg 1024w, https://agora.xtec.cat/ceipgranes/wp-content/uploads/usu608/2025/10/CALENDARI-ESCOLAR-2025-26-7_page-0001-768x544.jpg 768w, https://agora.xtec.cat/ceipgranes/wp-content/uploads/usu608/2025/10/CALENDARI-ESCOLAR-2025-26-7_page-0001-1536x1087.jpg 1536w" sizes="auto, (max-width: 1755px) 100vw, 1755px" /></a></h4>
<h4><span style="color: #0000ff;"><strong>Inici de curs:</strong></span></h4>
<p>8 de setembre de 2025</p>
<h4><span style="color: #0000ff;"><strong>Vacances:</strong></span></h4>
<p>Del 20 de desembre de 2024 al 7 de gener de 2026 (ambdós inclosos)</p>
<p>Del 28 de març 6 d&#8217;abril de 2026 (ambdós inclosos)</p>
<p>A partir del 20 de juny de 2026</p>
<h4><span style="color: #0000ff;"><strong>Horari lectiu:</strong></span></h4>
<p>L’horari lectiu del centre és de 9h a 12:30 i de 15h a 16:30.</p>
<h4><span style="color: #0000ff;"><strong>Jornada compactada:</strong></span></h4>
<p>19 de desembre de 2025</p>
<p>Del 8 al 19 de juny de 2026</p>
<p>Per als alumnes que inicien l’escolarització a I3 s’organitza un breu període d’adaptació que suposa una certa modificació dels horaris dels primers dies de classe, i que es fa saber a les famílies en les reunions prèvies corresponents.</p>
<p>&nbsp;</p>
<p>&nbsp;</p>

<p><a href="https://agora.xtec.cat/ceipgranes/lescola/calendari-del-curs/attachment/calendari-escolar-2025-26-7_page-0001/" rel="attachment wp-att-5483"></a><br />
Inici de curs:<br />
8 de setembre de 2025<br />
Vacances:<br />
Del 20 de desembre de 2024 al 7 de gener de 2026 (ambdós inclosos)<br />
Del 28 de març 6 d&#8217;abril de 2026 (ambdós inclosos)<br />
A partir del 20 de juny de 2026<br />
Horari lectiu:<br />
L’horari lectiu del centre és de&hellip;  <a href="https://agora.xtec.cat/ceipgranes/lescola/calendari-del-curs/" title="Read Calendari del curs">Llegeix més»</a></p>
