{"id":26,"date":"2014-09-18T12:24:32","date_gmt":"2014-09-18T12:24:32","guid":{"rendered":"http:\/\/agora.xtec.cat\/ceipgranes\/?page_id=26"},"modified":"2015-10-09T22:47:47","modified_gmt":"2015-10-09T21:47:47","slug":"historia","status":"publish","type":"page","link":"https:\/\/agora.xtec.cat\/ceipgranes\/lescola\/historia\/","title":{"rendered":"Hist\u00f2ria"},"content":{"rendered":"<p>&nbsp;<\/p>\n<h1 class=\"important\"><strong>L\u2019origen de l\u2019escola<\/strong><\/h1>\n<p>A l\u2019any 1935 va ser creada l\u2019escola d\u2019ara. Abans l\u2019escola Ramon \u2013 Macip Dolors Gran\u00e9s no estava a l\u2019edifici on est\u00e0 ara,estava a Can Serra que actualment es una escola de M\u00fasica.<\/p>\n<p class=\"note\"><strong>Perqu\u00e8 es diu Ramon-Macip Dolors Gran\u00e9s ?<\/strong><\/p>\n<p>Perqu\u00e8 el terreny de l\u2019escola d\u2019ara, el van donar dues dones de Cardedeu, la Merc\u00e8 Espinach i la Dolors Gran\u00e9s. D\u2019aqu\u00ed ve una part del nom. I l\u2019altre d\u2019un professor que va estar m\u00e9s de 32 anys al nostre centre. El professor Ramon Macip va venir per fer una substituci\u00f3 per\u00f2 al final s\u2019hi va quedar.<\/p>\n<p><a href=\"http:\/\/blocs.xtec.cat\/granes\/files\/2012\/05\/DSCN12561.jpg\"><img loading=\"lazy\" decoding=\"async\" class=\"size-thumbnail wp-image-424\" src=\"http:\/\/blocs.xtec.cat\/granes\/files\/2012\/05\/DSCN12561-150x150.jpg\" alt=\"Placa Ramon Macip\" width=\"150\" height=\"150\" \/><\/a><\/p>\n<p class=\"note\"><strong>Quins professor van haver ?<\/strong><\/p>\n<p>Va ser un home, Ramon J\u00falia que va patir un accident de cotxe \u00a0va quedar cec. Llavors el va substituir el Ramon Macip que va venir l\u2019any 1935. Despr\u00e9s del Sr. Ramon Macip va venir el Sr. Antoni Cremades. En aquells temps, l\u2019escola tenia nom\u00e9s un o dos mestres.<\/p>\n<p class=\"note\"><strong>Com era l\u2019edifici abans ?<\/strong><\/p>\n<p>L\u2019 edifici contenia a la planta baixa tres classes de nenes i al primer pis hi havien els nens. A l\u2019any 1969 es van construir dues classes m\u00e9s.<\/p>\n<p><a href=\"http:\/\/blocs.xtec.cat\/granes\/files\/2012\/05\/DSCN12551.jpg\"><img loading=\"lazy\" decoding=\"async\" class=\"size-thumbnail wp-image-409\" src=\"http:\/\/blocs.xtec.cat\/granes\/files\/2012\/05\/DSCN12551-150x150.jpg\" alt=\"Pintura Escola Ramon Macip \" width=\"150\" height=\"150\" \/><\/a><\/p>\n<p>&nbsp;<\/p>\n<p>A l\u2019any va augmentar a 19 classes i aix\u00ed a funcionen fins l\u2019any 1981. Al 1977 l\u2019agrupaci\u00f3 es va convertir en l\u2019escola nacional Ramon-Macip Dolors Gran\u00e9s.<\/p>\n<p>Va anar augmentant, de manera que l\u2019any 1979 tenia els alumnes repartits en 5 edificis diferents i anys despr\u00e9s arribaria a tenir m\u00e9s de 1000 alumnes i fins a quatre classes per nivell.<\/p>\n<p>Tant l\u2019Escola Germans Corbella com la Mil\u00b7lenari van tenir el seu origen a les nostres aules, doncs van formar part del nostre centre fins que es van independitzar el 1981 i e 1991 respectivament.<\/p>\n<p>&nbsp;<\/p>\n<p>&nbsp;<\/p>\n<p>&nbsp;<\/p>\n","protected":false},"excerpt":{"rendered":"<p>&nbsp;<br \/>\nL\u2019origen de l\u2019escola<br \/>\nA l\u2019any 1935 va ser creada l\u2019escola d\u2019ara. Abans l\u2019escola Ramon \u2013 Macip Dolors Gran\u00e9s no estava a l\u2019edifici on est\u00e0 ara,estava a Can Serra que actualment es una escola de M\u00fasica.<br \/>\nPerqu\u00e8 es diu Ramon-Macip Dolors Gran\u00e9s ?<br \/>\nPerqu\u00e8 el terreny de l\u2019escola d\u2019ara,&hellip;  <a href=\"https:\/\/agora.xtec.cat\/ceipgranes\/lescola\/historia\/\" title=\"Read Hist\u00f2ria\">Llegeix m\u00e9s\u00bb<\/a><\/p>\n","protected":false},"author":2,"featured_media":0,"parent":22,"menu_order":20,"comment_status":"closed","ping_status":"closed","template":"page-templates\/side-menu.php","meta":{"_bbp_topic_count":0,"_bbp_reply_count":0,"_bbp_total_topic_count":0,"_bbp_total_reply_count":0,"_bbp_voice_count":0,"_bbp_anonymous_reply_count":0,"_bbp_topic_count_hidden":0,"_bbp_reply_count_hidden":0,"_bbp_forum_subforum_count":0,"footnotes":""},"class_list":["post-26","page","type-page","status-publish","hentry"],"post_mailing_queue_ids":[],"_links":{"self":[{"href":"https:\/\/agora.xtec.cat\/ceipgranes\/wp-json\/wp\/v2\/pages\/26","targetHints":{"allow":["GET"]}}],"collection":[{"href":"https:\/\/agora.xtec.cat\/ceipgranes\/wp-json\/wp\/v2\/pages"}],"about":[{"href":"https:\/\/agora.xtec.cat\/ceipgranes\/wp-json\/wp\/v2\/types\/page"}],"author":[{"embeddable":true,"href":"https:\/\/agora.xtec.cat\/ceipgranes\/wp-json\/wp\/v2\/users\/2"}],"replies":[{"embeddable":true,"href":"https:\/\/agora.xtec.cat\/ceipgranes\/wp-json\/wp\/v2\/comments?post=26"}],"version-history":[{"count":3,"href":"https:\/\/agora.xtec.cat\/ceipgranes\/wp-json\/wp\/v2\/pages\/26\/revisions"}],"predecessor-version":[{"id":244,"href":"https:\/\/agora.xtec.cat\/ceipgranes\/wp-json\/wp\/v2\/pages\/26\/revisions\/244"}],"up":[{"embeddable":true,"href":"https:\/\/agora.xtec.cat\/ceipgranes\/wp-json\/wp\/v2\/pages\/22"}],"wp:attachment":[{"href":"https:\/\/agora.xtec.cat\/ceipgranes\/wp-json\/wp\/v2\/media?parent=26"}],"curies":[{"name":"wp","href":"https:\/\/api.w.org\/{rel}","templated":true}]}}

Història

<p>&nbsp;</p>
<h1 class="important"><strong>L’origen de l’escola</strong></h1>
<p>A l’any 1935 va ser creada l’escola d’ara. Abans l’escola Ramon – Macip Dolors Granés no estava a l’edifici on està ara,estava a Can Serra que actualment es una escola de Música.</p>
<p class="note"><strong>Perquè es diu Ramon-Macip Dolors Granés ?</strong></p>
<p>Perquè el terreny de l’escola d’ara, el van donar dues dones de Cardedeu, la Mercè Espinach i la Dolors Granés. D’aquí ve una part del nom. I l’altre d’un professor que va estar més de 32 anys al nostre centre. El professor Ramon Macip va venir per fer una substitució però al final s’hi va quedar.</p>
<p><a href="http://blocs.xtec.cat/granes/files/2012/05/DSCN12561.jpg"><img loading="lazy" decoding="async" class="size-thumbnail wp-image-424" src="http://blocs.xtec.cat/granes/files/2012/05/DSCN12561-150x150.jpg" alt="Placa Ramon Macip" width="150" height="150" /></a></p>
<p class="note"><strong>Quins professor van haver ?</strong></p>
<p>Va ser un home, Ramon Júlia que va patir un accident de cotxe  va quedar cec. Llavors el va substituir el Ramon Macip que va venir l’any 1935. Després del Sr. Ramon Macip va venir el Sr. Antoni Cremades. En aquells temps, l’escola tenia només un o dos mestres.</p>
<p class="note"><strong>Com era l’edifici abans ?</strong></p>
<p>L’ edifici contenia a la planta baixa tres classes de nenes i al primer pis hi havien els nens. A l’any 1969 es van construir dues classes més.</p>
<p><a href="http://blocs.xtec.cat/granes/files/2012/05/DSCN12551.jpg"><img loading="lazy" decoding="async" class="size-thumbnail wp-image-409" src="http://blocs.xtec.cat/granes/files/2012/05/DSCN12551-150x150.jpg" alt="Pintura Escola Ramon Macip " width="150" height="150" /></a></p>
<p>&nbsp;</p>
<p>A l’any va augmentar a 19 classes i així a funcionen fins l’any 1981. Al 1977 l’agrupació es va convertir en l’escola nacional Ramon-Macip Dolors Granés.</p>
<p>Va anar augmentant, de manera que l’any 1979 tenia els alumnes repartits en 5 edificis diferents i anys després arribaria a tenir més de 1000 alumnes i fins a quatre classes per nivell.</p>
<p>Tant l’Escola Germans Corbella com la Mil·lenari van tenir el seu origen a les nostres aules, doncs van formar part del nostre centre fins que es van independitzar el 1981 i e 1991 respectivament.</p>
<p>&nbsp;</p>
<p>&nbsp;</p>
<p>&nbsp;</p>

<p>&nbsp;<br />
L’origen de l’escola<br />
A l’any 1935 va ser creada l’escola d’ara. Abans l’escola Ramon – Macip Dolors Granés no estava a l’edifici on està ara,estava a Can Serra que actualment es una escola de Música.<br />
Perquè es diu Ramon-Macip Dolors Granés ?<br />
Perquè el terreny de l’escola d’ara,&hellip;  <a href="https://agora.xtec.cat/ceipgranes/lescola/historia/" title="Read Història">Llegeix més»</a></p>
