{"id":9597,"date":"2024-10-16T15:50:01","date_gmt":"2024-10-16T13:50:01","guid":{"rendered":"https:\/\/agora.xtec.cat\/ceipginesta\/?page_id=9597"},"modified":"2025-07-10T13:34:30","modified_gmt":"2025-07-10T11:34:30","slug":"auxiliars-de-conversa-ajuntament-de-matadepera","status":"publish","type":"page","link":"https:\/\/agora.xtec.cat\/ceipginesta\/serveis\/auxiliars-de-conversa-ajuntament-de-matadepera\/","title":{"rendered":"Auxiliars de conversa Ajuntament de Matadepera"},"content":{"rendered":"<p>El servei d\u2019auxiliars de conversa de llengua anglesa va sorgir d\u2019una proposta per part dels centres educatius p\u00fablics del municipi. En aquest context des de la regidoria d\u2019educaci\u00f3 de l\u2019ajuntament es va plantejar com un programa municipal \u201cPla de suport a l\u2019aprenentatge de les lleng\u00fces\u201d a iniciar com un \u201cpla pilot\u201d per als cursos 2021-22 i 2022-23 amb l\u2019objectiu d\u2019estimular l\u2019aprenentatge de la llengua anglesa i fomentar el pluriling\u00fcisme i el coneixement d\u2019altres cultures per al nostre alumnat.<\/p>\n<p>Efectuada la valoraci\u00f3, el programa se segueix emmarcant en un dels objectius de la regidoria d\u2019educaci\u00f3 i formaci\u00f3 per als anys 2024-2027: desenvolupar accions encaminades a millorar les compet\u00e8ncies, la capacitaci\u00f3 i les oportunitats d\u2019\u00e8xit de la totalitat dels estudiants complementant els seus ensenyaments b\u00e0sics per tal d\u2019avan\u00e7ar vers una societat del coneixement.<\/p>\n<p>Els objectius espec\u00edfics que es volen assolir s\u00f3n:<\/p>\n<ul>\n<li>Millorar la compet\u00e8ncia oral comunicativa de l\u2019alumnat.<\/li>\n<li>Oferir aquest recurs a la totalitat de l\u2019alumnat sense distincions; tenint en compte el principi d&#8217;equitat, es vol contribuir a revertir possibles situacions de desigualtat d&#8217;oportunitats entre l&#8217;alumnat, oferint aquest programa tots els centres p\u00fablics del municipi \u00a0per millorar el grau d\u2019\u00e8xit en llengua anglesa del nostre alumnat, tot complementant el seu curr\u00edculum.<\/li>\n<li>Refor\u00e7ar les destreses orals de l\u2019alumnat en la llengua estrangera.<\/li>\n<li>Proporcionar un model de correcci\u00f3 fon\u00e8tica i gramatical de la llengua estrangera corresponent.<\/li>\n<li>Realitzar pr\u00e0ctiques espec\u00edfiques de conversa.<\/li>\n<li>Col\u00b7laborar amb els docents en la planificaci\u00f3 de les activitats del projecte i donar suport ling\u00fc\u00edstic.<\/li>\n<li>Fomentar la motivaci\u00f3 i l \u2019inter\u00e8s de l\u2019alumnat envers la llengua i la cultura del seu pa\u00eds d\u2019origen, aix\u00ed com del conjunt de pa\u00efsos de la mateixa llengua.<\/li>\n<li>Donar suport en l\u2019elaboraci\u00f3 i adaptaci\u00f3 de materials i aportar recursos did\u00e0ctics en l\u2019\u00e0mbit de la compet\u00e8ncia oral.<\/li>\n<\/ul>\n<p>El programa d&#8217;Auxiliars de Conversa per a la millora de la llengua anglesa posar\u00e0 a disposici\u00f3 dels centres educatius p\u00fablics auxiliars de conversa que, en coordinaci\u00f3 amb el departament d&#8217;angl\u00e8s de cada centre i atenent el seu Projecte Educatiu de Centre (PEC), refor\u00e7aran les compet\u00e8ncies, habilitats comunicatives i ling\u00fc\u00edstiques dels infants i joves de les escoles Ginesta, Torredemer i Institut de Matadepera.<\/p>\n<p>Cada centre escolar disposar\u00e0 d\u2019un\/a Auxiliar duent sempre la seva tasca amb els docents titulars presents a l\u2019aula i donant \u00fanicament el suport a les activitats que aquests hagin programat en l\u2019\u00e0mbit comunicatiu i de practica de conversa.<\/p>\n<p>En cap cas la tasca dels Auxiliars de Conversa ser\u00e0 substitut\u00f2ria de la del personal docent titular. Ara mateix aquesta activitat de pr\u00e0ctica especifica de conversa no s\u2019est\u00e0 desenvolupant als centres educatius de Matadepera per part de l\u2019administraci\u00f3 competent.<\/p>\n<p>El programa que es planteja dur a terme es considera com a complementari a nivell curricular a les compet\u00e8ncies que ostenta la Generalitat de Catalunya i en aquest sentit, l\u2019ajuntament vol seguir treballant amb coresponsabilitat<\/p>\n","protected":false},"excerpt":{"rendered":"<p>El servei d\u2019auxiliars de conversa de llengua anglesa va sorgir d\u2019una proposta per part dels centres educatius p\u00fablics del municipi. En aquest context des de la regidoria d\u2019educaci\u00f3 de l\u2019ajuntament es va plantejar com un programa municipal \u201cPla de suport a l\u2019aprenentatge de les lleng\u00fces\u201d&hellip;  <a href=\"https:\/\/agora.xtec.cat\/ceipginesta\/serveis\/auxiliars-de-conversa-ajuntament-de-matadepera\/\" title=\"Read Auxiliars de conversa Ajuntament de Matadepera\">Llegeix m\u00e9s\u00bb<\/a><\/p>\n","protected":false},"author":1,"featured_media":0,"parent":66,"menu_order":0,"comment_status":"closed","ping_status":"closed","template":"page-templates\/side-menu.php","meta":{"_bbp_topic_count":0,"_bbp_reply_count":0,"_bbp_total_topic_count":0,"_bbp_total_reply_count":0,"_bbp_voice_count":0,"_bbp_anonymous_reply_count":0,"_bbp_topic_count_hidden":0,"_bbp_reply_count_hidden":0,"_bbp_forum_subforum_count":0,"footnotes":""},"class_list":["post-9597","page","type-page","status-publish","hentry"],"post_mailing_queue_ids":[],"_links":{"self":[{"href":"https:\/\/agora.xtec.cat\/ceipginesta\/wp-json\/wp\/v2\/pages\/9597","targetHints":{"allow":["GET"]}}],"collection":[{"href":"https:\/\/agora.xtec.cat\/ceipginesta\/wp-json\/wp\/v2\/pages"}],"about":[{"href":"https:\/\/agora.xtec.cat\/ceipginesta\/wp-json\/wp\/v2\/types\/page"}],"author":[{"embeddable":true,"href":"https:\/\/agora.xtec.cat\/ceipginesta\/wp-json\/wp\/v2\/users\/1"}],"replies":[{"embeddable":true,"href":"https:\/\/agora.xtec.cat\/ceipginesta\/wp-json\/wp\/v2\/comments?post=9597"}],"version-history":[{"count":4,"href":"https:\/\/agora.xtec.cat\/ceipginesta\/wp-json\/wp\/v2\/pages\/9597\/revisions"}],"predecessor-version":[{"id":10025,"href":"https:\/\/agora.xtec.cat\/ceipginesta\/wp-json\/wp\/v2\/pages\/9597\/revisions\/10025"}],"up":[{"embeddable":true,"href":"https:\/\/agora.xtec.cat\/ceipginesta\/wp-json\/wp\/v2\/pages\/66"}],"wp:attachment":[{"href":"https:\/\/agora.xtec.cat\/ceipginesta\/wp-json\/wp\/v2\/media?parent=9597"}],"curies":[{"name":"wp","href":"https:\/\/api.w.org\/{rel}","templated":true}]}}