{"id":564,"date":"2017-02-23T15:45:11","date_gmt":"2017-02-23T14:45:11","guid":{"rendered":"http:\/\/agora.xtec.cat\/ceipginesta\/?page_id=564"},"modified":"2025-01-28T17:39:56","modified_gmt":"2025-01-28T16:39:56","slug":"pil-biblioteca","status":"publish","type":"page","link":"https:\/\/agora.xtec.cat\/ceipginesta\/serveis\/pil-biblioteca\/","title":{"rendered":"Pla de Lectura i Biblioteca"},"content":{"rendered":"<p style=\"text-align: justify;\">L\u2019escola compta amb una biblioteca reorganitzada des de la participaci\u00f3 fa alguns anys al projecte Puntedu del Departament d\u2019Educaci\u00f3. Hi ha un extens cat\u00e0leg de literatura infantil i juvenil, llibres de consulta i investigaci\u00f3, aix\u00ed com revistes i c\u00f2mics.<\/p>\n<p style=\"text-align: justify;\">Els alumnes gaudeixen de l\u2019estona del pati diari per visitar-la i utilitzar el servei de consulta o pr\u00e9stec, poden fer consulta de fonts audiovisuals amb ordinadors o simplement per gaudir d\u2019una estona de lectura.<\/p>\n<p style=\"text-align: justify;\">Des de fa cursos l&#8217;escola participa de les accions del Pla d\u2019Impuls a la Lectura del Departament, per dinamitzar i potenciar la lectura a totes les \u00e0rees curriculars per augmentar la compet\u00e8ncia ling\u00fc\u00edstica i comunicativa, i el desenvolupament de l\u2019h\u00e0bit lector dels alumnes. Totes aquestes consideracions s\u2019engloben, junt amb l\u2019expressi\u00f3 escrita, com a elements claus de l\u2019assoliment d\u2019una bona compet\u00e8ncia lectora, fet molt important per a l\u2019\u00e8xit educatiu.<\/p>\n<p>L&#8217;escola compta amb una comissi\u00f3 de biblioteca per organitzar, dinamitzar i planificar les activitats del Pla de Lectura als diferents cursos. Tamb\u00e9 facilita la biblioteca de cada aula i prepara el material de consulta dels projectes d&#8217;investigaci\u00f3.<\/p>\n<p style=\"text-align: justify;\"><a href=\"http:\/\/agora.xtec.cat\/ceipginesta\/wp-content\/uploads\/usu640\/2017\/02\/projecte6.jpg\"><img loading=\"lazy\" decoding=\"async\" class=\"size-full wp-image-966 aligncenter\" src=\"http:\/\/agora.xtec.cat\/ceipginesta\/wp-content\/uploads\/usu640\/2017\/02\/projecte6.jpg\" alt=\"projecte6\" width=\"1007\" height=\"274\" srcset=\"https:\/\/agora.xtec.cat\/ceipginesta\/wp-content\/uploads\/usu640\/2017\/02\/projecte6.jpg 1007w, https:\/\/agora.xtec.cat\/ceipginesta\/wp-content\/uploads\/usu640\/2017\/02\/projecte6-300x82.jpg 300w, https:\/\/agora.xtec.cat\/ceipginesta\/wp-content\/uploads\/usu640\/2017\/02\/projecte6-768x209.jpg 768w\" sizes=\"auto, (max-width: 1007px) 100vw, 1007px\" \/><\/a><\/p>\n<p><a href=\"https:\/\/aplicacions.gestioeducativa.gencat.cat\/epergam\/web\/biblioteca.jsp?codi=08020863\"><img loading=\"lazy\" decoding=\"async\" class=\"size-full wp-image-9371 aligncenter\" src=\"https:\/\/agora.xtec.cat\/ceipginesta\/wp-content\/uploads\/usu640\/2024\/02\/epergam.png\" alt=\"\" width=\"150\" height=\"47\" \/><\/a><\/p>\n","protected":false},"excerpt":{"rendered":"<p>L\u2019escola compta amb una biblioteca reorganitzada des de la participaci\u00f3 fa alguns anys al projecte Puntedu del Departament d\u2019Educaci\u00f3. Hi ha un extens cat\u00e0leg de literatura infantil i juvenil, llibres de consulta i investigaci\u00f3, aix\u00ed com revistes i c\u00f2mics.<br \/>\nEls alumnes gaudeixen de l\u2019estona del pati&hellip;  <a href=\"https:\/\/agora.xtec.cat\/ceipginesta\/serveis\/pil-biblioteca\/\" title=\"Read Pla de Lectura i Biblioteca\">Llegeix m\u00e9s\u00bb<\/a><\/p>\n","protected":false},"author":1,"featured_media":0,"parent":66,"menu_order":0,"comment_status":"closed","ping_status":"closed","template":"page-templates\/side-menu.php","meta":{"_bbp_topic_count":0,"_bbp_reply_count":0,"_bbp_total_topic_count":0,"_bbp_total_reply_count":0,"_bbp_voice_count":0,"_bbp_anonymous_reply_count":0,"_bbp_topic_count_hidden":0,"_bbp_reply_count_hidden":0,"_bbp_forum_subforum_count":0,"footnotes":""},"class_list":["post-564","page","type-page","status-publish","hentry"],"post_mailing_queue_ids":[],"_links":{"self":[{"href":"https:\/\/agora.xtec.cat\/ceipginesta\/wp-json\/wp\/v2\/pages\/564","targetHints":{"allow":["GET"]}}],"collection":[{"href":"https:\/\/agora.xtec.cat\/ceipginesta\/wp-json\/wp\/v2\/pages"}],"about":[{"href":"https:\/\/agora.xtec.cat\/ceipginesta\/wp-json\/wp\/v2\/types\/page"}],"author":[{"embeddable":true,"href":"https:\/\/agora.xtec.cat\/ceipginesta\/wp-json\/wp\/v2\/users\/1"}],"replies":[{"embeddable":true,"href":"https:\/\/agora.xtec.cat\/ceipginesta\/wp-json\/wp\/v2\/comments?post=564"}],"version-history":[{"count":6,"href":"https:\/\/agora.xtec.cat\/ceipginesta\/wp-json\/wp\/v2\/pages\/564\/revisions"}],"predecessor-version":[{"id":9812,"href":"https:\/\/agora.xtec.cat\/ceipginesta\/wp-json\/wp\/v2\/pages\/564\/revisions\/9812"}],"up":[{"embeddable":true,"href":"https:\/\/agora.xtec.cat\/ceipginesta\/wp-json\/wp\/v2\/pages\/66"}],"wp:attachment":[{"href":"https:\/\/agora.xtec.cat\/ceipginesta\/wp-json\/wp\/v2\/media?parent=564"}],"curies":[{"name":"wp","href":"https:\/\/api.w.org\/{rel}","templated":true}]}}