{"id":515,"date":"2017-02-22T10:41:55","date_gmt":"2017-02-22T09:41:55","guid":{"rendered":"http:\/\/agora.xtec.cat\/ceipginesta\/?page_id=515"},"modified":"2017-03-03T22:33:41","modified_gmt":"2017-03-03T21:33:41","slug":"pla-tac","status":"publish","type":"page","link":"https:\/\/agora.xtec.cat\/ceipginesta\/projecte-educatiu\/pla-tac\/","title":{"rendered":"Pla TAC"},"content":{"rendered":"<h4><span style=\"color: #7d0404;\">En el Pla de Tecnologies per a l&#8217;Aprenentatge i el Coneixement<\/span><\/h4>\n<p>es recullen les caracter\u00edstiques actuals del centre en relaci\u00f3 a les TAC, es <a href=\"http:\/\/agora.xtec.cat\/ceipginesta\/wp-content\/uploads\/usu640\/2017\/02\/tac.jpg\"><img loading=\"lazy\" decoding=\"async\" class=\" wp-image-780 alignright\" src=\"http:\/\/agora.xtec.cat\/ceipginesta\/wp-content\/uploads\/usu640\/2017\/02\/tac.jpg\" alt=\"tac\" width=\"180\" height=\"111\" \/><\/a>defineixen els objectius i es planifiquen les actuacions que es duran a terme pel que fa als aspectes organitzatius, did\u00e0cticopedag\u00f2gics i curriculars.<\/p>\n<h4><span style=\"color: #800000;\">Compet\u00e8ncies b\u00e0siques de l&#8217;\u00e0mbit digital<\/span><\/h4>\n<p>A l&#8217;actualitat , el desplegament de les compet\u00e8ncies digitals \u00e9s indispensable per a tota persona que vulgui interactuar amb normalitat en la societat actual. Per tant, l&#8217;alumnat de diferent edat ha d&#8217;anar assolint una s\u00e8rie d&#8217;habilitats, coneixements i actituds durant la seva educaci\u00f3 b\u00e0sica de manera que sigui capa\u00e7 d&#8217;utilitzar les tecnologies de la informaci\u00f3 i de la comunicaci\u00f3 en les tasques de la vida quotidiana, a l&#8217;escola, a la feina o al lleure.<\/p>\n<h4><span style=\"color: #800000;\">Aspectes a tenir en compte<\/span><\/h4>\n<p><strong>1. Instruments i aplicacions<\/strong> sobre el coneixement i l\u2019\u00fas de diversos dispositius digitals: funcionament i utilitat.<\/p>\n<p><strong>2. Tractament de la informaci\u00f3 i organitzaci\u00f3 dels entorns digitals de treball i d\u2019aprenentatge:<\/strong> utilitzar diferents eines i dispositius per organitzar l&#8217;informaci\u00f3, analitzar-la, establir relacions, sintetitzar-la i compartir-la.<\/p>\n<p><strong>3. Comunicaci\u00f3 interpersonal i col\u00b7laboraci\u00f3:<\/strong> con\u00e8ixer les possibilitats de treball col\u00b7laboratiu i les diferents formes de participaci\u00f3 en qu\u00e8 es pot donar aquest treball.<\/p>\n<p><strong> 4. H\u00e0bits, civisme i identitat digital:<\/strong> tenir actituds cr\u00edtiques i reflexives; utilitzar normes de reconeixement i de publicaci\u00f3 dels materials; fer un \u00fas m\u00e9s segur d\u2019Internet.<\/p>\n<p><a href=\"http:\/\/agora.xtec.cat\/ceipginesta\/wp-content\/uploads\/usu640\/2017\/02\/tac.png\"><img loading=\"lazy\" decoding=\"async\" class=\"size-full wp-image-848 aligncenter\" src=\"http:\/\/agora.xtec.cat\/ceipginesta\/wp-content\/uploads\/usu640\/2017\/02\/tac.png\" alt=\"tac\" width=\"730\" height=\"521\" srcset=\"https:\/\/agora.xtec.cat\/ceipginesta\/wp-content\/uploads\/usu640\/2017\/02\/tac.png 730w, https:\/\/agora.xtec.cat\/ceipginesta\/wp-content\/uploads\/usu640\/2017\/02\/tac-300x214.png 300w\" sizes=\"auto, (max-width: 730px) 100vw, 730px\" \/><\/a><\/p>\n<p><strong><span style=\"color: #700303;\">\u00a0<\/span><\/strong><\/p>\n<p>&nbsp;<\/p>\n","protected":false},"excerpt":{"rendered":"<p>En el Pla de Tecnologies per a l&#8217;Aprenentatge i el Coneixement<br \/>\nes recullen les caracter\u00edstiques actuals del centre en relaci\u00f3 a les TAC, es <a href=\"http:\/\/agora.xtec.cat\/ceipginesta\/wp-content\/uploads\/usu640\/2017\/02\/tac.jpg\"><\/a>defineixen els objectius i es planifiquen les actuacions que es duran a terme pel que fa als aspectes organitzatius, did\u00e0cticopedag\u00f2gics i&hellip;  <a href=\"https:\/\/agora.xtec.cat\/ceipginesta\/projecte-educatiu\/pla-tac\/\" title=\"Read Pla TAC\">Llegeix m\u00e9s\u00bb<\/a><\/p>\n","protected":false},"author":1,"featured_media":0,"parent":64,"menu_order":5,"comment_status":"closed","ping_status":"closed","template":"page-templates\/side-menu.php","meta":{"_bbp_topic_count":0,"_bbp_reply_count":0,"_bbp_total_topic_count":0,"_bbp_total_reply_count":0,"_bbp_voice_count":0,"_bbp_anonymous_reply_count":0,"_bbp_topic_count_hidden":0,"_bbp_reply_count_hidden":0,"_bbp_forum_subforum_count":0,"footnotes":""},"class_list":["post-515","page","type-page","status-publish","hentry"],"post_mailing_queue_ids":[],"_links":{"self":[{"href":"https:\/\/agora.xtec.cat\/ceipginesta\/wp-json\/wp\/v2\/pages\/515","targetHints":{"allow":["GET"]}}],"collection":[{"href":"https:\/\/agora.xtec.cat\/ceipginesta\/wp-json\/wp\/v2\/pages"}],"about":[{"href":"https:\/\/agora.xtec.cat\/ceipginesta\/wp-json\/wp\/v2\/types\/page"}],"author":[{"embeddable":true,"href":"https:\/\/agora.xtec.cat\/ceipginesta\/wp-json\/wp\/v2\/users\/1"}],"replies":[{"embeddable":true,"href":"https:\/\/agora.xtec.cat\/ceipginesta\/wp-json\/wp\/v2\/comments?post=515"}],"version-history":[{"count":3,"href":"https:\/\/agora.xtec.cat\/ceipginesta\/wp-json\/wp\/v2\/pages\/515\/revisions"}],"predecessor-version":[{"id":851,"href":"https:\/\/agora.xtec.cat\/ceipginesta\/wp-json\/wp\/v2\/pages\/515\/revisions\/851"}],"up":[{"embeddable":true,"href":"https:\/\/agora.xtec.cat\/ceipginesta\/wp-json\/wp\/v2\/pages\/64"}],"wp:attachment":[{"href":"https:\/\/agora.xtec.cat\/ceipginesta\/wp-json\/wp\/v2\/media?parent=515"}],"curies":[{"name":"wp","href":"https:\/\/api.w.org\/{rel}","templated":true}]}}