{"id":513,"date":"2017-02-22T10:41:11","date_gmt":"2017-02-22T09:41:11","guid":{"rendered":"http:\/\/agora.xtec.cat\/ceipginesta\/?page_id=513"},"modified":"2025-01-28T18:17:57","modified_gmt":"2025-01-28T17:17:57","slug":"projecte-linguistic","status":"publish","type":"page","link":"https:\/\/agora.xtec.cat\/ceipginesta\/projecte-educatiu\/projecte-linguistic\/","title":{"rendered":"Projecte Ling\u00fc\u00edstic"},"content":{"rendered":"<p>El <strong><span style=\"color: #850101;\">Projecte Ling\u00fc\u00edstic<\/span><\/strong> defineix el tractament de les diferents lleng\u00fces en el centre i concreta la seva aplicaci\u00f3.<\/p>\n<p>La llengua catalana \u00e9s la llengua vehicular i d&#8217;aprenentatge en el centre i de totes les altres manifestacions. El Projecte Ling\u00fcistic tamb\u00e9 regula el treball en llengua castellana i llengua estrangera (angl\u00e8s); defineix els objectius, continguts i la metodologia a emprar.<\/p>\n<h4 style=\"text-align: center;\"><a href=\"https:\/\/agora.xtec.cat\/ceipginesta\/wp-content\/uploads\/usu640\/2023\/07\/Projecte-Linguistic-Ginesta-2023.pdf\">Projecte Ling\u00fc\u00edstic Ginesta<\/a><\/h4>\n<p style=\"text-align: center;\"><a href=\"http:\/\/agora.xtec.cat\/ceipginesta\/wp-content\/uploads\/usu640\/2017\/02\/plc.jpg\"><img loading=\"lazy\" decoding=\"async\" class=\"alignnone size-full wp-image-820\" src=\"http:\/\/agora.xtec.cat\/ceipginesta\/wp-content\/uploads\/usu640\/2017\/02\/plc.jpg\" alt=\"plc\" width=\"292\" height=\"173\" \/><\/a><\/p>\n<p><object style=\"width: 800px; height: 600px;\" data=\"https:\/\/agora.xtec.cat\/ceipginesta\/wp-content\/uploads\/usu640\/2025\/01\/Projecte-Linguistic-Ginesta-2023.pdf\" width=\"300\" height=\"150\"><\/p>\n","protected":false},"excerpt":{"rendered":"<p>El Projecte Ling\u00fc\u00edstic defineix el tractament de les diferents lleng\u00fces en el centre i concreta la seva aplicaci\u00f3.<br \/>\nLa llengua catalana \u00e9s la llengua vehicular i d&#8217;aprenentatge en el centre i de totes les altres manifestacions. El Projecte Ling\u00fcistic tamb\u00e9 regula el treball en llengua castellana&hellip;  <a href=\"https:\/\/agora.xtec.cat\/ceipginesta\/projecte-educatiu\/projecte-linguistic\/\" title=\"Read Projecte Ling\u00fc\u00edstic\">Llegeix m\u00e9s\u00bb<\/a><\/p>\n","protected":false},"author":1,"featured_media":0,"parent":64,"menu_order":4,"comment_status":"closed","ping_status":"closed","template":"page-templates\/side-menu.php","meta":{"_bbp_topic_count":0,"_bbp_reply_count":0,"_bbp_total_topic_count":0,"_bbp_total_reply_count":0,"_bbp_voice_count":0,"_bbp_anonymous_reply_count":0,"_bbp_topic_count_hidden":0,"_bbp_reply_count_hidden":0,"_bbp_forum_subforum_count":0,"footnotes":""},"class_list":["post-513","page","type-page","status-publish","hentry"],"post_mailing_queue_ids":[],"_links":{"self":[{"href":"https:\/\/agora.xtec.cat\/ceipginesta\/wp-json\/wp\/v2\/pages\/513","targetHints":{"allow":["GET"]}}],"collection":[{"href":"https:\/\/agora.xtec.cat\/ceipginesta\/wp-json\/wp\/v2\/pages"}],"about":[{"href":"https:\/\/agora.xtec.cat\/ceipginesta\/wp-json\/wp\/v2\/types\/page"}],"author":[{"embeddable":true,"href":"https:\/\/agora.xtec.cat\/ceipginesta\/wp-json\/wp\/v2\/users\/1"}],"replies":[{"embeddable":true,"href":"https:\/\/agora.xtec.cat\/ceipginesta\/wp-json\/wp\/v2\/comments?post=513"}],"version-history":[{"count":5,"href":"https:\/\/agora.xtec.cat\/ceipginesta\/wp-json\/wp\/v2\/pages\/513\/revisions"}],"predecessor-version":[{"id":9826,"href":"https:\/\/agora.xtec.cat\/ceipginesta\/wp-json\/wp\/v2\/pages\/513\/revisions\/9826"}],"up":[{"embeddable":true,"href":"https:\/\/agora.xtec.cat\/ceipginesta\/wp-json\/wp\/v2\/pages\/64"}],"wp:attachment":[{"href":"https:\/\/agora.xtec.cat\/ceipginesta\/wp-json\/wp\/v2\/media?parent=513"}],"curies":[{"name":"wp","href":"https:\/\/api.w.org\/{rel}","templated":true}]}}