{"id":10047,"date":"2025-07-11T09:26:09","date_gmt":"2025-07-11T07:26:09","guid":{"rendered":"https:\/\/agora.xtec.cat\/ceipginesta\/?page_id=10047"},"modified":"2025-07-11T10:01:05","modified_gmt":"2025-07-11T08:01:05","slug":"programa-steamcat","status":"publish","type":"page","link":"https:\/\/agora.xtec.cat\/ceipginesta\/serveis\/programa-steamcat\/","title":{"rendered":"Programa STEAMcat"},"content":{"rendered":"<p><a href=\"https:\/\/agora.xtec.cat\/ceipginesta\/wp-content\/uploads\/usu640\/2025\/07\/logobo.png\"><img loading=\"lazy\" decoding=\"async\" class=\" wp-image-10048 aligncenter\" src=\"https:\/\/agora.xtec.cat\/ceipginesta\/wp-content\/uploads\/usu640\/2025\/07\/logobo.png\" alt=\"\" width=\"288\" height=\"216\" srcset=\"https:\/\/agora.xtec.cat\/ceipginesta\/wp-content\/uploads\/usu640\/2025\/07\/logobo.png 960w, https:\/\/agora.xtec.cat\/ceipginesta\/wp-content\/uploads\/usu640\/2025\/07\/logobo-300x225.png 300w, https:\/\/agora.xtec.cat\/ceipginesta\/wp-content\/uploads\/usu640\/2025\/07\/logobo-768x576.png 768w, https:\/\/agora.xtec.cat\/ceipginesta\/wp-content\/uploads\/usu640\/2025\/07\/logobo-200x150.png 200w\" sizes=\"auto, (max-width: 288px) 100vw, 288px\" \/><\/a>L&#8217;escola ha estat seleccionat per participar al programa d&#8217;innovaci\u00f3 del Departament d&#8217;Educaci\u00f3 del per\u00edode 2024-2027, fruit de la proposta del projecte de direcci\u00f3 i d&#8217;acord amb les inquietuds pedag\u00f2giques del claustre. STEAM \u00e9s l&#8217;acr\u00f2nim de Science Technology Engineering Arts and Mathematics , i est\u00e0 plantejat per desenvolupar la consic\u00e8ncia dels infants cap a aquestes \u00e0rees de coneixement per afavorir compet\u00e8ncies transversals en la resoluci\u00f3 de reptes i experimentaci\u00f3, i estimular la participaci\u00f3 del g\u00e8nere femen\u00ed en aquestes \u00e0rees.<\/p>\n<p>A la nostra escola es promou a la franja d&#8217;ambients d&#8217;infantil i a la franja espec\u00edfica d&#8217;STEAM a prim\u00e0ria, amb tallers de rob\u00f2tica, audivisuals, Tinker i experimentaci\u00f3. Alhora, els projectes d&#8217;inquietuds de l&#8217;\u00e0rea de medi natural i medi social inclouen experiments adequats al context d&#8217;investigaci\u00f3.<\/p>\n<p>El programa d&#8217;innovaci\u00f3 educativa\u00a0\u200b <a title=\"STEAMcat\" href=\"https:\/\/projectes.xtec.cat\/steamcat\/\" target=\"_blank\" rel=\"noopener\"> <strong>STEAMcat<\/strong><\/a> incentiva la generaci\u00f3 de projectes de centre que suposin un canvi metodol\u00f2gic cap a l&#8217;aprenentatge transversal amb interacci\u00f3 amb l&#8217;entorn potenciant les \u00e0rees STEAM. L&#8217;orientaci\u00f3 educativa ha d&#8217;efectuar-se pels docents des de les diferents disciplines i estar integrada en el proc\u00e9s, considerant-se clau per la millora de la percepci\u00f3 social de les STEAM.<\/p>\n<h5><span style=\"color: #ff6600;\">Quina \u00e9s la seva \u200b\u200bfinalitat?<\/span><\/h5>\n<p>La finalitat \u00e9s <strong>generar i potenciar l&#8217;inter\u00e8s de l&#8217;alumnat d&#8217;Educaci\u00f3 Infantil i Prim\u00e0ria i d&#8217;Educaci\u00f3 Secund\u00e0ria Obligat\u00f2ria vers les ci\u00e8ncies, la tecnologia, l&#8217;enginyeria, les matem\u00e0tiques, i la creativitat en aquests \u00e0mbits a trav\u00e9s del disseny i l&#8217;art<\/strong>, i incrementar la pres\u00e8ncia de dones i de l&#8217;alumnat socialment desafavorit en els estudis i professions STEM. El Programa d&#8217;innovaci\u00f3 pedag\u00f2gica STEAMcat pret\u00e9n promoure l&#8217;equitat i la qualitat del sistema educatiu reflectida en la millora de les capacitats i compet\u00e8ncies de l&#8217;alumnat participant.<\/p>\n<h5><span style=\"color: #ff6600;\">Quines actuacions planteja pel centre i amb quins recursos comptem les escoles?<\/span><\/h5>\n<ul>\n<li>Orientaci\u00f3, assessorament i suport per al desenvolupament dels objectius i de les accions del programa .<\/li>\n<li>Formaci\u00f3 en centre i per a centres de la comunitat STEAMcat.<\/li>\n<li>Suport documental per a la gesti\u00f3 del programa.<\/li>\n<li>Suport a la difusi\u00f3 de les experi\u00e8ncies innovadores i de refer\u00e8ncia avaluades i consolidades a trav\u00e9s de jornades, fires, publicacions.<\/li>\n<li>Facilitar aliances amb agents externs potenciadors dels projectes.<\/li>\n<li>Creaci\u00f3 i dinamitzaci\u00f3 la comunitat de centres STEAMcat (xarxa).<\/li>\n<li>Altres recursos que es determinin: visites i estades en centres.\u00a0\u200b<\/li>\n<\/ul>\n<h5 class=\"pujar\"><span style=\"color: #ff6600;\">Quins objectius t\u00e9 el programa STEAMcat?<\/span><\/h5>\n<div>\n<ul>\n<li>Augmentar les vocacions cientificotecnol\u00f2giques i matem\u00e0tiques especialment en dones i contextos socials desafavorits.<\/li>\n<li>\u200bRefor\u00e7ar el proc\u00e9s d&#8217;orientaci\u00f3 de l&#8217;alumnat envers als estudis i professions de l&#8217;\u00e0mbit STEAM en termes d&#8217;equitat i en totes les etapes educatives.<\/li>\n<li>Millorar l&#8217;habilitat per entendre i interpretar un m\u00f3n cientificotecnol\u00f2gic i matem\u00e0tic.<\/li>\n<li>Millorar la percepci\u00f3 social de les \u00e0rees STEAM.<\/li>\n<li>Millorar l&#8217;actitud personal cap a l&#8217;aprenentatge de les \u00e0rees cientificot\u00e8cniques i matem\u00e0tiques, en el conjunt de l&#8217;alumnat des de l&#8217;educaci\u00f3 infantil fins a batxillerat.<\/li>\n<li>Incrementar l&#8217;aplicaci\u00f3 de metodologies d&#8217;aprenentatge transversal, generadores i vehiculars de coneixement compartit entre els diferents \u00e0mbits cient\u00edfic, tecnol\u00f2gic, art\u00edstic i matem\u00e0tic que fomentin el pensament cr\u00edtic i la creativitat.<\/li>\n<li>Promoure la creaci\u00f3 d&#8217;aliances entre els centres educatius, els agents de l&#8217;\u00e0mbit cientificotecnol\u00f2gic i l&#8217;entorn proper mitjan\u00e7ant la realitzaci\u00f3 d&#8217;activitats relacionades amb problemes socialment rellevants.<\/li>\n<li>\u200bCompartir la investigaci\u00f3 com a docents i la pr\u00e0ctica reflexiva entre els membres de la comunitat STEAMcat.<\/li>\n<\/ul>\n<\/div>\n","protected":false},"excerpt":{"rendered":"<p><a href=\"https:\/\/agora.xtec.cat\/ceipginesta\/wp-content\/uploads\/usu640\/2025\/07\/logobo.png\"><\/a>L&#8217;escola ha estat seleccionat per participar al programa d&#8217;innovaci\u00f3 del Departament d&#8217;Educaci\u00f3 del per\u00edode 2024-2027, fruit de la proposta del projecte de direcci\u00f3 i d&#8217;acord amb les inquietuds pedag\u00f2giques del claustre. STEAM \u00e9s l&#8217;acr\u00f2nim de Science Technology Engineering Arts and Mathematics , i est\u00e0&hellip;  <a href=\"https:\/\/agora.xtec.cat\/ceipginesta\/serveis\/programa-steamcat\/\" title=\"Read Programa STEAMcat\">Llegeix m\u00e9s\u00bb<\/a><\/p>\n","protected":false},"author":1,"featured_media":0,"parent":66,"menu_order":0,"comment_status":"closed","ping_status":"closed","template":"page-templates\/side-menu.php","meta":{"_bbp_topic_count":0,"_bbp_reply_count":0,"_bbp_total_topic_count":0,"_bbp_total_reply_count":0,"_bbp_voice_count":0,"_bbp_anonymous_reply_count":0,"_bbp_topic_count_hidden":0,"_bbp_reply_count_hidden":0,"_bbp_forum_subforum_count":0,"footnotes":""},"class_list":["post-10047","page","type-page","status-publish","hentry"],"post_mailing_queue_ids":[],"_links":{"self":[{"href":"https:\/\/agora.xtec.cat\/ceipginesta\/wp-json\/wp\/v2\/pages\/10047","targetHints":{"allow":["GET"]}}],"collection":[{"href":"https:\/\/agora.xtec.cat\/ceipginesta\/wp-json\/wp\/v2\/pages"}],"about":[{"href":"https:\/\/agora.xtec.cat\/ceipginesta\/wp-json\/wp\/v2\/types\/page"}],"author":[{"embeddable":true,"href":"https:\/\/agora.xtec.cat\/ceipginesta\/wp-json\/wp\/v2\/users\/1"}],"replies":[{"embeddable":true,"href":"https:\/\/agora.xtec.cat\/ceipginesta\/wp-json\/wp\/v2\/comments?post=10047"}],"version-history":[{"count":3,"href":"https:\/\/agora.xtec.cat\/ceipginesta\/wp-json\/wp\/v2\/pages\/10047\/revisions"}],"predecessor-version":[{"id":10051,"href":"https:\/\/agora.xtec.cat\/ceipginesta\/wp-json\/wp\/v2\/pages\/10047\/revisions\/10051"}],"up":[{"embeddable":true,"href":"https:\/\/agora.xtec.cat\/ceipginesta\/wp-json\/wp\/v2\/pages\/66"}],"wp:attachment":[{"href":"https:\/\/agora.xtec.cat\/ceipginesta\/wp-json\/wp\/v2\/media?parent=10047"}],"curies":[{"name":"wp","href":"https:\/\/api.w.org\/{rel}","templated":true}]}}