{"id":10044,"date":"2025-07-10T14:21:45","date_gmt":"2025-07-10T12:21:45","guid":{"rendered":"https:\/\/agora.xtec.cat\/ceipginesta\/?page_id=10044"},"modified":"2025-07-10T14:21:56","modified_gmt":"2025-07-10T12:21:56","slug":"recooperem-al-menjador","status":"publish","type":"page","link":"https:\/\/agora.xtec.cat\/ceipginesta\/serveis\/recooperem-al-menjador\/","title":{"rendered":"&#8220;Recooperem&#8221; al menjador"},"content":{"rendered":"<p><a href=\"https:\/\/agora.xtec.cat\/ceipginesta\/wp-content\/uploads\/usu640\/2025\/07\/logo_recooperem_2021_hor_def-1-scaled-1.jpg\"><img loading=\"lazy\" decoding=\"async\" class=\"wp-image-10045 aligncenter\" src=\"https:\/\/agora.xtec.cat\/ceipginesta\/wp-content\/uploads\/usu640\/2025\/07\/logo_recooperem_2021_hor_def-1-scaled-1-1024x367.jpg\" alt=\"\" width=\"575\" height=\"206\" srcset=\"https:\/\/agora.xtec.cat\/ceipginesta\/wp-content\/uploads\/usu640\/2025\/07\/logo_recooperem_2021_hor_def-1-scaled-1-1024x367.jpg 1024w, https:\/\/agora.xtec.cat\/ceipginesta\/wp-content\/uploads\/usu640\/2025\/07\/logo_recooperem_2021_hor_def-1-scaled-1-300x107.jpg 300w, https:\/\/agora.xtec.cat\/ceipginesta\/wp-content\/uploads\/usu640\/2025\/07\/logo_recooperem_2021_hor_def-1-scaled-1-768x275.jpg 768w, https:\/\/agora.xtec.cat\/ceipginesta\/wp-content\/uploads\/usu640\/2025\/07\/logo_recooperem_2021_hor_def-1-scaled-1-1536x550.jpg 1536w, https:\/\/agora.xtec.cat\/ceipginesta\/wp-content\/uploads\/usu640\/2025\/07\/logo_recooperem_2021_hor_def-1-scaled-1-2048x734.jpg 2048w\" sizes=\"auto, (max-width: 575px) 100vw, 575px\" \/><\/a>Recooperem \u00e9s un projecte del Consell Comarcal del Vall\u00e8s Occidental per reduir el malbaratament alimentari, especialment en l&#8217;\u00e0mbit escolar, aprofitar l&#8217;excedent de menjar i distribuir-los en entitats del tercer sector del territori perqu\u00e8 siguin aprofitat per persones en situaci\u00f3 de vulnerabilitat social.<\/p>\n<p>A la nostra escola es gestiona per part de les cuineres del servei de menjador, que s&#8217;encarreguen de controlar, envasar i emmagatzemar en congeladors l&#8217;excedent de menjar del servei de cada dia.<\/p>\n<h4 id=\"que-es-el-recooperem\" class=\"wp-block-heading sinmargensuperior\">Qu\u00e8 \u00e9s el Recooperem?<\/h4>\n<p>\u00c9s un projecte que t\u00e9 per objectius:<\/p>\n<ul class=\"wp-block-list\">\n<li>Reduir el malbaratament alimentari, especialment en l\u2019\u00e0mbit escolar.<\/li>\n<li>Donar suport als projectes en favor de la inclusi\u00f3 social dels municipis de la comarca col\u00b7lectius de risc social o econ\u00f2mic.<\/li>\n<li>Reduir l\u2019impacte mediambiental general al llarg de la cadena de producci\u00f3 i consum dels aliments.<\/li>\n<li>Afavorir la col\u00b7laboraci\u00f3 entre diferents agents socials de la comarca.<\/li>\n<li>Generar circuits locals de distribuci\u00f3 d\u2019aliments.<\/li>\n<li>Fomentar l\u2019economia circular.<\/li>\n<\/ul>\n<h4 id=\"com-funciona\" class=\"wp-block-heading\">Com funciona?<\/h4>\n<p>S\u2019aprofita l\u2019excedent d\u2019\u00e0pats preparats i cuinats per les empreses de restauraci\u00f3 dels centres col\u00b7laboradors (escoles, empreses i hospitals) per redistribuir-los entre la ciutadania, especialment entre les persones que es troben en situaci\u00f3 de vulnerabilitat social o altres. Aquesta recuperaci\u00f3 d\u2019aliments es realitza mitjan\u00e7ant un proc\u00e9s de envasat, etiquetat i congelaci\u00f3 dels \u00e0pats.<\/p>\n<p>El projecte es gestiona amb una plataforma inform\u00e0tica que permet recollir les dades de tra\u00e7abilitat dels aliments des del centre de producci\u00f3 fins a la seva distribuci\u00f3 i consum final. Incorpora noves tecnologies als centres d\u2019aprofitament i entitats participants (tauletes i impressores d\u2019etiquetes t\u00e8rmiques) creant un circuit digital per a la recollida de la informaci\u00f3, control, seguiment i avaluaci\u00f3 de tot el proc\u00e9s.<\/p>\n","protected":false},"excerpt":{"rendered":"<p><a href=\"https:\/\/agora.xtec.cat\/ceipginesta\/wp-content\/uploads\/usu640\/2025\/07\/logo_recooperem_2021_hor_def-1-scaled-1.jpg\"><\/a>Recooperem \u00e9s un projecte del Consell Comarcal del Vall\u00e8s Occidental per reduir el malbaratament alimentari, especialment en l&#8217;\u00e0mbit escolar, aprofitar l&#8217;excedent de menjar i distribuir-los en entitats del tercer sector del territori perqu\u00e8 siguin aprofitat per persones en situaci\u00f3 de vulnerabilitat social.<br \/>\nA la nostra&hellip;  <a href=\"https:\/\/agora.xtec.cat\/ceipginesta\/serveis\/recooperem-al-menjador\/\" title=\"Read &#8220;Recooperem&#8221; al menjador\">Llegeix m\u00e9s\u00bb<\/a><\/p>\n","protected":false},"author":1,"featured_media":0,"parent":66,"menu_order":0,"comment_status":"closed","ping_status":"closed","template":"page-templates\/side-menu.php","meta":{"_bbp_topic_count":0,"_bbp_reply_count":0,"_bbp_total_topic_count":0,"_bbp_total_reply_count":0,"_bbp_voice_count":0,"_bbp_anonymous_reply_count":0,"_bbp_topic_count_hidden":0,"_bbp_reply_count_hidden":0,"_bbp_forum_subforum_count":0,"footnotes":""},"class_list":["post-10044","page","type-page","status-publish","hentry"],"post_mailing_queue_ids":[],"_links":{"self":[{"href":"https:\/\/agora.xtec.cat\/ceipginesta\/wp-json\/wp\/v2\/pages\/10044","targetHints":{"allow":["GET"]}}],"collection":[{"href":"https:\/\/agora.xtec.cat\/ceipginesta\/wp-json\/wp\/v2\/pages"}],"about":[{"href":"https:\/\/agora.xtec.cat\/ceipginesta\/wp-json\/wp\/v2\/types\/page"}],"author":[{"embeddable":true,"href":"https:\/\/agora.xtec.cat\/ceipginesta\/wp-json\/wp\/v2\/users\/1"}],"replies":[{"embeddable":true,"href":"https:\/\/agora.xtec.cat\/ceipginesta\/wp-json\/wp\/v2\/comments?post=10044"}],"version-history":[{"count":2,"href":"https:\/\/agora.xtec.cat\/ceipginesta\/wp-json\/wp\/v2\/pages\/10044\/revisions"}],"predecessor-version":[{"id":10055,"href":"https:\/\/agora.xtec.cat\/ceipginesta\/wp-json\/wp\/v2\/pages\/10044\/revisions\/10055"}],"up":[{"embeddable":true,"href":"https:\/\/agora.xtec.cat\/ceipginesta\/wp-json\/wp\/v2\/pages\/66"}],"wp:attachment":[{"href":"https:\/\/agora.xtec.cat\/ceipginesta\/wp-json\/wp\/v2\/media?parent=10044"}],"curies":[{"name":"wp","href":"https:\/\/api.w.org\/{rel}","templated":true}]}}